{"id":65,"date":"2013-12-06T12:23:58","date_gmt":"2013-12-06T12:23:58","guid":{"rendered":"https:\/\/sites.ifi.unicamp.br\/modelo\/?page_id=26"},"modified":"2014-01-28T18:46:11","modified_gmt":"2014-01-28T18:46:11","slug":"research","status":"publish","type":"page","link":"https:\/\/sites.ifi.unicamp.br\/aantone\/research\/","title":{"rendered":"Pesquisa"},"content":{"rendered":"<p><\/p>\n<div>\n<div><b>2013 &#8211; Atual<\/b><\/div>\n<\/div>\n<div>\n<div>Centro de Engenharia e Ci\u00eancias Computacionais &#8211; CECC<\/div>\n<\/div>\n<div>\n<div><b>\u00a0<\/b><\/div>\n<\/div>\n<div>\n<div>Descri\u00e7\u00e3o: Programas de Inova\u00e7\u00e3o Tecnol\u00f3gica \/ CEPID da FAPESP.<br \/>\nSitua\u00e7\u00e3o: Em andamento; Natureza: Pesquisa.Integrantes: Alex Antonelli &#8211; Coordenador \/ Maurice de Koning &#8211; Integrante \/ Munir Salom\u00e3o Skaff &#8211; Integrante \/ Douglas Soares Galv\u00e3o &#8211; Integrante \/ Claudia Bauzer Medeiros &#8211; Integrante \/ Vera Solferini &#8211; Integrante.<br \/>\nFinanciador(es): Universidade Estadual de Campinas &#8211; Aux\u00edlio financeiro.<\/p>\n<\/div>\n<\/div>\n<p><a tabindex=\"86\" name=\"PP_Computational Nanoscience for Energy Materials:  Hydrogen storage and production and Ethanol catalysis through metallic nanoalloys\"><\/a><\/p>\n<div>\n<div><b>2011 &#8211; 2013<\/b><\/div>\n<\/div>\n<div>\n<div>Computational Nanoscience for Energy Materials: Hydrogen storage and production and Ethanol catalysis through metallic nanoalloys<\/div>\n<\/div>\n<div>\n<div><b>\u00a0<\/b><\/div>\n<\/div>\n<div>\n<div>Descri\u00e7\u00e3o: Projeto de Colabora\u00e7\u00e3o Cient\u00edfica UNICAMP-KIng&#8217;s College of London.<br \/>\nSitua\u00e7\u00e3o: Conclu\u00eddo; Natureza: Pesquisa.Integrantes: Alex Antonelli &#8211; Coordenador.<br \/>\nFinanciador(es): Funda\u00e7\u00e3o de Amparo \u00e0 Pesquisa do Estado de S\u00e3o Paulo &#8211; Aux\u00edlio financeiro.<\/p>\n<\/div>\n<\/div>\n<p><a tabindex=\"87\" name=\"PP_Projeto Tem\u00e1tico: Modelagem Computacional da Mat\u00e9ria Condensada: Uma Abordagem em M\u00faltiplas Escalas\"><\/a><\/p>\n<div>\n<div><b>2011 &#8211; Atual<\/b><\/div>\n<\/div>\n<div>\n<div>Projeto Tem\u00e1tico: Modelagem Computacional da Mat\u00e9ria Condensada: Uma Abordagem em M\u00faltiplas Escalas<\/div>\n<\/div>\n<div>\n<div><b>\u00a0<\/b><\/div>\n<\/div>\n<div>\n<div>Situa\u00e7\u00e3o: Em andamento; Natureza: Pesquisa.<br \/>\nAlunos envolvidos: Mestrado acad\u00eamico: (6) Doutorado: (9) .Integrantes: Alex Antonelli &#8211; Coordenador \/ Caetano Rodrigues Miranda &#8211; Integrante \/ Maurice de Koning &#8211; Integrante \/ Edison Zacarias da Silva &#8211; Integrante.<br \/>\nFinanciador(es): Funda\u00e7\u00e3o de Amparo \u00e0 Pesquisa do Estado de S\u00e3o Paulo &#8211; Aux\u00edlio financeiro.<br \/>\nN\u00famero de produ\u00e7\u00f5es C, T &amp; A: 2 \/ N\u00famero de orienta\u00e7\u00f5es: 1<\/p>\n<\/div>\n<\/div>\n<p><a tabindex=\"88\" name=\"PP_Simula\u00e7\u00e3o e Modelagem de Nanoestruturas e Materiais Complexos\"><\/a><\/p>\n<div>\n<div><b>2010 &#8211; 2010<\/b><\/div>\n<\/div>\n<div>\n<div>Simula\u00e7\u00e3o e Modelagem de Nanoestruturas e Materiais Complexos<\/div>\n<\/div>\n<div>\n<div><b>\u00a0<\/b><\/div>\n<\/div>\n<div>\n<div>Descri\u00e7\u00e3o: Projeto Tem\u00e1tico da FAPESP.<br \/>\nSitua\u00e7\u00e3o: Conclu\u00eddo; Natureza: Pesquisa.Integrantes: Alex Antonelli &#8211; Coordenador \/ Edison Zacarias da Silva &#8211; Integrante \/ Adalberto Fazzio &#8211; Integrante \/ Antonio Jos\u00e9 Roque da Silva &#8211; Integrante.<br \/>\nFinanciador(es): Funda\u00e7\u00e3o de Amparo \u00e0 Pesquisa do Estado de S\u00e3o Paulo &#8211; Aux\u00edlio financeiro.<\/p>\n<\/div>\n<\/div>\n<p><a tabindex=\"89\" name=\"PP_Simula\u00e7\u00e3o Computacional de Materiais Complexos e Nano-estruturados\"><\/a><\/p>\n<div>\n<div><b>2008 &#8211; 2010<\/b><\/div>\n<\/div>\n<div>\n<div>Simula\u00e7\u00e3o Computacional de Materiais Complexos e Nano-estruturados<\/div>\n<\/div>\n<div>\n<div><b>\u00a0<\/b><\/div>\n<\/div>\n<div>\n<div>Descri\u00e7\u00e3o: Projeto Edital Universal CNPq.<br \/>\nSitua\u00e7\u00e3o: Conclu\u00eddo; Natureza: Pesquisa.Integrantes: Alex Antonelli &#8211; Coordenador \/ Edison Zacarias da Silva &#8211; Integrante \/ Maurice de Koning &#8211; Integrante.<br \/>\nFinanciador(es): Conselho Nacional de Desenvolvimento Cient\u00edfico e Tecnol\u00f3gico &#8211; Aux\u00edlio financeiro.<\/p>\n<\/div>\n<\/div>\n<p><a tabindex=\"90\" name=\"PP_Simula\u00e7\u00e3o Computacional de Materiais Nanoestruturados\"><\/a><\/p>\n<div>\n<div><b>2002 &#8211; 2006<\/b><\/div>\n<\/div>\n<div>\n<div>Simula\u00e7\u00e3o Computacional de Materiais Nanoestruturados<\/div>\n<\/div>\n<div>\n<div><b>\u00a0<\/b><\/div>\n<\/div>\n<div>\n<div>Descri\u00e7\u00e3o: Projeto Tem\u00e1tico da FAPESP.<br \/>\nSitua\u00e7\u00e3o: Conclu\u00eddo; Natureza: Pesquisa.Integrantes: Alex Antonelli &#8211; Integrante \/ Antonio Jose Roque da Silva &#8211; Integrante \/ Edison Zacarias da Silva &#8211; Integrante \/ Adalberto Fazzio &#8211; Coordenador.<br \/>\nFinanciador(es): Funda\u00e7\u00e3o de Amparo \u00e0 Pesquisa do Estado de S\u00e3o Paulo &#8211; Aux\u00edlio financeiro.<\/p>\n<\/div>\n<\/div>\n<p><\/p>","protected":false},"excerpt":{"rendered":"<p>2013 &#8211; Atual Centro de Engenharia e Ci\u00eancias Computacionais &#8211; CECC \u00a0 Descri\u00e7\u00e3o: Programas de Inova\u00e7\u00e3o Tecnol\u00f3gica \/ CEPID da FAPESP. Situa\u00e7\u00e3o: Em andamento; Natureza: Pesquisa.Integrantes: Alex Antonelli &#8211; Coordenador \/ Maurice de Koning &#8211; Integrante \/ Munir Salom\u00e3o Skaff &#8211; Integrante \/ Douglas Soares Galv\u00e3o &#8211; Integrante \/ Claudia Bauzer Medeiros &#8211; Integrante \/ &hellip; <\/p>\n<p><a class=\"more-link btn\" href=\"https:\/\/sites.ifi.unicamp.br\/aantone\/research\/\">Continue lendo<\/a><\/p>\n","protected":false},"author":1,"featured_media":0,"parent":0,"menu_order":1,"comment_status":"closed","ping_status":"closed","template":"","meta":{"ngg_post_thumbnail":0,"footnotes":""},"class_list":["post-65","page","type-page","status-publish","hentry","nodate","item-wrap"],"_links":{"self":[{"href":"https:\/\/sites.ifi.unicamp.br\/aantone\/wp-json\/wp\/v2\/pages\/65","targetHints":{"allow":["GET"]}}],"collection":[{"href":"https:\/\/sites.ifi.unicamp.br\/aantone\/wp-json\/wp\/v2\/pages"}],"about":[{"href":"https:\/\/sites.ifi.unicamp.br\/aantone\/wp-json\/wp\/v2\/types\/page"}],"author":[{"embeddable":true,"href":"https:\/\/sites.ifi.unicamp.br\/aantone\/wp-json\/wp\/v2\/users\/1"}],"replies":[{"embeddable":true,"href":"https:\/\/sites.ifi.unicamp.br\/aantone\/wp-json\/wp\/v2\/comments?post=65"}],"version-history":[{"count":5,"href":"https:\/\/sites.ifi.unicamp.br\/aantone\/wp-json\/wp\/v2\/pages\/65\/revisions"}],"predecessor-version":[{"id":161,"href":"https:\/\/sites.ifi.unicamp.br\/aantone\/wp-json\/wp\/v2\/pages\/65\/revisions\/161"}],"wp:attachment":[{"href":"https:\/\/sites.ifi.unicamp.br\/aantone\/wp-json\/wp\/v2\/media?parent=65"}],"curies":[{"name":"wp","href":"https:\/\/api.w.org\/{rel}","templated":true}]}}