{"id":95,"date":"2014-01-06T16:08:16","date_gmt":"2014-01-06T16:08:16","guid":{"rendered":"https:\/\/sites.ifi.unicamp.br\/modelodocente\/?page_id=77"},"modified":"2023-11-05T14:45:43","modified_gmt":"2023-11-05T14:45:43","slug":"quem-sou","status":"publish","type":"page","link":"https:\/\/sites.ifi.unicamp.br\/aguiar\/","title":{"rendered":"Quem sou"},"content":{"rendered":"<p><img loading=\"lazy\" decoding=\"async\" class=\"alignleft size-full wp-image-118\" src=\"https:\/\/sites.ifi.unicamp.br\/aguiar\/files\/2014\/01\/aguiar.jpg\" alt=\"aguiar\" width=\"200\" height=\"188\"><\/p>\n<p><span lang=\"PT-BR\">Fiz minha gradua\u00e7\u00e3o em F\u00edsica na USP de S\u00e3o Paulo, onde tamb\u00e9m fiz o mestrado e o doutorado. Ap\u00f3s um est\u00e1gio de p\u00f3s-doutorado no MIT entre 1987 e 1989 fui contratado na <a href=\"http:\/\/www.unicamp.br\/unicamp\/\">Unicamp<\/a>, onde atualmente sou professor titular do&nbsp; <a href=\"http:\/\/portal.ifi.unicamp.br\/\">Instituto de F\u00edsica<\/a>. Nos \u00faltimos anos tenho me dedicado ao estudo de din\u00e2mica de popula\u00e7\u00f5es em diferentes contextos. Alguns de meus principais trabalhos nessa \u00e1rea foram desenvolvidos com simula\u00e7\u00f5es baseadas em indiv\u00edduos, focando em processos de especia\u00e7\u00e3o e sua rela\u00e7\u00e3o com o espa\u00e7o f\u00edsico. Em particular, buscamos compreender o papel de barreiras geogr\u00e1ficas parciais e da sele\u00e7\u00e3o natural na especia\u00e7\u00e3o. Aplicamos esses modelos ao estudo de esp\u00e9cies em anel, onde pudemos comparar diretamente os resultados de nossas simula\u00e7\u00f5es com dados emp\u00edricos. <\/span><\/p>\n<p><span lang=\"PT-BR\"><br \/>\n<\/span>Paralelamente ao trabalho em biologia evolutiva, tamb\u00e9m tenho interesse em caos e sistemas complexos, incluindo t\u00f3picos em mec\u00e2nica estat\u00edstica e teoria de redes.&nbsp; Recentemente temos trabalhado com modelos de Kuramoto multidimensionais, trocando a constante de acoplamento por uma matriz de acoplamento. Esse tipo de altera\u00e7\u00e3o quebra a simetria de rota\u00e7\u00e3o do sistema e generaliza o modelo de frustra\u00e7\u00e3o introduzido por Kuramoto e Sakaguchi.<\/p>\n<p>E-mail: aguiar@ifi.unicamp.br<\/p>\n<p><a href=\"http:\/\/buscatextual.cnpq.br\/buscatextual\/visualizacv.do?metodo=apresentar&amp;id=K4787958H9\" target=\"_blank\" rel=\"noopener noreferrer\">Curr\u00edculo Lattes<\/a>&nbsp;&nbsp;&nbsp;&nbsp;&nbsp; <a href=\"https:\/\/scholar.google.com.br\/citations?user=2nLZ2h8AAAAJ&amp;hl=en\">Google Scholar&nbsp;<\/a>&nbsp;&nbsp;&nbsp;&nbsp; <a href=\"https:\/\/publons.com\/researcher\/2742089\/marcus-a-m-de-aguiar\/\">ResearcherID&nbsp;<\/a> &nbsp;&nbsp; <a href=\"https:\/\/orcid.org\/0000-0003-1379-7568\">ORCID<\/a><\/p>\n<p>&nbsp;<\/p>\n<p>&nbsp;<\/p>\n<p>&nbsp;<\/p>","protected":false},"excerpt":{"rendered":"<p>Fiz minha gradua\u00e7\u00e3o em F\u00edsica na USP de S\u00e3o Paulo, onde tamb\u00e9m fiz o mestrado e o doutorado. Ap\u00f3s um est\u00e1gio de p\u00f3s-doutorado no MIT entre 1987 e 1989 fui contratado na Unicamp, onde atualmente sou professor titular do&nbsp; Instituto de F\u00edsica. Nos \u00faltimos anos tenho me dedicado ao estudo de din\u00e2mica de popula\u00e7\u00f5es em &hellip; <\/p>\n<p><a class=\"more-link btn\" href=\"https:\/\/sites.ifi.unicamp.br\/aguiar\/\">Continue lendo<\/a><\/p>\n","protected":false},"author":85,"featured_media":0,"parent":0,"menu_order":0,"comment_status":"closed","ping_status":"closed","template":"","meta":{"ngg_post_thumbnail":0,"footnotes":""},"class_list":["post-95","page","type-page","status-publish","hentry","nodate","item-wrap"],"_links":{"self":[{"href":"https:\/\/sites.ifi.unicamp.br\/aguiar\/wp-json\/wp\/v2\/pages\/95","targetHints":{"allow":["GET"]}}],"collection":[{"href":"https:\/\/sites.ifi.unicamp.br\/aguiar\/wp-json\/wp\/v2\/pages"}],"about":[{"href":"https:\/\/sites.ifi.unicamp.br\/aguiar\/wp-json\/wp\/v2\/types\/page"}],"author":[{"embeddable":true,"href":"https:\/\/sites.ifi.unicamp.br\/aguiar\/wp-json\/wp\/v2\/users\/85"}],"replies":[{"embeddable":true,"href":"https:\/\/sites.ifi.unicamp.br\/aguiar\/wp-json\/wp\/v2\/comments?post=95"}],"version-history":[{"count":74,"href":"https:\/\/sites.ifi.unicamp.br\/aguiar\/wp-json\/wp\/v2\/pages\/95\/revisions"}],"predecessor-version":[{"id":2965,"href":"https:\/\/sites.ifi.unicamp.br\/aguiar\/wp-json\/wp\/v2\/pages\/95\/revisions\/2965"}],"wp:attachment":[{"href":"https:\/\/sites.ifi.unicamp.br\/aguiar\/wp-json\/wp\/v2\/media?parent=95"}],"curies":[{"name":"wp","href":"https:\/\/api.w.org\/{rel}","templated":true}]}}