{"id":91,"date":"2013-12-09T18:18:30","date_gmt":"2013-12-09T18:18:30","guid":{"rendered":"https:\/\/sites.ifi.unicamp.br\/padrao\/?page_id=65"},"modified":"2015-04-06T22:55:12","modified_gmt":"2015-04-06T22:55:12","slug":"links","status":"publish","type":"page","link":"https:\/\/sites.ifi.unicamp.br\/autretos\/links\/","title":{"rendered":"Links"},"content":{"rendered":"<p><\/p>\n<h2>Cap\u00edtulo 2 &#8211; Mec\u00e2nica Qu\u00e2ntica\u00a0&#8211; Aplicativos Java<\/h2>\n<div>\n<div>\n<div id=\"sites-toc-undefined\">\n<div>\n<ul>\n<li>\n<div dir=\"ltr\">\n<p><a href=\"https:\/\/sites.google.com\/site\/f107fisicaparaabiologia\/textos\/capitulo-9---nucleo-atomico-radioatividade-datacao-efeitos-biologicos-da-radiacao-radiodiagnostico-e-radioterapia\/capitulo-9-a---topicos-em-mecanica-quantica\"><span style=\"color: #000000\">Cap\u00edtulo 9A &#8211; T\u00f3picos em Mec\u00e2nica Qu\u00e2ntica<\/span><\/a><\/p>\n<\/div>\n<ul>\n<li>\n<div dir=\"ltr\"><a href=\"https:\/\/sites.google.com\/site\/f107fisicaparaabiologia\/textos\/capitulo-9---nucleo-atomico-radioatividade-datacao-efeitos-biologicos-da-radiacao-radiodiagnostico-e-radioterapia\/capitulo-9-a---topicos-em-mecanica-quantica\/aplicativo-java-para-o-estudo-de-efeito-fotoeletrico\">Aplicativo Java para o estudo de Efeito Fotoel\u00e9trico<\/a><\/div>\n<\/li>\n<\/ul>\n<\/li>\n<li>\n<div dir=\"ltr\">\n<p><a href=\"https:\/\/sites.google.com\/site\/f107fisicaparaabiologia\/textos\/capitulo-9---nucleo-atomico-radioatividade-datacao-efeitos-biologicos-da-radiacao-radiodiagnostico-e-radioterapia\/capitulo-9b---nucleo-atomico\"><span style=\"color: #000000\">Cap\u00edtulo 9B &#8211; N\u00facleo At\u00f4mico<\/span><\/a><\/p>\n<\/div>\n<ul>\n<li>\n<div dir=\"ltr\"><a href=\"https:\/\/sites.google.com\/site\/f107fisicaparaabiologia\/textos\/capitulo-9---nucleo-atomico-radioatividade-datacao-efeitos-biologicos-da-radiacao-radiodiagnostico-e-radioterapia\/capitulo-9b---nucleo-atomico\/aplicativo-java-com-modelos-para-o-atomo-de-hidrogenio\">Aplicativo Java com modelos para o \u00e1tomo de hidrog\u00eanio<\/a><\/div>\n<\/li>\n<li><a href=\"http:\/\/phet.colorado.edu\/en\/simulation\/rutherford-scattering\" target=\"_blank\">Aplicativo Java para espalhamento em experimento de Rutherford<\/a><\/li>\n<li>\n<div dir=\"ltr\"><a href=\"https:\/\/sites.google.com\/site\/f107fisicaparaabiologia\/textos\/capitulo-9---nucleo-atomico-radioatividade-datacao-efeitos-biologicos-da-radiacao-radiodiagnostico-e-radioterapia\/capitulo-9b---nucleo-atomico\/aplicativo-java-sobre-lasers\">Aplicativo Java sobre lasers<\/a><\/div>\n<\/li>\n<\/ul>\n<\/li>\n<\/ul>\n<\/div>\n<\/div>\n<\/div>\n<p><span style=\"color: #000000\"><b><b><span style=\"font-size: large\"><br \/>\n<\/span><\/b><\/b><\/span><\/p>\n<\/div>\n<div><span style=\"color: #000000\"><span style=\"font-family: arial, Verdana, Arial, Helvetica, sans-serif;font-size: large\"><br \/>\n<\/span><span style=\"font-family: arial, Verdana, Arial, Helvetica, sans-serif;font-size: large\"><br \/>\n<\/span><\/span><\/div>\n<div><\/div>\n<p><\/p>\n<!-- AddThis Advanced Settings generic via filter on the_content --><!-- AddThis Share Buttons generic via filter on the_content -->","protected":false},"excerpt":{"rendered":"<p>Cap\u00edtulo 2 &#8211; Mec\u00e2nica Qu\u00e2ntica\u00a0&#8211; Aplicativos Java Cap\u00edtulo 9A &#8211; T\u00f3picos em Mec\u00e2nica Qu\u00e2ntica Aplicativo Java para o estudo de Efeito Fotoel\u00e9trico Cap\u00edtulo 9B &#8211; N\u00facleo At\u00f4mico Aplicativo Java com modelos para o \u00e1tomo de hidrog\u00eanio Aplicativo Java para espalhamento em experimento de Rutherford Aplicativo Java sobre lasers<!-- AddThis Advanced Settings generic via filter on wp_trim_excerpt --><!-- AddThis Share Buttons generic via filter on wp_trim_excerpt --><\/p>\n","protected":false},"author":5,"featured_media":0,"parent":0,"menu_order":5,"comment_status":"open","ping_status":"open","template":"template-twocolumnsright.php","meta":{"ngg_post_thumbnail":0,"footnotes":""},"class_list":["post-91","page","type-page","status-publish","hentry","nodate","item-wrap"],"_links":{"self":[{"href":"https:\/\/sites.ifi.unicamp.br\/autretos\/wp-json\/wp\/v2\/pages\/91","targetHints":{"allow":["GET"]}}],"collection":[{"href":"https:\/\/sites.ifi.unicamp.br\/autretos\/wp-json\/wp\/v2\/pages"}],"about":[{"href":"https:\/\/sites.ifi.unicamp.br\/autretos\/wp-json\/wp\/v2\/types\/page"}],"author":[{"embeddable":true,"href":"https:\/\/sites.ifi.unicamp.br\/autretos\/wp-json\/wp\/v2\/users\/5"}],"replies":[{"embeddable":true,"href":"https:\/\/sites.ifi.unicamp.br\/autretos\/wp-json\/wp\/v2\/comments?post=91"}],"version-history":[{"count":10,"href":"https:\/\/sites.ifi.unicamp.br\/autretos\/wp-json\/wp\/v2\/pages\/91\/revisions"}],"predecessor-version":[{"id":492,"href":"https:\/\/sites.ifi.unicamp.br\/autretos\/wp-json\/wp\/v2\/pages\/91\/revisions\/492"}],"wp:attachment":[{"href":"https:\/\/sites.ifi.unicamp.br\/autretos\/wp-json\/wp\/v2\/media?parent=91"}],"curies":[{"name":"wp","href":"https:\/\/api.w.org\/{rel}","templated":true}]}}