{"id":90,"date":"2013-12-09T18:18:14","date_gmt":"2013-12-09T18:18:14","guid":{"rendered":"https:\/\/sites.ifi.unicamp.br\/padrao\/?page_id=63"},"modified":"2015-08-06T18:09:23","modified_gmt":"2015-08-06T18:09:23","slug":"grupo","status":"publish","type":"page","link":"https:\/\/sites.ifi.unicamp.br\/caldeira\/grupo\/","title":{"rendered":"Grupo"},"content":{"rendered":"<p>P\u00e1gina com informa\u00e7\u00f5es sobre o grupo de pesquisa<\/p>","protected":false},"excerpt":{"rendered":"<p>P\u00e1gina com informa\u00e7\u00f5es sobre o grupo de pesquisa<\/p>\n","protected":false},"author":148,"featured_media":0,"parent":0,"menu_order":4,"comment_status":"open","ping_status":"open","template":"","meta":{"ngg_post_thumbnail":0,"footnotes":""},"class_list":["post-90","page","type-page","status-publish","hentry","nodate","item-wrap"],"_links":{"self":[{"href":"https:\/\/sites.ifi.unicamp.br\/caldeira\/wp-json\/wp\/v2\/pages\/90","targetHints":{"allow":["GET"]}}],"collection":[{"href":"https:\/\/sites.ifi.unicamp.br\/caldeira\/wp-json\/wp\/v2\/pages"}],"about":[{"href":"https:\/\/sites.ifi.unicamp.br\/caldeira\/wp-json\/wp\/v2\/types\/page"}],"author":[{"embeddable":true,"href":"https:\/\/sites.ifi.unicamp.br\/caldeira\/wp-json\/wp\/v2\/users\/148"}],"replies":[{"embeddable":true,"href":"https:\/\/sites.ifi.unicamp.br\/caldeira\/wp-json\/wp\/v2\/comments?post=90"}],"version-history":[{"count":1,"href":"https:\/\/sites.ifi.unicamp.br\/caldeira\/wp-json\/wp\/v2\/pages\/90\/revisions"}],"predecessor-version":[{"id":122,"href":"https:\/\/sites.ifi.unicamp.br\/caldeira\/wp-json\/wp\/v2\/pages\/90\/revisions\/122"}],"wp:attachment":[{"href":"https:\/\/sites.ifi.unicamp.br\/caldeira\/wp-json\/wp\/v2\/media?parent=90"}],"curies":[{"name":"wp","href":"https:\/\/api.w.org\/{rel}","templated":true}]}}