{"id":96,"date":"2014-01-06T16:08:16","date_gmt":"2014-01-06T16:08:16","guid":{"rendered":"https:\/\/sites.ifi.unicamp.br\/modelodocente\/?page_id=77"},"modified":"2022-11-30T11:41:01","modified_gmt":"2022-11-30T14:41:01","slug":"quem-sou","status":"publish","type":"page","link":"https:\/\/sites.ifi.unicamp.br\/cdeneke\/quem-sou\/","title":{"rendered":"About"},"content":{"rendered":"<p><\/p>\n<table class=\" alignleft\" style=\"height: 342px;width: 181px\">\n<tbody>\n<tr>\n<td style=\"width: 180px\"><img decoding=\"async\" class=\"alignnone size-full wp-image-148\" src=\"https:\/\/sites.ifi.unicamp.br\/cdeneke\/files\/2014\/01\/2016-q1-nanoscientific-molecular-beam-1.jpg\" alt=\"\" width=\"140\" height=\"184\"><\/td>\n<\/tr>\n<tr>\n<td style=\"width: 180px;text-align: center\"><a href=\"https:\/\/www.webofscience.com\/wos\/author\/record\/538894\" target=\"_blank\" rel=\"noopener\"><span id=\"badgeCont449789\" style=\"width: 126px\">ResearchID<\/span><\/a><\/td>\n<\/tr>\n<tr>\n<td style=\"width: 180px;text-align: center\"><span style=\"color: #00ff00\">&nbsp;<a href=\"http:\/\/orcid.org\/0000-0002-8556-386X\" target=\"_blank\" rel=\"noopener noreferrer\"> <img decoding=\"async\" style=\"width: 1em;margin-right: .5em\" src=\"https:\/\/orcid.org\/sites\/default\/files\/images\/orcid_16x16.png\" alt=\"ORCID iD icon\"> ORCID<\/a><\/span><\/td>\n<\/tr>\n<tr>\n<td style=\"width: 180px\">\n<p style=\"text-align: center\">&nbsp;<a href=\"http:\/\/lattes.cnpq.br\/4679068868095356\" target=\"_blank\" rel=\"noopener\">CV Lattes<\/a><\/p>\n<\/td>\n<\/tr>\n<\/tbody>\n<\/table>\n<p>I am a Professor (Livre Docente) of the Institute for Physics &#8220;IFGW&#8221; at the University of Campinas and associated with the<a href=\"https:\/\/sites.ifi.unicamp.br\/lpcm\"> LPCM<\/a> (Laboratory for Material Preparation and Characterization) at the Applied Physics Department (DFA).&nbsp;<\/p>\n<p>I studied Material Science at the Technische Universit\u00e4t Darmstadt (Germany) finishing in 2000 with my final degree (Dipl.-Ing.).&nbsp; Afterwards, I moved to the Max-Planck-Institute for Solid State Research in Stuttgart (MPI-FKF) to work with the MBE group of the von Klitzing department. I received my PhD in Physics (Dr. rer. nat.) for my work on rolled-up nanotubes at the MPI-FKF from the Universit\u00e4t Stuttgart (2005).<\/p>\n<p>I stayed as a PostDoc with the MBE group at the MPI-FKF (2005-2007) still working with free-standing semiconductor nano-objects. In 2007, I was invited to join the IFW Dresden at the new founded Institute for Integrative Nanotechnology. During the time in Dresden (2007-2011), I established the semiconductor growth facilities as well as broadened my research interest towards other material systems. From May 2011 to April 2017, I was at the Laborat\u00f3rio Nacional de Nanotecnologia (LNNano) as head of the surface science group (Laborat\u00f3rio de Ci\u00eancia de Superf\u00edcies &#8211; LCS). There, I started to work&nbsp; with 2D materials like graphene and scanning probe microscopy techniques as well as established a semiconductor growth facility. In 2017, I moved as Professor to Unicamp becoming a member of the DFA to continue my work on advanced 2D materials (including semiconductor nanomembranes, rolled-up tubes and materials like graphene and TMDs ). In 2019, I did my habilitation (Livre Docente) at Unicamp using my work on freestanding semiconductor membranes as building block for nanotechnology.<\/p>\n<p><a href=\"https:\/\/sites.ifi.unicamp.br\/cdeneke\/pesquisa\/\">My research<\/a> focus on nanostructures evolving from semiconductor nanomembranes and 2D materials. I specialize in the fabrication of those systems having a long standing experience in growth techniques (MBE and CVD as well as sub-sequence lithography). Furthermore, I possess a large background in structural characterization (TEM, SEM, FIB, XRD) of semiconductor nanomembranes and flat layer systems (AFM, KPFM, XRD). I work with optical techniques to investigate the functionality of these nano-systems (PL, PLE and ss-SNOM). Recently, I started to emphasize more the modeling and simulation of nanostructures (k.p, FDTD and DFT) to complement the experimental methods.<\/p>\n<p>You can find detailed information on publication, projects and supervision (ongoing and finished) at the CV Lattes side: <a href=\"http:\/\/lattes.cnpq.br\/4679068868095356\">http:\/\/lattes.cnpq.br\/4679068868095356<\/a>.<\/p>\n<!-- AddThis Advanced Settings generic via filter on the_content --><!-- AddThis Share Buttons generic via filter on the_content -->","protected":false},"excerpt":{"rendered":"<p>ResearchID &nbsp; ORCID &nbsp;CV Lattes I am a Professor (Livre Docente) of the Institute for Physics &#8220;IFGW&#8221; at the University of Campinas and associated with the LPCM (Laboratory for Material Preparation and Characterization) at the Applied Physics Department (DFA).&nbsp; I studied Material Science at the Technische Universit\u00e4t Darmstadt (Germany) finishing in 2000 with my final &hellip; <\/p>\n<p><a class=\"more-link btn\" href=\"https:\/\/sites.ifi.unicamp.br\/cdeneke\/quem-sou\/\">Continue reading<\/a><!-- AddThis Advanced Settings generic via filter on get_the_excerpt --><!-- AddThis Share Buttons generic via filter on get_the_excerpt --><\/p>\n","protected":false},"author":7,"featured_media":0,"parent":0,"menu_order":0,"comment_status":"closed","ping_status":"closed","template":"","meta":{"ngg_post_thumbnail":0,"footnotes":""},"class_list":["post-96","page","type-page","status-publish","hentry","nodate","item-wrap"],"_links":{"self":[{"href":"https:\/\/sites.ifi.unicamp.br\/cdeneke\/wp-json\/wp\/v2\/pages\/96","targetHints":{"allow":["GET"]}}],"collection":[{"href":"https:\/\/sites.ifi.unicamp.br\/cdeneke\/wp-json\/wp\/v2\/pages"}],"about":[{"href":"https:\/\/sites.ifi.unicamp.br\/cdeneke\/wp-json\/wp\/v2\/types\/page"}],"author":[{"embeddable":true,"href":"https:\/\/sites.ifi.unicamp.br\/cdeneke\/wp-json\/wp\/v2\/users\/7"}],"replies":[{"embeddable":true,"href":"https:\/\/sites.ifi.unicamp.br\/cdeneke\/wp-json\/wp\/v2\/comments?post=96"}],"version-history":[{"count":29,"href":"https:\/\/sites.ifi.unicamp.br\/cdeneke\/wp-json\/wp\/v2\/pages\/96\/revisions"}],"predecessor-version":[{"id":488,"href":"https:\/\/sites.ifi.unicamp.br\/cdeneke\/wp-json\/wp\/v2\/pages\/96\/revisions\/488"}],"wp:attachment":[{"href":"https:\/\/sites.ifi.unicamp.br\/cdeneke\/wp-json\/wp\/v2\/media?parent=96"}],"curies":[{"name":"wp","href":"https:\/\/api.w.org\/{rel}","templated":true}]}}