{"id":85,"date":"2013-12-06T12:23:58","date_gmt":"2013-12-06T12:23:58","guid":{"rendered":"https:\/\/sites.ifi.unicamp.br\/modelo\/?page_id=26"},"modified":"2014-01-30T12:37:54","modified_gmt":"2014-01-30T12:37:54","slug":"pesquisa","status":"publish","type":"page","link":"https:\/\/sites.ifi.unicamp.br\/dekoning\/pesquisa\/","title":{"rendered":"Pesquisa"},"content":{"rendered":"<p><\/p>\n<div>\n<div><b>2011 &#8211; Atual<\/b><\/div>\n<\/div>\n<div>\n<div>Modelagem Computacional da Mat\u00e9ria Condensada: Uma Abordagem em M\u00faltiplas Escalas<\/div>\n<\/div>\n<div>\n<div><b>\u00a0<\/b><\/div>\n<\/div>\n<div>\n<div>Descri\u00e7\u00e3o: Projeto Tem\u00e1tico Fapesp.<br \/>\nSitua\u00e7\u00e3o: Em andamento; Natureza: Pesquisa.<\/p>\n<p>Integrantes: Maurice de Koning &#8211; Integrante \/ Edison Zacarias da Silva &#8211; Integrante \/ Alex Antonelli &#8211; Coordenador \/ Caetano Rodrigues Miranda &#8211; Integrante.<br \/>\nFinanciador(es): Funda\u00e7\u00e3o de Amparo \u00e0 Pesquisa do Estado de S\u00e3o Paulo &#8211; Outra.<\/p><\/div>\n<\/div>\n<p><a tabindex=\"89\" name=\"PP_Atualiza\u00e7\u00e3o do Cluster de Alto Desempenho do IFGW\"><\/a><\/p>\n<div>\n<div><b>2010 &#8211; 2012<\/b><\/div>\n<\/div>\n<div>\n<div>Atualiza\u00e7\u00e3o do Cluster de Alto Desempenho do IFGW<\/div>\n<\/div>\n<div>\n<div><b>\u00a0<\/b><\/div>\n<\/div>\n<div>\n<div>Descri\u00e7\u00e3o: Projeto Multi-usu\u00e1rio Fapesp no valor de US$ 450.000,00 para aquisi\u00e7\u00e3o de Cluster de Alto Desempenho, com 864 Cores Xeon 3.46 GHz e 3 Tb de mem\u00f3ria RAM.<br \/>\nSitua\u00e7\u00e3o: Conclu\u00eddo; Natureza: Pesquisa.<\/p>\n<p>Integrantes: Maurice de Koning &#8211; Coordenador \/ Marco Aur\u00e9lio P. Lima &#8211; Integrante \/ Jos\u00e9 Augusto Chinellato &#8211; Integrante.<br \/>\nFinanciador(es): Funda\u00e7\u00e3o de Amparo \u00e0 Pesquisa do Estado de S\u00e3o Paulo &#8211; Outra.<\/p><\/div>\n<\/div>\n<p><a tabindex=\"90\" name=\"PP_Modelagem Computacional da Mat\u00e9ria Condensada: Uma Abordagem em M\u00faltiplas Escalas\"><\/a><\/p>\n<div>\n<div><b>2010 &#8211; 2012<\/b><\/div>\n<\/div>\n<div>\n<div>Modelagem Computacional da Mat\u00e9ria Condensada: Uma Abordagem em M\u00faltiplas Escalas<\/div>\n<\/div>\n<div>\n<div><b>\u00a0<\/b><\/div>\n<\/div>\n<div>\n<div>Descri\u00e7\u00e3o: Edital MCT\/CNPq N \u00ba 14\/2010 &#8211; Universal \/ Edital MCT\/CNPq 14\/2010 &#8211; Universal &#8211; Faixa C &#8211; De R$ 50.000,01 a R$ 150.000,00.<br \/>\nSitua\u00e7\u00e3o: Conclu\u00eddo; Natureza: Pesquisa.<\/p>\n<p>Integrantes: Maurice de Koning &#8211; Coordenador \/ Edison Zacarias da Silva &#8211; Integrante \/ Alex Antonelli &#8211; Integrante.<br \/>\nFinanciador(es): Conselho Nacional de Desenvolvimento Cient\u00edfico e Tecnol\u00f3gico &#8211; Outra.<\/p><\/div>\n<\/div>\n<p><\/p>","protected":false},"excerpt":{"rendered":"<p>2011 &#8211; Atual Modelagem Computacional da Mat\u00e9ria Condensada: Uma Abordagem em M\u00faltiplas Escalas \u00a0 Descri\u00e7\u00e3o: Projeto Tem\u00e1tico Fapesp. Situa\u00e7\u00e3o: Em andamento; Natureza: Pesquisa. Integrantes: Maurice de Koning &#8211; Integrante \/ Edison Zacarias da Silva &#8211; Integrante \/ Alex Antonelli &#8211; Coordenador \/ Caetano Rodrigues Miranda &#8211; Integrante. Financiador(es): Funda\u00e7\u00e3o de Amparo \u00e0 Pesquisa do Estado &hellip; <\/p>\n<p><a class=\"more-link btn\" href=\"https:\/\/sites.ifi.unicamp.br\/dekoning\/pesquisa\/\">Continue lendo<\/a><\/p>\n","protected":false},"author":22,"featured_media":0,"parent":0,"menu_order":1,"comment_status":"closed","ping_status":"closed","template":"","meta":{"ngg_post_thumbnail":0,"footnotes":""},"class_list":["post-85","page","type-page","status-publish","hentry","nodate","item-wrap"],"_links":{"self":[{"href":"https:\/\/sites.ifi.unicamp.br\/dekoning\/wp-json\/wp\/v2\/pages\/85","targetHints":{"allow":["GET"]}}],"collection":[{"href":"https:\/\/sites.ifi.unicamp.br\/dekoning\/wp-json\/wp\/v2\/pages"}],"about":[{"href":"https:\/\/sites.ifi.unicamp.br\/dekoning\/wp-json\/wp\/v2\/types\/page"}],"author":[{"embeddable":true,"href":"https:\/\/sites.ifi.unicamp.br\/dekoning\/wp-json\/wp\/v2\/users\/22"}],"replies":[{"embeddable":true,"href":"https:\/\/sites.ifi.unicamp.br\/dekoning\/wp-json\/wp\/v2\/comments?post=85"}],"version-history":[{"count":3,"href":"https:\/\/sites.ifi.unicamp.br\/dekoning\/wp-json\/wp\/v2\/pages\/85\/revisions"}],"predecessor-version":[{"id":147,"href":"https:\/\/sites.ifi.unicamp.br\/dekoning\/wp-json\/wp\/v2\/pages\/85\/revisions\/147"}],"wp:attachment":[{"href":"https:\/\/sites.ifi.unicamp.br\/dekoning\/wp-json\/wp\/v2\/media?parent=85"}],"curies":[{"name":"wp","href":"https:\/\/api.w.org\/{rel}","templated":true}]}}