{"id":200,"date":"2014-02-07T23:37:22","date_gmt":"2014-02-07T23:37:22","guid":{"rendered":"https:\/\/sites.ifi.unicamp.br\/doretto\/?page_id=200"},"modified":"2022-07-19T21:26:14","modified_gmt":"2022-07-19T21:26:14","slug":"physics-life","status":"publish","type":"page","link":"https:\/\/sites.ifi.unicamp.br\/doretto\/physics-life\/","title":{"rendered":"Physics life"},"content":{"rendered":"<p><span style=\"font-family: Verdana;font-size: large\">Position:<\/span><\/p>\n<ul>\n<li><span style=\"font-family: Verdana;font-size: small\">Assistant Professor (MS-3)<br \/>\nat the Instituto de F\u00edsica Gleb Wataghin,&nbsp;Unicamp &#8211; since 2012<\/span><\/li>\n<\/ul>\n<p>&nbsp;<\/p>\n<p><span style=\"font-family: Verdana;font-size: large\">Degrees:<\/span><\/p>\n<ul>\n<li><span style=\"font-family: Verdana;font-size: small\"><span style=\"font-family: Verdana;font-size: small\">PhD., Universidade Estadual de Campinas (Unicamp) &#8211; 2000\/2004<br \/>\nDissertation title:&nbsp;<a href=\"http:\/\/www.ifi.unicamp.br\/ccjdr\/teses\/apresentacao.php3?filename=IF453\" target=\"tela1\" rel=\"noopener\">Bosonizac\u00e3o no primeiro n\u00edvel de Landau.<\/a><\/span><\/span><\/li>\n<\/ul>\n<ul>\n<li><span style=\"font-family: Verdana;font-size: small\">M.S., Universidade Estadual de Campinas (Unicamp) &#8211; 1998\/2000<br \/>\nDissertation title:&nbsp;<a href=\"http:\/\/www.ifi.unicamp.br\/ccjdr\/teses\/apresentacao.php3?filename=IF1229\" target=\"tela1\" rel=\"noopener\">Estrutura eletr\u00f4nica de pol\u00edmeros tri-heteroc\u00edclos<br \/>\nbaseados em furano e tiofeno.<\/a><\/span><\/li>\n<li><span style=\"font-family: Verdana;font-size: small\">B.S., Universidade Estadual de Campinas (Unicamp) &#8211; 1994\/1997<\/span><\/li>\n<\/ul>\n<p>&nbsp;<\/p>\n<p><span style=\"font-family: Verdana;font-size: large\">Post-docs:<\/span><\/p>\n<ul>\n<li><span style=\"font-family: Verdana;font-size: small\">Instituto de F\u00edsica Te\u00f3rica (IFT), Unesp- 2010\/2012<br \/>\nJovem Pesquisador &#8211; Fapesp<\/span><\/li>\n<li><span style=\"font-family: Verdana;font-size: small\">Institute for theoretical physics, Universitaet zu Koeln &#8211; 2007\/2010<br \/>\ngroup: Prof.: M. Vojta <\/span><\/li>\n<li><span style=\"font-family: Verdana;font-size: small\">Institute for theoretical physics, Universiteit Utrecht &#8211; 2005\/2007<br \/>\ngroup: Prof.: C. Morais Smith<\/span><\/li>\n<li><span style=\"font-family: Verdana;font-size: small\">Instituto de F\u00edsica Gleb Wataghin, Unicamp &#8211; 2004\/2005<br \/>\ngroup: Prof.: A.O. Caldeira<\/span><\/li>\n<\/ul>\n","protected":false},"excerpt":{"rendered":"<p>Position: Assistant Professor (MS-3) at the Instituto de F\u00edsica Gleb Wataghin,&nbsp;Unicamp &#8211; since 2012 &nbsp; Degrees: PhD., Universidade Estadual de Campinas (Unicamp) &#8211; 2000\/2004 Dissertation title:&nbsp;Bosonizac\u00e3o no primeiro n\u00edvel de Landau. M.S., Universidade Estadual de Campinas (Unicamp) &#8211; 1998\/2000 Dissertation title:&nbsp;Estrutura eletr\u00f4nica de pol\u00edmeros tri-heteroc\u00edclos baseados em furano e tiofeno. B.S., Universidade Estadual de Campinas &hellip; <\/p>\n<p><a class=\"more-link btn\" href=\"https:\/\/sites.ifi.unicamp.br\/doretto\/physics-life\/\">Continue lendo<\/a><\/p>\n","protected":false},"author":76,"featured_media":0,"parent":0,"menu_order":0,"comment_status":"closed","ping_status":"closed","template":"template-onecolumn.php","meta":{"ngg_post_thumbnail":0,"footnotes":""},"class_list":["post-200","page","type-page","status-publish","hentry","nodate","item-wrap"],"_links":{"self":[{"href":"https:\/\/sites.ifi.unicamp.br\/doretto\/wp-json\/wp\/v2\/pages\/200","targetHints":{"allow":["GET"]}}],"collection":[{"href":"https:\/\/sites.ifi.unicamp.br\/doretto\/wp-json\/wp\/v2\/pages"}],"about":[{"href":"https:\/\/sites.ifi.unicamp.br\/doretto\/wp-json\/wp\/v2\/types\/page"}],"author":[{"embeddable":true,"href":"https:\/\/sites.ifi.unicamp.br\/doretto\/wp-json\/wp\/v2\/users\/76"}],"replies":[{"embeddable":true,"href":"https:\/\/sites.ifi.unicamp.br\/doretto\/wp-json\/wp\/v2\/comments?post=200"}],"version-history":[{"count":6,"href":"https:\/\/sites.ifi.unicamp.br\/doretto\/wp-json\/wp\/v2\/pages\/200\/revisions"}],"predecessor-version":[{"id":1680,"href":"https:\/\/sites.ifi.unicamp.br\/doretto\/wp-json\/wp\/v2\/pages\/200\/revisions\/1680"}],"wp:attachment":[{"href":"https:\/\/sites.ifi.unicamp.br\/doretto\/wp-json\/wp\/v2\/media?parent=200"}],"curies":[{"name":"wp","href":"https:\/\/api.w.org\/{rel}","templated":true}]}}