{"id":1095,"date":"2020-08-06T17:54:17","date_gmt":"2020-08-06T20:54:17","guid":{"rendered":"https:\/\/sites.ifi.unicamp.br\/drcc\/?page_id=1095"},"modified":"2025-05-16T08:45:11","modified_gmt":"2025-05-16T11:45:11","slug":"sobreodrcc","status":"publish","type":"page","link":"https:\/\/sites.ifi.unicamp.br\/drcc\/sobreodrcc\/","title":{"rendered":"Apresenta\u00e7\u00e3o"},"content":{"rendered":"<p><img loading=\"lazy\" decoding=\"async\" class=\"alignleft wp-image-514\" src=\"https:\/\/sites.ifi.unicamp.br\/drcc\/files\/2015\/01\/logodrcc0-229x300.jpg\" alt=\"logodrcc0\" width=\"135\" height=\"177\" srcset=\"https:\/\/sites.ifi.unicamp.br\/drcc\/files\/2015\/01\/logodrcc0-229x300.jpg 229w, https:\/\/sites.ifi.unicamp.br\/drcc\/files\/2015\/01\/logodrcc0-780x1024.jpg 780w, https:\/\/sites.ifi.unicamp.br\/drcc\/files\/2015\/01\/logodrcc0.jpg 839w\" sizes=\"auto, (max-width: 135px) 100vw, 135px\" \/><\/p>\n<p>O Departamento de Raios C\u00f3smicos e Cronologia (DRCC) atua em v\u00e1rios temas da F\u00edsica Fundamental, da F\u00edsica Nuclear Aplicada e da F\u00edsica Aplicada \u00e0 Medicina. Ele \u00e9 um dos quatro departamentos do Instituto de F\u00edsica Gleb Wataghin, da Universidade Estadual de Campinas (Unicamp). Possui sete grupos de pesquisa: Raios C\u00f3smicos, Gravita\u00e7\u00e3o e Cosmologia, F\u00edsica Hadr\u00f4nica, L\u00e9ptons, Neurof\u00edsica, Cronologia e Estudo de F\u00edsica e Astrof\u00edsica de Neutrinos.<\/p>\n<p>&nbsp;<\/p>\n<p><strong>Chefe: Prof. Donato Giorgio Torrieri<\/strong><\/p>\n<p><strong>&nbsp; &nbsp; &nbsp; &nbsp; &nbsp; &nbsp; &nbsp; &nbsp; &nbsp; &nbsp; &nbsp; &nbsp; &nbsp; &nbsp; &nbsp; &nbsp; &nbsp; &nbsp; &nbsp; &nbsp;Vice-chefe: Prof. Ettore Segreto<\/strong><\/p>\n<p><strong>&nbsp; &nbsp; &nbsp; &nbsp; &nbsp; &nbsp; &nbsp; &nbsp; &nbsp; &nbsp; &nbsp; &nbsp; &nbsp; &nbsp; &nbsp; &nbsp; &nbsp; &nbsp; &nbsp; &nbsp;Secret\u00e1ria: Luciene Ap. S. Telli&nbsp;<\/strong><\/p>\n<p><strong>&nbsp; &nbsp; &nbsp; &nbsp; &nbsp; &nbsp; &nbsp; &nbsp; &nbsp; &nbsp; &nbsp; &nbsp; &nbsp; &nbsp; &nbsp; &nbsp; &nbsp; &nbsp; &nbsp; &nbsp; &nbsp; &nbsp; &nbsp; &nbsp; &nbsp; &nbsp; &nbsp; &nbsp; &nbsp; &nbsp; &nbsp; &nbsp; &nbsp; &nbsp; &nbsp; &nbsp; &nbsp; &nbsp; &nbsp;Contato: (19) 3521-5314 &#8211;&nbsp; E-mails: drcc@unicamp.br&nbsp; &nbsp; &nbsp; &nbsp;secdrcc@ifi.unicamp.br<\/strong><\/p>\n<p>&nbsp; &nbsp; &nbsp; &nbsp; &nbsp; &nbsp; &nbsp; &nbsp; &nbsp; &nbsp; &nbsp; &nbsp; &nbsp; &nbsp; &nbsp; &nbsp; &nbsp; &nbsp; &nbsp; &nbsp; &nbsp; &nbsp; &nbsp; &nbsp; &nbsp; &nbsp; &nbsp;Localiza\u00e7\u00e3o: Pr\u00e9dio A1 do Instituto de F\u00edsica Gleb Wataghin (IFGW)<\/p>\n<p>&nbsp; &nbsp; &nbsp; &nbsp; &nbsp; &nbsp; &nbsp; &nbsp; &nbsp; &nbsp; &nbsp; &nbsp; &nbsp; &nbsp; &nbsp; &nbsp; &nbsp; &nbsp; &nbsp; &nbsp; &nbsp; &nbsp; &nbsp; &nbsp; &nbsp; &nbsp; Rua S\u00e9rgio Buarque de Holanda, 777, Cidade Universit\u00e1ria &#8220;Zeferino Vaz&#8221;, CEP 13083-859<\/p>\n<p>&nbsp; &nbsp; &nbsp; &nbsp; &nbsp; &nbsp; &nbsp; &nbsp; &nbsp; &nbsp; &nbsp; &nbsp; &nbsp; &nbsp; &nbsp; &nbsp; &nbsp; &nbsp; &nbsp; &nbsp; &nbsp; &nbsp; &nbsp; &nbsp; &nbsp; &nbsp; &nbsp;Entrada principal: em frente \u00e0 Biblioteca do IFGW<\/p>\n<p>&nbsp; &nbsp; &nbsp; &nbsp; &nbsp; &nbsp; &nbsp; &nbsp; &nbsp; &nbsp; &nbsp; &nbsp; &nbsp; &nbsp; &nbsp; &nbsp; &nbsp; &nbsp; &nbsp; &nbsp; &nbsp; &nbsp; &nbsp; &nbsp; &nbsp; &nbsp; &nbsp;Entrada lateral: rua Mendeleyev, 212 &#8211; Cidade Universit\u00e1ria &#8220;Zeferino Vaz&#8221;, Campinas &#8211; SP, 13083-86<\/p>\n<p>&nbsp; &nbsp; &nbsp; &nbsp; &nbsp; &nbsp; &nbsp; &nbsp; &nbsp; &nbsp; &nbsp; &nbsp; &nbsp; &nbsp; &nbsp; &nbsp; &nbsp; &nbsp; &nbsp; &nbsp; &nbsp; &nbsp; &nbsp; &nbsp; &nbsp; &nbsp; &nbsp;Google Maps: https:\/\/g.co\/kgs\/z8fPu9<\/p>\n<p>&nbsp;<\/p>\n<hr>\n<p>&nbsp;<\/p>\n","protected":false},"excerpt":{"rendered":"<p>O Departamento de Raios C\u00f3smicos e Cronologia (DRCC) atua em v\u00e1rios temas da F\u00edsica Fundamental, da F\u00edsica Nuclear Aplicada e da F\u00edsica Aplicada \u00e0 Medicina. Ele \u00e9 um dos quatro departamentos do Instituto de F\u00edsica Gleb Wataghin, da Universidade Estadual de Campinas (Unicamp). Possui sete grupos de pesquisa: Raios C\u00f3smicos, Gravita\u00e7\u00e3o e Cosmologia, F\u00edsica Hadr\u00f4nica, [&hellip;]<\/p>\n","protected":false},"author":175,"featured_media":0,"parent":0,"menu_order":0,"comment_status":"closed","ping_status":"closed","template":"","meta":{"site-sidebar-layout":"default","site-content-layout":"default","ast-site-content-layout":"default","site-content-style":"default","site-sidebar-style":"default","ast-global-header-display":"","ast-banner-title-visibility":"","ast-main-header-display":"","ast-hfb-above-header-display":"","ast-hfb-below-header-display":"","ast-hfb-mobile-header-display":"","site-post-title":"","ast-breadcrumbs-content":"","ast-featured-img":"","footer-sml-layout":"","ast-disable-related-posts":"","theme-transparent-header-meta":"default","adv-header-id-meta":"","stick-header-meta":"","header-above-stick-meta":"","header-main-stick-meta":"","header-below-stick-meta":"","astra-migrate-meta-layouts":"set","ast-page-background-enabled":"default","ast-page-background-meta":{"desktop":{"background-color":"var(--ast-global-color-5)","background-image":"","background-repeat":"repeat","background-position":"center center","background-size":"auto","background-attachment":"scroll","background-type":"","background-media":"","overlay-type":"","overlay-color":"","overlay-opacity":"","overlay-gradient":""},"tablet":{"background-color":"","background-image":"","background-repeat":"repeat","background-position":"center center","background-size":"auto","background-attachment":"scroll","background-type":"","background-media":"","overlay-type":"","overlay-color":"","overlay-opacity":"","overlay-gradient":""},"mobile":{"background-color":"","background-image":"","background-repeat":"repeat","background-position":"center center","background-size":"auto","background-attachment":"scroll","background-type":"","background-media":"","overlay-type":"","overlay-color":"","overlay-opacity":"","overlay-gradient":""}},"ast-content-background-meta":{"desktop":{"background-color":"var(--ast-global-color-4)","background-image":"","background-repeat":"repeat","background-position":"center center","background-size":"auto","background-attachment":"scroll","background-type":"","background-media":"","overlay-type":"","overlay-color":"","overlay-opacity":"","overlay-gradient":""},"tablet":{"background-color":"var(--ast-global-color-4)","background-image":"","background-repeat":"repeat","background-position":"center center","background-size":"auto","background-attachment":"scroll","background-type":"","background-media":"","overlay-type":"","overlay-color":"","overlay-opacity":"","overlay-gradient":""},"mobile":{"background-color":"var(--ast-global-color-4)","background-image":"","background-repeat":"repeat","background-position":"center center","background-size":"auto","background-attachment":"scroll","background-type":"","background-media":"","overlay-type":"","overlay-color":"","overlay-opacity":"","overlay-gradient":""}},"ngg_post_thumbnail":0,"footnotes":""},"class_list":["post-1095","page","type-page","status-publish","hentry"],"_links":{"self":[{"href":"https:\/\/sites.ifi.unicamp.br\/drcc\/wp-json\/wp\/v2\/pages\/1095","targetHints":{"allow":["GET"]}}],"collection":[{"href":"https:\/\/sites.ifi.unicamp.br\/drcc\/wp-json\/wp\/v2\/pages"}],"about":[{"href":"https:\/\/sites.ifi.unicamp.br\/drcc\/wp-json\/wp\/v2\/types\/page"}],"author":[{"embeddable":true,"href":"https:\/\/sites.ifi.unicamp.br\/drcc\/wp-json\/wp\/v2\/users\/175"}],"replies":[{"embeddable":true,"href":"https:\/\/sites.ifi.unicamp.br\/drcc\/wp-json\/wp\/v2\/comments?post=1095"}],"version-history":[{"count":19,"href":"https:\/\/sites.ifi.unicamp.br\/drcc\/wp-json\/wp\/v2\/pages\/1095\/revisions"}],"predecessor-version":[{"id":1911,"href":"https:\/\/sites.ifi.unicamp.br\/drcc\/wp-json\/wp\/v2\/pages\/1095\/revisions\/1911"}],"wp:attachment":[{"href":"https:\/\/sites.ifi.unicamp.br\/drcc\/wp-json\/wp\/v2\/media?parent=1095"}],"curies":[{"name":"wp","href":"https:\/\/api.w.org\/{rel}","templated":true}]}}