{"id":1725,"date":"2023-06-22T08:01:49","date_gmt":"2023-06-22T11:01:49","guid":{"rendered":"https:\/\/sites.ifi.unicamp.br\/drcc\/?page_id=1725"},"modified":"2025-03-20T16:17:43","modified_gmt":"2025-03-20T19:17:43","slug":"afastamento-internacional","status":"publish","type":"page","link":"https:\/\/sites.ifi.unicamp.br\/drcc\/links\/afastamento-internacional\/","title":{"rendered":"Afastamento internacional"},"content":{"rendered":"<p>O pedido de afastamento internacional para docentes e servidores n\u00e3o docentes deve ser feito via RT (sistema de chamados), no portal do Instituto (intranet), na fila: &#8220;DRCC-Afastamento-Internacional&#8221;. Para solicita\u00e7\u00f5es inferiores a 30 dias, anexar a carta-convite (ou o e-mail convite).<\/p>\n<p>Para pedidos de afastamento internacional para per\u00edodos superiores a 30 dias, anexar, no chamado, os seguintes documentos:<\/p>\n<ul>\n<li style=\"list-style-type: none\">\n<ul>\n<li>Carta de solicita\u00e7\u00e3o de afastamento \u00e0 chefia do DRCC;<\/li>\n<li>Carta convite da institui\u00e7\u00e3o anfitri\u00e3;<\/li>\n<li>Projeto de pesquisa, com cronograma de execu\u00e7\u00e3o para o per\u00edodo do afastamento;<\/li>\n<li>Termo de confiss\u00e3o de responsabilidade e assun\u00e7\u00e3o de encargo financeiro (dispon\u00edvel em https:\/\/www.dgrh.unicamp.br\/documento\/modelo-de-termo-de-confissao-de-responsabilidade-e-assuncao-de-encargo-financeiro\/);<\/li>\n<li>Procura\u00e7\u00e3o (dispon\u00edvel em https:\/\/www.dgrh.unicamp.br\/documento\/modelo-de-procuracao\/).<\/li>\n<\/ul>\n<\/li>\n<\/ul>\n<ul>\n<li style=\"list-style-type: none\">\n<ul>O pedido, se aceito, d\u00e1 direito a seguro de vida por 90 dias. Para afastamento superior a 90 dias, o interessado dever\u00e1 providenciar seguro para o per\u00edodo restante.<\/ul>\n<\/li>\n<\/ul>\n<p>&nbsp;<\/p>\n<p>&nbsp;<\/p>\n","protected":false},"excerpt":{"rendered":"<p>O pedido de afastamento internacional para docentes e servidores n\u00e3o docentes deve ser feito via RT (sistema de chamados), no portal do Instituto (intranet), na fila: &#8220;DRCC-Afastamento-Internacional&#8221;. Para solicita\u00e7\u00f5es inferiores a 30 dias, anexar a carta-convite (ou o e-mail convite). Para pedidos de afastamento internacional para per\u00edodos superiores a 30 dias, anexar, no chamado, os [&hellip;]<\/p>\n","protected":false},"author":175,"featured_media":0,"parent":89,"menu_order":0,"comment_status":"closed","ping_status":"closed","template":"","meta":{"site-sidebar-layout":"default","site-content-layout":"default","ast-site-content-layout":"default","site-content-style":"default","site-sidebar-style":"default","ast-global-header-display":"","ast-banner-title-visibility":"","ast-main-header-display":"","ast-hfb-above-header-display":"","ast-hfb-below-header-display":"","ast-hfb-mobile-header-display":"","site-post-title":"","ast-breadcrumbs-content":"","ast-featured-img":"","footer-sml-layout":"","ast-disable-related-posts":"","theme-transparent-header-meta":"default","adv-header-id-meta":"","stick-header-meta":"","header-above-stick-meta":"","header-main-stick-meta":"","header-below-stick-meta":"","astra-migrate-meta-layouts":"set","ast-page-background-enabled":"default","ast-page-background-meta":{"desktop":{"background-color":"var(--ast-global-color-5)","background-image":"","background-repeat":"repeat","background-position":"center center","background-size":"auto","background-attachment":"scroll","background-type":"","background-media":"","overlay-type":"","overlay-color":"","overlay-opacity":"","overlay-gradient":""},"tablet":{"background-color":"","background-image":"","background-repeat":"repeat","background-position":"center center","background-size":"auto","background-attachment":"scroll","background-type":"","background-media":"","overlay-type":"","overlay-color":"","overlay-opacity":"","overlay-gradient":""},"mobile":{"background-color":"","background-image":"","background-repeat":"repeat","background-position":"center center","background-size":"auto","background-attachment":"scroll","background-type":"","background-media":"","overlay-type":"","overlay-color":"","overlay-opacity":"","overlay-gradient":""}},"ast-content-background-meta":{"desktop":{"background-color":"var(--ast-global-color-4)","background-image":"","background-repeat":"repeat","background-position":"center center","background-size":"auto","background-attachment":"scroll","background-type":"","background-media":"","overlay-type":"","overlay-color":"","overlay-opacity":"","overlay-gradient":""},"tablet":{"background-color":"var(--ast-global-color-4)","background-image":"","background-repeat":"repeat","background-position":"center center","background-size":"auto","background-attachment":"scroll","background-type":"","background-media":"","overlay-type":"","overlay-color":"","overlay-opacity":"","overlay-gradient":""},"mobile":{"background-color":"var(--ast-global-color-4)","background-image":"","background-repeat":"repeat","background-position":"center center","background-size":"auto","background-attachment":"scroll","background-type":"","background-media":"","overlay-type":"","overlay-color":"","overlay-opacity":"","overlay-gradient":""}},"ngg_post_thumbnail":0,"footnotes":""},"class_list":["post-1725","page","type-page","status-publish","hentry"],"_links":{"self":[{"href":"https:\/\/sites.ifi.unicamp.br\/drcc\/wp-json\/wp\/v2\/pages\/1725","targetHints":{"allow":["GET"]}}],"collection":[{"href":"https:\/\/sites.ifi.unicamp.br\/drcc\/wp-json\/wp\/v2\/pages"}],"about":[{"href":"https:\/\/sites.ifi.unicamp.br\/drcc\/wp-json\/wp\/v2\/types\/page"}],"author":[{"embeddable":true,"href":"https:\/\/sites.ifi.unicamp.br\/drcc\/wp-json\/wp\/v2\/users\/175"}],"replies":[{"embeddable":true,"href":"https:\/\/sites.ifi.unicamp.br\/drcc\/wp-json\/wp\/v2\/comments?post=1725"}],"version-history":[{"count":4,"href":"https:\/\/sites.ifi.unicamp.br\/drcc\/wp-json\/wp\/v2\/pages\/1725\/revisions"}],"predecessor-version":[{"id":1905,"href":"https:\/\/sites.ifi.unicamp.br\/drcc\/wp-json\/wp\/v2\/pages\/1725\/revisions\/1905"}],"up":[{"embeddable":true,"href":"https:\/\/sites.ifi.unicamp.br\/drcc\/wp-json\/wp\/v2\/pages\/89"}],"wp:attachment":[{"href":"https:\/\/sites.ifi.unicamp.br\/drcc\/wp-json\/wp\/v2\/media?parent=1725"}],"curies":[{"name":"wp","href":"https:\/\/api.w.org\/{rel}","templated":true}]}}