{"id":2106,"date":"2020-09-17T11:17:26","date_gmt":"2020-09-17T14:17:26","guid":{"rendered":"https:\/\/sites.ifi.unicamp.br\/emiranda\/?page_id=2106"},"modified":"2020-11-30T09:50:54","modified_gmt":"2020-11-30T12:50:54","slug":"listas-de-problemas-de-f-502-2o-sem-de-2020","status":"publish","type":"page","link":"https:\/\/sites.ifi.unicamp.br\/emiranda\/listas-de-problemas-de-f-502-2o-sem-de-2020\/","title":{"rendered":"Listas de Problemas de F 502 (2o. sem. de 2020)"},"content":{"rendered":"<p><big>A numera\u00e7\u00e3o dos problemas abaixo refere-se ao livro-texto na sua 3a. edi\u00e7\u00e3o em ingl\u00eas ou portugu\u00eas.<br \/>\n<\/big><\/p>\n<ul>\n<li>Lista 1 (para 29\/09): Problemas 1.13, 1.21, 1.29, 1.32, 1.34, 1.35, 1.53, 1.54, 1.57, 1.58, 1.61<\/li>\n<li>Lista 2 (para 06\/10): Problemas 1.44, 1.46, 1.48, <a href=\"http:\/\/www.ifi.unicamp.br\/~emiranda\/f502\/Prob1_64.pdf\" target=\"_blank\" rel=\"noopener noreferrer\">1.64 (esse \u00e9 da 4a. edi\u00e7\u00e3o; clique no link para v\u00ea-lo)<\/a><\/li>\n<li>Lista 3 (para 13\/10): Problemas 2.3, 2.6, 2.21, 2.22, 2.24, 2.25, 2.28, 2.44<\/li>\n<li>Lista 4 (para 20\/10): Problemas 2.9, 2.12, 2.13, 2.16, 2.17, 2.30, 2.42<\/li>\n<li>Lista 5 (para 27\/10): Problemas 2.32, 2.35, 2.36, 2.38, 2.39, 2.45<\/li>\n<li>Lista 6 (para 07\/11): Problemas 3.7, 3.8, 3.12, 3.13, 3.15, 3.18, 3.19, 3.20, 3.22, 3.27, 3.28, 3.37, 3.38, 3.40<\/li>\n<li>Lista 7 (para 17\/11): Problemas 4.1, 4.4, 4.5, 4.6, 4.7, 4.8, 4.10, 4.14, 4.15, 4.16, 4.18, 4.21, 4.24, 4.26<\/li>\n<li>Lista 8 (para 08\/12): Problemas: 5.3, 5.5, 5.6, 5.8, 5.10, 5.11, 5.13, 5.14, 5.<span id=\"line2\"><\/span>15, 5.22, 5.24, 5.25<\/li>\n<li>Lista 9 (para 17\/12): Problemas 6.1, 6.7, 6.8, 6.12, 6.16, 6.17<\/li>\n<li>Lista 10 (para 31\/12): Problemas 7.1, 7.3, 7.7, 7.8, 7.10, 7.12, 7.15, 7.17, 7.21, 7.26, 7.28<\/li>\n<\/ul>\n<p><\/p>","protected":false},"excerpt":{"rendered":"<p>A numera\u00e7\u00e3o dos problemas abaixo refere-se ao livro-texto na sua 3a. edi\u00e7\u00e3o em ingl\u00eas ou portugu\u00eas. Lista 1 (para 29\/09): Problemas 1.13, 1.21, 1.29, 1.32, 1.34, 1.35, 1.53, 1.54, 1.57, 1.58, 1.61 Lista 2 (para 06\/10): Problemas 1.44, 1.46, 1.48, 1.64 (esse \u00e9 da 4a. edi\u00e7\u00e3o; clique no link para v\u00ea-lo) Lista 3 (para 13\/10): &hellip; <\/p>\n<p><a class=\"more-link btn\" href=\"https:\/\/sites.ifi.unicamp.br\/emiranda\/listas-de-problemas-de-f-502-2o-sem-de-2020\/\">Continue lendo<\/a><\/p>\n","protected":false},"author":90,"featured_media":0,"parent":0,"menu_order":0,"comment_status":"closed","ping_status":"closed","template":"","meta":{"ngg_post_thumbnail":0,"footnotes":""},"class_list":["post-2106","page","type-page","status-publish","hentry","nodate","item-wrap"],"_links":{"self":[{"href":"https:\/\/sites.ifi.unicamp.br\/emiranda\/wp-json\/wp\/v2\/pages\/2106","targetHints":{"allow":["GET"]}}],"collection":[{"href":"https:\/\/sites.ifi.unicamp.br\/emiranda\/wp-json\/wp\/v2\/pages"}],"about":[{"href":"https:\/\/sites.ifi.unicamp.br\/emiranda\/wp-json\/wp\/v2\/types\/page"}],"author":[{"embeddable":true,"href":"https:\/\/sites.ifi.unicamp.br\/emiranda\/wp-json\/wp\/v2\/users\/90"}],"replies":[{"embeddable":true,"href":"https:\/\/sites.ifi.unicamp.br\/emiranda\/wp-json\/wp\/v2\/comments?post=2106"}],"version-history":[{"count":18,"href":"https:\/\/sites.ifi.unicamp.br\/emiranda\/wp-json\/wp\/v2\/pages\/2106\/revisions"}],"predecessor-version":[{"id":2205,"href":"https:\/\/sites.ifi.unicamp.br\/emiranda\/wp-json\/wp\/v2\/pages\/2106\/revisions\/2205"}],"wp:attachment":[{"href":"https:\/\/sites.ifi.unicamp.br\/emiranda\/wp-json\/wp\/v2\/media?parent=2106"}],"curies":[{"name":"wp","href":"https:\/\/api.w.org\/{rel}","templated":true}]}}