{"id":32,"date":"2013-01-29T22:36:25","date_gmt":"2013-01-30T00:36:25","guid":{"rendered":"https:\/\/sites.ifi.unicamp.br\/escolasdeinverno\/?page_id=32"},"modified":"2019-04-09T16:15:37","modified_gmt":"2019-04-09T18:15:37","slug":"contato","status":"publish","type":"page","link":"https:\/\/sites.ifi.unicamp.br\/escolasdeinverno\/contato\/","title":{"rendered":"Contato"},"content":{"rendered":"<ul>\n<li>Coordenador geral do evento: Prof. Dr.<a href=\"https:\/\/sites.ifi.unicamp.br\/marcosoliveira\/\" target=\"_blank\" rel=\"noopener noreferrer\"> Marcos Cesar de Oliveira<\/a>&nbsp;(Coordenadoria de P\u00f3s-gradua\u00e7\u00e3o\/IFGW\/UNICAMP)<\/li>\n<li>Secret\u00e1ria:&nbsp;<a href=\"https:\/\/portal.ifi.unicamp.br\/pessoas\/funcionarios\/130-luciana-vechi-de-carvalho\" target=\"_blank\" rel=\"noopener\">Luciana Vechi de Carvalho (<\/a>Secretaria-CPG-Coordenadoria de P\u00f3s-gradua\u00e7\u00e3o\/IFGW\/UNICAMP)<\/li>\n<li><a href=\"https:\/\/ionselo19.osahost.org\/about-us\/\">Membros do comit\u00ea organizador.<\/a><\/li>\n<\/ul>\n","protected":false},"excerpt":{"rendered":"<p>Coordenador geral do evento: Prof. Dr. Marcos Cesar de Oliveira&nbsp;(Coordenadoria de P\u00f3s-gradua\u00e7\u00e3o\/IFGW\/UNICAMP) Secret\u00e1ria:&nbsp;Luciana Vechi de Carvalho (Secretaria-CPG-Coordenadoria de P\u00f3s-gradua\u00e7\u00e3o\/IFGW\/UNICAMP) Membros do comit\u00ea organizador.<\/p>\n","protected":false},"author":135,"featured_media":0,"parent":0,"menu_order":6,"comment_status":"closed","ping_status":"closed","template":"","meta":{"ngg_post_thumbnail":0,"footnotes":""},"class_list":["post-32","page","type-page","status-publish","hentry","nodate","item-wrap"],"_links":{"self":[{"href":"https:\/\/sites.ifi.unicamp.br\/escolasdeinverno\/wp-json\/wp\/v2\/pages\/32","targetHints":{"allow":["GET"]}}],"collection":[{"href":"https:\/\/sites.ifi.unicamp.br\/escolasdeinverno\/wp-json\/wp\/v2\/pages"}],"about":[{"href":"https:\/\/sites.ifi.unicamp.br\/escolasdeinverno\/wp-json\/wp\/v2\/types\/page"}],"author":[{"embeddable":true,"href":"https:\/\/sites.ifi.unicamp.br\/escolasdeinverno\/wp-json\/wp\/v2\/users\/135"}],"replies":[{"embeddable":true,"href":"https:\/\/sites.ifi.unicamp.br\/escolasdeinverno\/wp-json\/wp\/v2\/comments?post=32"}],"version-history":[{"count":24,"href":"https:\/\/sites.ifi.unicamp.br\/escolasdeinverno\/wp-json\/wp\/v2\/pages\/32\/revisions"}],"predecessor-version":[{"id":1276,"href":"https:\/\/sites.ifi.unicamp.br\/escolasdeinverno\/wp-json\/wp\/v2\/pages\/32\/revisions\/1276"}],"wp:attachment":[{"href":"https:\/\/sites.ifi.unicamp.br\/escolasdeinverno\/wp-json\/wp\/v2\/media?parent=32"}],"curies":[{"name":"wp","href":"https:\/\/api.w.org\/{rel}","templated":true}]}}