{"id":88,"date":"2013-12-06T11:56:43","date_gmt":"2013-12-06T11:56:43","guid":{"rendered":"https:\/\/sites.ifi.unicamp.br\/padraoteste\/?page_id=28"},"modified":"2020-11-20T11:07:26","modified_gmt":"2020-11-20T14:07:26","slug":"publicacoes","status":"publish","type":"page","link":"https:\/\/sites.ifi.unicamp.br\/ettore\/publicacoes\/","title":{"rendered":"Publica\u00e7\u00f5es"},"content":{"rendered":"<p>Lista de Publica\u00e7\u00f5es:<\/p>\n<ul>\n<li><a class=\"gsc_vcd_title_link\" href=\"https:\/\/link.springer.com\/article\/10.1140\/epjc\/s10052-020-08456-z\" data-clk=\"hl=en&amp;sa=T&amp;ei=4Y-qX62gNcLPmAHXtJSIAQ\">Long-baseline neutrino oscillation physics potential of the DUNE experiment<\/a><\/li>\n<\/ul>\n<p><span style=\"font-size: 10pt\">B Abi, R Acciarri, MA Acero, G Adamov, D Adams, M Adinolfi, Z Ahmad, &#8230; <\/span><span style=\"font-size: 10pt\">The European Physical Journal C 80 (10), 1-34<\/span><\/p>\n<ul>\n<li><a href=\"http:\/\/Wavelength-shifting Reflector Foils in Liquid Argon Neutrino Detectors\">Wavelength-shifting Reflector Foils in Liquid Argon Neutrino Detectors&nbsp;<\/a><\/li>\n<\/ul>\n<p>AM Szelc, V Basque, D Garcia-Gamez, E Segreto, B Littlejohn, R Dorrill, W Foreman, F Cavanna, M Ku\u017aniak<\/p>\n<ul>\n<li><a href=\"http:\/\/arXiv: Prospects for Beyond the Standard Model Physics Searches at the Deep Underground Neutrino Experiment\">arXiv: Prospects for Beyond the Standard Model Physics Searches at the Deep Underground Neutrino Experiment<\/a><\/li>\n<\/ul>\n<p>B Abi, A Friedland, M Smy, S Ravat, Z Djurcic, E Goudzovski, D Totani, &#8230;<\/p>\n<p>Clique abaixo para ver mais publica\u00e7\u00f5es:&nbsp;<br \/>\n<a href=\"http:\/\/Scholar Google\">https:\/\/scholar.google.com\/citations?hl=en&amp;user=zg3lehsAAAAJ&amp;view_op=list_works&amp;sortby=pubdate<\/a><\/p>","protected":false},"excerpt":{"rendered":"<p>Lista de Publica\u00e7\u00f5es: Long-baseline neutrino oscillation physics potential of the DUNE experiment B Abi, R Acciarri, MA Acero, G Adamov, D Adams, M Adinolfi, Z Ahmad, &#8230; The European Physical Journal C 80 (10), 1-34 Wavelength-shifting Reflector Foils in Liquid Argon Neutrino Detectors&nbsp; AM Szelc, V Basque, D Garcia-Gamez, E Segreto, B Littlejohn, R Dorrill, &hellip; <\/p>\n<p><a class=\"more-link btn\" href=\"https:\/\/sites.ifi.unicamp.br\/ettore\/publicacoes\/\">Continue lendo<\/a><\/p>\n","protected":false},"author":7,"featured_media":0,"parent":0,"menu_order":1,"comment_status":"closed","ping_status":"closed","template":"","meta":{"ngg_post_thumbnail":0,"footnotes":""},"class_list":["post-88","page","type-page","status-publish","hentry","nodate","item-wrap"],"_links":{"self":[{"href":"https:\/\/sites.ifi.unicamp.br\/ettore\/wp-json\/wp\/v2\/pages\/88","targetHints":{"allow":["GET"]}}],"collection":[{"href":"https:\/\/sites.ifi.unicamp.br\/ettore\/wp-json\/wp\/v2\/pages"}],"about":[{"href":"https:\/\/sites.ifi.unicamp.br\/ettore\/wp-json\/wp\/v2\/types\/page"}],"author":[{"embeddable":true,"href":"https:\/\/sites.ifi.unicamp.br\/ettore\/wp-json\/wp\/v2\/users\/7"}],"replies":[{"embeddable":true,"href":"https:\/\/sites.ifi.unicamp.br\/ettore\/wp-json\/wp\/v2\/comments?post=88"}],"version-history":[{"count":8,"href":"https:\/\/sites.ifi.unicamp.br\/ettore\/wp-json\/wp\/v2\/pages\/88\/revisions"}],"predecessor-version":[{"id":151,"href":"https:\/\/sites.ifi.unicamp.br\/ettore\/wp-json\/wp\/v2\/pages\/88\/revisions\/151"}],"wp:attachment":[{"href":"https:\/\/sites.ifi.unicamp.br\/ettore\/wp-json\/wp\/v2\/media?parent=88"}],"curies":[{"name":"wp","href":"https:\/\/api.w.org\/{rel}","templated":true}]}}