{"id":44,"date":"2011-08-28T18:31:58","date_gmt":"2011-08-28T21:31:58","guid":{"rendered":"https:\/\/sites.ifi.unicamp.br\/f128\/"},"modified":"2013-02-26T19:04:56","modified_gmt":"2013-02-26T22:04:56","slug":"atendimento","status":"publish","type":"page","link":"https:\/\/sites.ifi.unicamp.br\/f128\/atendimento\/","title":{"rendered":"Atendimento"},"content":{"rendered":"<p><strong><font color=\"green\"> ESTAS INFORMA\u00c7\u00d5ES S\u00c3O REFERENTES AO CURSO DE F128 DO 2S\/2012, E EST\u00c3O DESATUALIZADAS<\/font><\/strong><br \/>\n<br \/>&nbsp; &nbsp; &nbsp;<br \/>\n&nbsp;<\/p>\n<table border=\"0\" cellspacing=\"0\" cellpadding=\"0\">\n<col \/>\n<col \/>\n<tbody>\n<tr>\n<td style=\"height: 17px;width: 256px;text-align: center\" height=\"17\"><strong>Professor<\/strong><\/td>\n<td style=\"width: 98px;text-align: center\"><strong>Hor\u00e1rio<\/strong><\/td>\n<\/tr>\n<tr>\n<td style=\"height: 17px;width: 354px;text-align: center\" colspan=\"2\" height=\"17\"><strong>Segundas-Feiras:<\/strong><\/td>\n<\/tr>\n<tr>\n<td style=\"height: 17px\" height=\"17\">Ricardo Donizeth &#8211; Sala:16 &#8211; P\u00f3s<\/td>\n<td>12:00 &#8211; 13:00hs<\/td>\n<\/tr>\n<tr>\n<td style=\"height: 17px\" height=\"17\">Douglas Oliveira &#8211; Sala:\u00a034 &#8211; DFA<\/td>\n<td>13:00 &#8211; 14:00hs<\/td>\n<\/tr>\n<tr>\n<td style=\"height: 17px\" height=\"17\">Edgar Landinez &#8211; Sala: 09 &#8211; P\u00f3s<\/td>\n<td>13:00 &#8211; 14:00hs<\/td>\n<\/tr>\n<tr>\n<td style=\"height: 17px;width: 354px;text-align: center\" colspan=\"2\" height=\"17\"><strong>Ter\u00e7as-Feiras:<\/strong><\/td>\n<\/tr>\n<tr>\n<td style=\"height: 17px\" height=\"17\">Monica Morales Corredor\u00a0&#8211; Sala:32 &#8211; P\u00f3s<\/td>\n<td>13:00 &#8211; 14:00hs<\/td>\n<\/tr>\n<tr>\n<td style=\"height: 17px\" height=\"17\">Felipe Santos &#8211; Sala: de Estudos &#8211; DFMC<\/td>\n<td>18:00 &#8211; 19:00hs<\/td>\n<\/tr>\n<tr>\n<td style=\"height: 17px;width: 354px;text-align: center\" colspan=\"2\" height=\"17\"><strong>Quartas-Feiras:<\/strong><\/td>\n<\/tr>\n<tr>\n<td style=\"height: 17px\" height=\"17\">J\u00falio Cesar Henao\u00a0&#8211; Sala: 45 P\u00f3s<\/td>\n<td>17:00 &#8211; 19:00hs<\/td>\n<\/tr>\n<tr>\n<td style=\"height: 17px;width: 354px;text-align: center\" colspan=\"2\" height=\"17\"><strong>Quintas-Feiras:<\/strong><\/td>\n<\/tr>\n<tr>\n<td style=\"height: 17px\" height=\"17\">Leandro Merces &#8211; Sala: 29 &#8211; P\u00f3s<\/td>\n<td>14:00 &#8211; 15:00hs<\/td>\n<\/tr>\n<tr>\n<td style=\"height: 17px\" height=\"17\">Edgar Landinez &#8211; Sala: 09 &#8211; P\u00f3s<\/td>\n<td style=\"width: 98px\">18:00 &#8211; 19:00hs<\/td>\n<\/tr>\n<\/tbody>\n<\/table>\n<p><\/p>","protected":false},"excerpt":{"rendered":"<p>ESTAS INFORMA\u00c7\u00d5ES S\u00c3O REFERENTES AO CURSO DE F128 DO 2S\/2012, E EST\u00c3O DESATUALIZADAS &nbsp; &nbsp; &nbsp; &nbsp; Professor Hor\u00e1rio Segundas-Feiras: Ricardo Donizeth &#8211; Sala:16 &#8211; P\u00f3s 12:00 &#8211; 13:00hs Douglas Oliveira &#8211; Sala:\u00a034 &#8211; DFA 13:00 &#8211; 14:00hs Edgar Landinez &#8211; Sala: 09 &#8211; P\u00f3s 13:00 &#8211; 14:00hs Ter\u00e7as-Feiras: Monica Morales Corredor\u00a0&#8211; Sala:32 &#8211; P\u00f3s &hellip; <\/p>\n<p><a class=\"more-link btn\" href=\"https:\/\/sites.ifi.unicamp.br\/f128\/atendimento\/\">Continue lendo<\/a><\/p>\n","protected":false},"author":19,"featured_media":0,"parent":0,"menu_order":6,"comment_status":"open","ping_status":"closed","template":"","meta":{"ngg_post_thumbnail":0,"footnotes":""},"class_list":["post-44","page","type-page","status-publish","hentry","nodate","item-wrap"],"_links":{"self":[{"href":"https:\/\/sites.ifi.unicamp.br\/f128\/wp-json\/wp\/v2\/pages\/44","targetHints":{"allow":["GET"]}}],"collection":[{"href":"https:\/\/sites.ifi.unicamp.br\/f128\/wp-json\/wp\/v2\/pages"}],"about":[{"href":"https:\/\/sites.ifi.unicamp.br\/f128\/wp-json\/wp\/v2\/types\/page"}],"author":[{"embeddable":true,"href":"https:\/\/sites.ifi.unicamp.br\/f128\/wp-json\/wp\/v2\/users\/19"}],"replies":[{"embeddable":true,"href":"https:\/\/sites.ifi.unicamp.br\/f128\/wp-json\/wp\/v2\/comments?post=44"}],"version-history":[{"count":43,"href":"https:\/\/sites.ifi.unicamp.br\/f128\/wp-json\/wp\/v2\/pages\/44\/revisions"}],"predecessor-version":[{"id":59,"href":"https:\/\/sites.ifi.unicamp.br\/f128\/wp-json\/wp\/v2\/pages\/44\/revisions\/59"}],"wp:attachment":[{"href":"https:\/\/sites.ifi.unicamp.br\/f128\/wp-json\/wp\/v2\/media?parent=44"}],"curies":[{"name":"wp","href":"https:\/\/api.w.org\/{rel}","templated":true}]}}