{"id":47,"date":"2011-08-28T18:38:02","date_gmt":"2011-08-28T21:38:02","guid":{"rendered":"https:\/\/sites.ifi.unicamp.br\/f128\/"},"modified":"2013-11-04T11:44:14","modified_gmt":"2013-11-04T13:44:14","slug":"ementa","status":"publish","type":"page","link":"https:\/\/sites.ifi.unicamp.br\/f128\/ementa\/","title":{"rendered":"Ementa"},"content":{"rendered":"<p><strong><font color=\"green\"> ESTAS INFORMA\u00c7\u00d5ES S\u00c3O REFERENTES AO CURSO DE F128 DO 2S\/2012, E EST\u00c3O DESATUALIZADAS<\/font><\/strong><br \/>\n<br \/>&nbsp; &nbsp; &nbsp;<br \/>\n<strong>1- Ementa:<\/strong><\/p>\n<p style=\"margin-left: 40px\">Introdu\u00e7\u00e3o &#8211; Movimento em 1D \u2013 Vetores; Movimento em 2D &#8211; For\u00e7a e Movimento I (Leis de Newton) &#8211; For\u00e7a e Movimento II (alguns exemplos de for\u00e7as) &#8211; Trabalho e Energia. Conserva\u00e7\u00e3o de Energia &#8211; Sistemas de Part\u00edculas. Colis\u00f5es &#8211; Cinem\u00e1tica Rotacional &#8211;\u00a0 Movimento de Rota\u00e7\u00e3o \u2013 Rolamento, Torque e Momento Angular I \u2013 Rolamento, Torque e Momento Angular II.<\/p>\n<p><strong>2-\u00a0 Livro texto:<\/strong><\/p>\n<p style=\"margin-left: 40px\"><span style=\"color: #ff0000\"><strong>Halliday, Resnick e Walker, Fundamentos da F\u00edsica \u2013 Vol. 1 \u00a0<strong>\u2013\u00a0<\/strong>8<span style=\"text-decoration: underline\"><sup>a<\/sup><\/span> edi\u00e7\u00e3o.<\/strong><\/span><\/p>\n<p style=\"margin-left: 40px\"><strong>Bibliografia adicional: <\/strong><\/p>\n<p style=\"margin-left: 80px\">a) H. M. Nussenzveig, Curso de F\u00edsica B\u00e1sica, Vol. 1<\/p>\n<p style=\"margin-left: 80px\">b) Alaor Chaves, J. F. Sampaio, F\u00edsica B\u00e1sica.<\/p>\n<p style=\"margin-left: 80px\">c) R. Serway e J. W. Jewett Jr., Principios de F\u00edsica, vol. 1<\/p>\n<p style=\"margin-left: 80px\">d) M. Afonso e E. Finn, Physics<\/p>\n<p style=\"margin-left: 80px\">e) F. Zemansky, Mec\u00e2nica.<\/p>\n<p style=\"margin-left: 80px\">f) P. A. Tipler, F\u00edsica, Vol. 1.<\/p>\n<p><strong>3- Datas das Provas, Testes e Crit\u00e9rio de Avalia\u00e7\u00e3o:<\/strong><\/p>\n<p style=\"margin-left: 40px\"><strong>Frequ\u00eancia<\/strong>: ser\u00e1 exigida frequ\u00eancia m\u00ednima a 75% das aulas.<\/p>\n<p style=\"margin-left: 40px\"><strong>Avalia\u00e7\u00f5es: <\/strong>ser\u00e3o aplicadas 03 provas e 03 testes de acordo com os conte\u00fados e calend\u00e1rio a seguir:<\/p>\n<p style=\"margin-left: 40px\"><strong>03 Provas:<\/strong>\u00a0P<sub>1 <\/sub>(caps. 1, 2, 3, 4);\u00a0\u00a0\u00a0\u00a0 P<sub>2 <\/sub>(caps. 5, 6, 7, 8); \u00a0\u00a0\u00a0 P<sub>3 <\/sub>(caps. 9, 10, 11);<\/p>\n<p style=\"margin-left: 40px\"><strong>03 Testes:\u00a0<\/strong>\u00a0T<sub>1 <\/sub>(Caps. 1, 2, 3); \u00a0\u00a0\u00a0\u00a0\u00a0\u00a0 T<sub>2 <\/sub>(Caps. 5, 6, 7); \u00a0\u00a0\u00a0\u00a0\u00a0\u00a0 T<sub>3 <\/sub>(Caps. 8, 9, 10).<\/p>\n<p style=\"margin-left: 40px\">\n<p style=\"margin-left: 40px\"><strong><span style=\"text-decoration: underline\">Calend\u00e1rio: TURMAS A\/I\/G\/H<\/span><\/strong><\/p>\n<p style=\"margin-left: 40px\"><strong>Datas dos Testes: T<sub>1 <\/sub>(03\/09\/12); \u00a0 \u00a0 T<sub>2<\/sub> (08\/10\/12); \u00a0 \u00a0 T<sub>3<\/sub> \u00a0(12\/11\/12) <\/strong><\/p>\n<p style=\"margin-left: 40px\"><strong>Datas das provas: P<sub>1<\/sub> (17\/09\/12); \u00a0 \u00a0 P<sub>2<\/sub>\u00a0 (22\/10\/12); \u00a0 \u00a0 P<sub>3<\/sub>\u00a0 (26\/11\/12)<\/strong><\/p>\n<p style=\"margin-left: 40px\">\n<p style=\"margin-left: 40px\"><strong><span style=\"text-decoration: underline\">Calend\u00e1rio: TURMAS C\/E\/R\/S<\/span><\/strong><\/p>\n<p style=\"margin-left: 40px\"><strong>Datas dos Testes: T<sub>1\u00a0<\/sub>(03\/09\/12); \u00a0 \u00a0 T<sub>2<\/sub>\u00a0(08\/10\/12); \u00a0 \u00a0 T<sub>3<\/sub>\u00a0\u00a0(12\/11\/12)<\/strong><\/p>\n<p style=\"margin-left: 40px\"><strong>Datas das provas: P<sub>1<\/sub> (19\/09\/12); \u00a0 \u00a0 P<sub>2<\/sub>\u00a0 (24\/10\/12); \u00a0 \u00a0 P<sub>3<\/sub>\u00a0 (28\/11\/12)<\/strong><\/p>\n<p style=\"margin-left: 40px\">\n<p style=\"margin-left: 40px\"><strong><span style=\"text-decoration: underline\">Nota:<\/span><\/strong> Os alunos s\u00f3 poder\u00e3o fazer provas nas turmas em que est\u00e3o matriculados. Provas feitas em outras turmas n\u00e3o ser\u00e3o consideradas.<\/p>\n<p style=\"margin-left: 40px\"><strong><span style=\"text-decoration: underline\">Datas<\/span><\/strong><strong><span style=\"text-decoration: underline\"> dos exames finais:\u00a0 TODAS AS TURMAS: 12\/12\/2012<\/span><\/strong><\/p>\n<p style=\"margin-left: 40px\"><strong>Composi\u00e7\u00e3o<\/strong><strong> das notas<\/strong><\/p>\n<p style=\"margin-left: 40px\">M\u00e9dia dos 3 testes\u00a0 (<strong>M<sub>T<\/sub><\/strong>):<\/p>\n<p style=\"margin-left: 40px\"><strong>\u00a0\u00a0\u00a0\u00a0\u00a0\u00a0\u00a0\u00a0\u00a0\u00a0\u00a0\u00a0\u00a0\u00a0\u00a0\u00a0\u00a0\u00a0\u00a0\u00a0\u00a0\u00a0\u00a0\u00a0 M<sub>T<\/sub> =<\/strong> <strong>\u00a0(T<sub>1<\/sub> + T<sub>2<\/sub> + T<sub>3<\/sub>)\/3<\/strong><\/p>\n<p style=\"margin-left: 40px\">A nota de aproveitamento (<strong>N<sub>A<\/sub><\/strong>) ser\u00e1 composta da seguinte maneira:<\/p>\n<p style=\"margin-left: 40px\">\u00a0\u00a0\u00a0\u00a0\u00a0\u00a0\u00a0\u00a0\u00a0\u00a0\u00a0\u00a0\u00a0\u00a0\u00a0\u00a0\u00a0\u00a0\u00a0\u00a0\u00a0\u00a0\u00a0\u00a0\u00a0\u00a0\u00a0\u00a0\u00a0\u00a0\u00a0\u00a0\u00a0\u00a0\u00a0\u00a0\u00a0 <strong>N<sub>A<\/sub> = (P<sub>1<\/sub> + P<sub>2<\/sub> + P<sub>3<\/sub> + M<sub>T<\/sub>)\/4<\/strong><\/p>\n<p style=\"margin-left: 40px\">Nota Final (<strong>N<sub>F<\/sub><\/strong>):<\/p>\n<p style=\"margin-left: 40px\">Se o aluno obtiver <strong>N<sub>A\u00a0<\/sub><\/strong><strong>\u2265 7,0,<\/strong> estar\u00e1 dispensado do exame final e sua nota final ser\u00e1 <strong>N<sub>F<\/sub> = N<sub>A<\/sub><\/strong>.<\/p>\n<p style=\"margin-left: 40px\">Caso contr\u00e1rio, a nota final ser\u00e1 composta por <strong>N<sub>A <\/sub><\/strong>e pela nota do exame final (<strong>E<sub>F<\/sub><\/strong>) da seguinte maneira:<\/p>\n<p style=\"margin-left: 40px\"><strong>N<sub>F<\/sub>\u00a0 =<\/strong> (<strong>N<sub>A<\/sub> + E<sub>F<\/sub>)\/ 2 <\/strong><\/p>\n<p style=\"margin-left: 40px\">Al\u00e9m dos requisitos de frequ\u00eancia, a aprova\u00e7\u00e3o exige uma nota final <strong>N<sub>F\u00a0<\/sub>\u00a0<\/strong><strong>\u2265\u00a0<\/strong><strong>5,0<\/strong>.<\/p>\n<p style=\"margin-left: 40px\">Excetuando-se os casos previstos em lei e no regimento da UNICAMP, n\u00e3o haver\u00e1 provas ou testes substitutivos.<\/p>\n<p><strong>4-\u00a0\u00a0 Estrutura do curso<\/strong><\/p>\n<p style=\"margin-left: 40px\">As aulas ser\u00e3o divididas, alternadamente, em aulas magnas e aulas explorat\u00f3rias. As aulas magnas (para 2 turmas juntas em um anfiteatro) s\u00e3o aulas te\u00f3ricas sobre o conte\u00fado da disciplina. As aulas explorat\u00f3rias (para um n\u00famero menor de estudantes em sala de aula) t\u00eam por objetivo o aprofundamento dos conceitos vistos nas aulas magnas atrav\u00e9s da resolu\u00e7\u00e3o de exerc\u00edcios e discuss\u00f5es focalizadas.<\/p>\n<p style=\"margin-left: 40px\"><strong>Sobre os testes<\/strong><\/p>\n<p style=\"margin-left: 40px\">Cada teste consistir\u00e1 de um exerc\u00edcio <strong><span style=\"text-decoration: underline\">baseado<\/span><\/strong> na lista disponibilizada na p\u00e1gina da disciplina. Os testes ser\u00e3o realizados<strong> <span style=\"text-decoration: underline\">no in\u00edcio das aulas explorat\u00f3rias<\/span><\/strong>, nas datas indicadas, e ter\u00e3o dura\u00e7\u00e3o m\u00e1xima de 20 minutos.<\/p>\n<p style=\"margin-left: 40px\"><strong>Uso de calculadora<\/strong><\/p>\n<p style=\"margin-left: 40px\">Os testes e as provas ser\u00e3o planejados para que n\u00e3o seja necess\u00e1rio o uso de calculadora.<\/p>\n<p><strong>5- Lista de exerc\u00edcios<\/strong><\/p>\n<p style=\"margin-left: 40px\">A <a href=\"https:\/\/sites.ifi.unicamp.br\/f128\/listas\/\">lista de exerc\u00edcios<\/a> de cada cap\u00edtulo ser\u00e1 fornecida no site da disciplina, ap\u00f3s cada Aula Magna correspondente.<\/p>\n<p><strong>6\u2013 Monitores, Consultas e Atendimento Extra-Classe<\/strong><\/p>\n<p style=\"margin-left: 40px\">Haver\u00e1 apoio de <a href=\"https:\/\/sites.ifi.unicamp.br\/f128\/monitoria\">monitores e atendimento extra-classe<\/a> em locais e hor\u00e1rios a serem divulgado no site da disciplina. As notas de todas as turmas, bem como qualquer novidade sobre a disciplina, tamb\u00e9m estar\u00e3o dispon\u00edveis na p\u00e1gina da Gradua\u00e7\u00e3o da F\u00edsica &#8211; IFGW, criada especialmente na HomePage-IFGW (<a href=\"http:\/\/www.ifi.unicamp.br\/\">http:\/\/www.ifi.unicamp.br<\/a>). Para acessar o site: uma vez dentro da HomePage-IFGW, consultar: gradua\u00e7\u00e3o; disciplinas; F128.<\/p>\n<p><strong>7\u2013 Revis\u00f5es de provas e testes<\/strong><\/p>\n<p style=\"margin-left: 40px\">As revis\u00f5es de provas ou testes somente ser\u00e3o efetuadas dentro do prazo legal de quinze dias ap\u00f3s as divulga\u00e7\u00f5es das notas das avalia\u00e7\u00f5es correspondentes, <strong><a href=\"http:\/\/www.dac.unicamp.br\/portal\/grad\/regimento\/capitulo_v\/secao_ii\/\">conforme artigo 59 do Regimento Geral dos Cursos de Gradua\u00e7\u00e3o da UNICAMP<\/a>. <\/strong>Para melhor atender a todos, ser\u00e1 combinado um hor\u00e1rio de atendimento no per\u00edodo destinado a esse fim.<\/p>\n<p><strong>8\u2013 Avisos Oficiais:<\/strong><\/p>\n<p style=\"margin-left: 40px\">Todos os alunos regularmente matriculados em cursos da Unicamp t\u00eam direito a um e-mail oficial gerado pela Diretoria Acad\u00eamica (DAC). Qualquer informa\u00e7\u00e3o oficial ser\u00e1 direcionada a este e-mail. Para maiores informa\u00e7\u00f5es dirija-se a DAC ou acesse o site:<\/p>\n<p style=\"margin-left: 40px\"><a href=\"http:\/\/www.dac.unicamp.br\/portal\/servicos_online\/alunos\/webmail_alunos\/\">http:\/\/www.dac.unicamp.br\/portal\/servicos_online\/alunos\/webmail_alunos\/<\/a><\/p>\n<p><\/p>","protected":false},"excerpt":{"rendered":"<p>ESTAS INFORMA\u00c7\u00d5ES S\u00c3O REFERENTES AO CURSO DE F128 DO 2S\/2012, E EST\u00c3O DESATUALIZADAS &nbsp; &nbsp; &nbsp; 1- Ementa: Introdu\u00e7\u00e3o &#8211; Movimento em 1D \u2013 Vetores; Movimento em 2D &#8211; For\u00e7a e Movimento I (Leis de Newton) &#8211; For\u00e7a e Movimento II (alguns exemplos de for\u00e7as) &#8211; Trabalho e Energia. Conserva\u00e7\u00e3o de Energia &#8211; Sistemas de &hellip; <\/p>\n<p><a class=\"more-link btn\" href=\"https:\/\/sites.ifi.unicamp.br\/f128\/ementa\/\">Continue lendo<\/a><\/p>\n","protected":false},"author":19,"featured_media":0,"parent":0,"menu_order":0,"comment_status":"closed","ping_status":"closed","template":"","meta":{"ngg_post_thumbnail":0,"footnotes":""},"class_list":["post-47","page","type-page","status-publish","hentry","nodate","item-wrap"],"_links":{"self":[{"href":"https:\/\/sites.ifi.unicamp.br\/f128\/wp-json\/wp\/v2\/pages\/47","targetHints":{"allow":["GET"]}}],"collection":[{"href":"https:\/\/sites.ifi.unicamp.br\/f128\/wp-json\/wp\/v2\/pages"}],"about":[{"href":"https:\/\/sites.ifi.unicamp.br\/f128\/wp-json\/wp\/v2\/types\/page"}],"author":[{"embeddable":true,"href":"https:\/\/sites.ifi.unicamp.br\/f128\/wp-json\/wp\/v2\/users\/19"}],"replies":[{"embeddable":true,"href":"https:\/\/sites.ifi.unicamp.br\/f128\/wp-json\/wp\/v2\/comments?post=47"}],"version-history":[{"count":21,"href":"https:\/\/sites.ifi.unicamp.br\/f128\/wp-json\/wp\/v2\/pages\/47\/revisions"}],"predecessor-version":[{"id":1817,"href":"https:\/\/sites.ifi.unicamp.br\/f128\/wp-json\/wp\/v2\/pages\/47\/revisions\/1817"}],"wp:attachment":[{"href":"https:\/\/sites.ifi.unicamp.br\/f128\/wp-json\/wp\/v2\/media?parent=47"}],"curies":[{"name":"wp","href":"https:\/\/api.w.org\/{rel}","templated":true}]}}