{"id":86,"date":"2013-12-06T12:24:32","date_gmt":"2013-12-06T14:24:32","guid":{"rendered":"https:\/\/sites.ifi.unicamp.br\/modelo\/?page_id=28"},"modified":"2022-12-03T12:23:07","modified_gmt":"2022-12-03T15:23:07","slug":"ensino","status":"publish","type":"page","link":"https:\/\/sites.ifi.unicamp.br\/fauth\/ensino\/","title":{"rendered":"Mat\u00e9ria e Radia\u00e7\u00e3o &#8211; Ensino M\u00e9dio"},"content":{"rendered":"<p style=\"text-align: center\">Clique na figura!&nbsp;<\/p>\n<p><a href=\"http:\/\/www.ifi.unicamp.br\/~fauth\/materiaradiacaoACFauth.html\" target=\"_blank\" rel=\"attachment noopener wp-att-233\"><img loading=\"lazy\" decoding=\"async\" class=\"size-medium wp-image-233 aligncenter\" src=\"https:\/\/sites.ifi.unicamp.br\/fauth\/files\/2013\/12\/FI_D8_T1_I02_-300x141.jpg\" alt=\"FI_D8_T1_I02_\" width=\"300\" height=\"141\" srcset=\"https:\/\/sites.ifi.unicamp.br\/fauth\/files\/2013\/12\/FI_D8_T1_I02_-300x141.jpg 300w, https:\/\/sites.ifi.unicamp.br\/fauth\/files\/2013\/12\/FI_D8_T1_I02_.jpg 400w\" sizes=\"auto, (max-width: 300px) 100vw, 300px\" \/><\/a><\/p>\n","protected":false},"excerpt":{"rendered":"<p>Clique na figura!&nbsp;<\/p>\n","protected":false},"author":91,"featured_media":0,"parent":0,"menu_order":2,"comment_status":"closed","ping_status":"closed","template":"","meta":{"ngg_post_thumbnail":0,"footnotes":""},"class_list":["post-86","page","type-page","status-publish","hentry","nodate","item-wrap"],"_links":{"self":[{"href":"https:\/\/sites.ifi.unicamp.br\/fauth\/wp-json\/wp\/v2\/pages\/86","targetHints":{"allow":["GET"]}}],"collection":[{"href":"https:\/\/sites.ifi.unicamp.br\/fauth\/wp-json\/wp\/v2\/pages"}],"about":[{"href":"https:\/\/sites.ifi.unicamp.br\/fauth\/wp-json\/wp\/v2\/types\/page"}],"author":[{"embeddable":true,"href":"https:\/\/sites.ifi.unicamp.br\/fauth\/wp-json\/wp\/v2\/users\/91"}],"replies":[{"embeddable":true,"href":"https:\/\/sites.ifi.unicamp.br\/fauth\/wp-json\/wp\/v2\/comments?post=86"}],"version-history":[{"count":14,"href":"https:\/\/sites.ifi.unicamp.br\/fauth\/wp-json\/wp\/v2\/pages\/86\/revisions"}],"predecessor-version":[{"id":269,"href":"https:\/\/sites.ifi.unicamp.br\/fauth\/wp-json\/wp\/v2\/pages\/86\/revisions\/269"}],"wp:attachment":[{"href":"https:\/\/sites.ifi.unicamp.br\/fauth\/wp-json\/wp\/v2\/media?parent=86"}],"curies":[{"name":"wp","href":"https:\/\/api.w.org\/{rel}","templated":true}]}}