{"id":95,"date":"2014-01-06T16:08:16","date_gmt":"2014-01-06T18:08:16","guid":{"rendered":"https:\/\/sites.ifi.unicamp.br\/modelodocente\/?page_id=77"},"modified":"2022-12-03T12:22:20","modified_gmt":"2022-12-03T15:22:20","slug":"quem-sou","status":"publish","type":"page","link":"https:\/\/sites.ifi.unicamp.br\/fauth\/","title":{"rendered":"Quem sou"},"content":{"rendered":"<p><img loading=\"lazy\" decoding=\"async\" class=\"alignleft size-full wp-image-142\" src=\"https:\/\/sites.ifi.unicamp.br\/fauth\/files\/2014\/01\/fauth.jpg\" alt=\"fauth\" width=\"200\" height=\"252\" \/>\u00c9 professor associado do Instituto de F\u00edsica Gleb Wataghin da UNICAMP onde defendeu a Livre Doc\u00eancia em 2004. Doutor em Ci\u00eancias pela UNICAMP, realizou p\u00f3s-doutoramentos junto ao Instituto de Cosmo-Geof\u00edsica, Turin e Instituto Nacional de F\u00edsica Nuclear, Frascati, na It\u00e1lia. Tem experi\u00eancia na \u00e1rea de F\u00edsica de Altas Energias, com \u00eanfase em raios c\u00f3smicos e sistemas de detec\u00e7\u00e3o de part\u00edculas. \u00c9 respons\u00e1vel pelo sistema de veto de raios c\u00f3smicos do detector de ondas gravitacionais Mario Schenberg. \u00c9 o coordenador paulista do projeto de instala\u00e7\u00e3o de dois telesc\u00f3pios de raios c\u00f3smicos (SP e RJ) para estudo da atividade solar e mudan\u00e7as clim\u00e1ticas globais. Participa desde 1994 da Colabora\u00e7\u00e3o Pierre Auger. Foi chefe do Departamento de Raios C\u00f3smicos e Cronologia-UNICAMP (2004-2008).<\/p>\n","protected":false},"excerpt":{"rendered":"<p>\u00c9 professor associado do Instituto de F\u00edsica Gleb Wataghin da UNICAMP onde defendeu a Livre Doc\u00eancia em 2004. Doutor em Ci\u00eancias pela UNICAMP, realizou p\u00f3s-doutoramentos junto ao Instituto de Cosmo-Geof\u00edsica, Turin e Instituto Nacional de F\u00edsica Nuclear, Frascati, na It\u00e1lia. Tem experi\u00eancia na \u00e1rea de F\u00edsica de Altas Energias, com \u00eanfase em raios c\u00f3smicos e &hellip; <\/p>\n<p><a class=\"more-link btn\" href=\"https:\/\/sites.ifi.unicamp.br\/fauth\/\">Continue lendo<\/a><\/p>\n","protected":false},"author":5,"featured_media":0,"parent":0,"menu_order":0,"comment_status":"closed","ping_status":"closed","template":"","meta":{"ngg_post_thumbnail":0,"footnotes":""},"class_list":["post-95","page","type-page","status-publish","hentry","nodate","item-wrap"],"_links":{"self":[{"href":"https:\/\/sites.ifi.unicamp.br\/fauth\/wp-json\/wp\/v2\/pages\/95","targetHints":{"allow":["GET"]}}],"collection":[{"href":"https:\/\/sites.ifi.unicamp.br\/fauth\/wp-json\/wp\/v2\/pages"}],"about":[{"href":"https:\/\/sites.ifi.unicamp.br\/fauth\/wp-json\/wp\/v2\/types\/page"}],"author":[{"embeddable":true,"href":"https:\/\/sites.ifi.unicamp.br\/fauth\/wp-json\/wp\/v2\/users\/5"}],"replies":[{"embeddable":true,"href":"https:\/\/sites.ifi.unicamp.br\/fauth\/wp-json\/wp\/v2\/comments?post=95"}],"version-history":[{"count":7,"href":"https:\/\/sites.ifi.unicamp.br\/fauth\/wp-json\/wp\/v2\/pages\/95\/revisions"}],"predecessor-version":[{"id":257,"href":"https:\/\/sites.ifi.unicamp.br\/fauth\/wp-json\/wp\/v2\/pages\/95\/revisions\/257"}],"wp:attachment":[{"href":"https:\/\/sites.ifi.unicamp.br\/fauth\/wp-json\/wp\/v2\/media?parent=95"}],"curies":[{"name":"wp","href":"https:\/\/api.w.org\/{rel}","templated":true}]}}