{"id":86,"date":"2013-12-06T12:24:32","date_gmt":"2013-12-06T12:24:32","guid":{"rendered":"http:\/\/sites.ifi.unicamp.br\/modelo\/?page_id=28"},"modified":"2025-11-23T14:57:33","modified_gmt":"2025-11-23T17:57:33","slug":"ensino","status":"publish","type":"page","link":"https:\/\/sites.ifi.unicamp.br\/fi204\/ensino\/","title":{"rendered":"Ensino"},"content":{"rendered":"<p><a href=\"https:\/\/sites.ifi.unicamp.br\/fi204\/files\/2025\/11\/Copia-slides-sobre-adsorcao-difusao-superficial-e-crescimento-de-filmes.pdf\">Co\u0301pia slides sobre adsorc\u0327a\u0303o, difusa\u0303o superficial e crescimento de filmes<\/a><\/p>\n<p><a href=\"https:\/\/sites.ifi.unicamp.br\/fi204\/files\/2025\/11\/PARA-A-SEGUNDA-PROVA-DE-FI204-EM-26112025-1.pdf\">PARA A SEGUNDA PROVA DE FI204 EM 26:11:2025<\/a><\/p>\n<p><a href=\"https:\/\/sites.ifi.unicamp.br\/fi204\/files\/2025\/08\/Ref-1.-Teoria-cinetica-dos-gases-rarefeitos.pdf\">Ref 1. Teoria cine\u0301tica dos gases rarefeitos<\/a>. (Texto interno do IFGW).<\/p>\n<p><a href=\"https:\/\/sites.ifi.unicamp.br\/fi204\/files\/2025\/08\/Ref-2.-Maissel-and-Glang-cap.-1-Vacuum-Evaporation.pdf\">Ref 2. &#8220;Handbook of Thin Film Technology&#8221;, L I Maissel and R. Glang, cap. 1,\u00a0 McGraw-Hill,\u00a0 (1970).<\/a><\/p>\n<p><a href=\"https:\/\/sites.ifi.unicamp.br\/fi204\/files\/2025\/08\/Ref-3.-Mahan-cap-1-Introduction-to-Phys.-Vapor-Dep.pdf\">Ref. 3. &#8220;Physical Vapor Deposition of Thin Films&#8221;,\u00a0 J. E. Mahan,\u00a0 cap. I, John Wiley, (2000).<\/a><\/p>\n<p><a href=\"https:\/\/sites.ifi.unicamp.br\/fi204\/files\/2025\/08\/Ref-4.-A-Lei-de-Raoult.pdf\">Ref 4. A Lei de Raoult. (Ver Ref. 2, p\u00e1gs.1-73 a 1-78).<\/a><\/p>\n<p><a href=\"https:\/\/sites.ifi.unicamp.br\/fi204\/files\/2025\/08\/Ref-5.-Evaporacao-reativa-ativada.pdf\">Ref 5. Evapora\u00e7\u00e3o reativa<\/a>.<\/p>\n<p><a href=\"https:\/\/sites.ifi.unicamp.br\/fi204\/files\/2025\/08\/Ref-6.-Maissel-and-Glang-ch-11-Film-Thickness-and-Composition.pdf\">Ref 6. Perfilometria de alta resolu\u00e7\u00e3o. (Ver Ref. 2, cap. 11, p\u00e1gs. 11-<\/a>29 a 11-31).<\/p>\n<p><a style=\"background-color: #ffffff\" href=\"https:\/\/sites.ifi.unicamp.br\/fi204\/files\/2025\/08\/Ref.7.-Sobre-a-evaporacao-de-GaAs.pdf\">Ref.7. Sobre evapora\u00e7\u00e3o de GaAs.\u00a0<\/a><\/p>\n<p><a href=\"https:\/\/sites.ifi.unicamp.br\/fi204\/files\/2025\/08\/Smith-A3-Thin-Film-Deposition-pp-100-115.pdf\">Ref. 8, &#8220;Thin Film Deposition&#8221;,\u00a0 D. L. Smith, cap. 4, McGraw-Hill, (1995), p\u00e1gs. 101-105.<\/a>.<\/p>\n<p><a href=\"https:\/\/sites.ifi.unicamp.br\/fi204\/files\/2025\/08\/Ref.-9-.22Handbook-of-Thin-Film-Technology22-Maissel-and-Glang-cap.-3-Mc-Graw-Hill-1970.pdf\">Ref. 9 .Handbook of Thin Film Technology, Maissel and Glang, cap. 3, Mc Graw-Hill (1970)<\/a><\/p>\n<p><a href=\"https:\/\/sites.ifi.unicamp.br\/fi204\/files\/2025\/08\/Ref.-10.-22Glow-Discharge-Processes22-B.-Chapman-ch-6-John-Wiley-1980.-pdf.pdf\">Ref. 10. Glow Discharge Processes B. Chapman, ch 6, John Wiley, (1980). pdf<\/a><\/p>\n<p><a href=\"https:\/\/sites.ifi.unicamp.br\/fi204\/files\/2025\/09\/Ref.-11.-22Thin-Film-Processes22-J.-L.-Vossen-and-W.-Kern-chs.-I-1-to-II-5-Academic-Press-1978.pdf\">Ref. 11. Thin Film Processes, J. L. Vossen and W. Kern, chs. I-1 to II-5, Academic Press (1978)<\/a><\/p>\n<p><a href=\"https:\/\/sites.ifi.unicamp.br\/fi204\/files\/2025\/09\/REF.12.-Determinacao-semiquantitativa-da-densidade-de-um-vapor-no-plasma.pdf\">Ref. 12. Determinac\u0327a\u0303o semiquantitativa da densidade de um vapor no plasma<\/a><\/p>\n<p><a href=\"https:\/\/sites.ifi.unicamp.br\/fi204\/files\/2025\/09\/Ref.-13.-22Glow-Discharde-Processes22-B.-Chapman-cap.-2-John-Wiley-1980.pdf\">Ref. 13. Glow Discharde Processes, B. Chapman, cap. 2, John Wiley (1980)<\/a><\/p>\n<p><a href=\"https:\/\/sites.ifi.unicamp.br\/fi204\/files\/2025\/09\/Ref.-14.-22Glow-Discharge-Processes22-B.-Chapman-cap.-4-John-Wiley-1980.pdf\">Ref. 14. Glow Discharge Processes, B. Chapman, cap. 4, John <\/a><a href=\"https:\/\/sites.ifi.unicamp.br\/fi204\/files\/2025\/09\/Ref.-14.-22Glow-Discharge-Processes22-B.-Chapman-cap.-4-John-Wiley-1980.pdf\">Wiley (1980)<\/a><\/p>\n<p><a href=\"https:\/\/sites.ifi.unicamp.br\/fi204\/files\/2025\/09\/Ref.-15.-22Glow-Discharge-Processes-B.-Chapman-cap.-3-John-Wiley-1980.pdf\">Ref. 15. Glow Discharge Processes, B. Chapman, cap. 3, John Wiley (1980)<\/a><\/p>\n<p><a href=\"https:\/\/sites.ifi.unicamp.br\/fi204\/files\/2025\/09\/Adsorcao-Difusao-Superficial-e-Crescimento-de-Flmes.pdf\">Ref. 16.Adsorc\u0327a\u0303o, Difusa\u0303o Superficial e Crescimento de Flmes<\/a><\/p>\n<p><a href=\"https:\/\/sites.ifi.unicamp.br\/fi204\/files\/2025\/09\/Chapman-ch-5-RF-Discharges.pdf\">REf. 17. Glow Discharge Processes, B. Chapman, cap. 5, John Wiley (1980)<\/a><\/p>\n<p><a href=\"https:\/\/sites.ifi.unicamp.br\/fi204\/files\/2025\/10\/Scanner-10-10-2025-2.pdf\">Ref. 19. &#8220;Thin Film Technology&#8221;, L. Maissel e R. Glang, cap. 8, p\u00e1gs. 8-8 e 8-9, McGraw -Hill (1970).<\/a><\/p>\n<p><a href=\"https:\/\/sites.ifi.unicamp.br\/fi204\/files\/2025\/10\/Scanner-10-10-2025-1.pdf\">Ref. 20. &#8220;Thin Flm Deposition&#8221;, D.L. Smith, cap.10, se\u00e7\u00e3o\u00a0 10.3.2, McGraw-Hill (1995).<\/a><\/p>\n<p><a href=\"https:\/\/sites.ifi.unicamp.br\/fi204\/files\/2025\/10\/Scanner-10-10-2025-3.pdf\">Ref. 21. &#8220;Thin Film Technology&#8221;, L. Maisell e R. Glang, cap. 13, McGraw-Hill (1970).<\/a><\/p>\n<p><a href=\"https:\/\/sites.ifi.unicamp.br\/fi204\/files\/2025\/10\/Scanner-10-10-2025-4.pdf\">Ref. 22. Idem, cap. 14.<\/a><\/p>\n<p><a href=\"https:\/\/sites.ifi.unicamp.br\/fi204\/files\/2025\/11\/Leaver-and-Chapman-ch-6-Optical-Properties-and-Appl-of-Thin-Films.pdf\">Ref. 23. &#8220;Thin Films&#8221;, K.D. Leaver and B. N. Chapman, cap. 6, Spinger Verlag (1971).<\/a><\/p>\n<p><a href=\"https:\/\/sites.ifi.unicamp.br\/fi204\/files\/2025\/11\/Para-a-segunda-provaB.pdf\">Ref. 24. Resumo de textos de v\u00e1rios autores em &#8220;Thin Film Technology&#8221;, L. Maissel e R. Glang, eds., McGraw-Hill (1970). <\/a><\/p>\n<p><a href=\"https:\/\/sites.ifi.unicamp.br\/fi204\/files\/2025\/11\/Copia-slides-sobre-ropriedades-eletricas-de-filmes.pdf\">Co\u0301pia slides sobre propriedades ele\u0301tricas de filmes<\/a><\/p>\n<p><a href=\"https:\/\/sites.ifi.unicamp.br\/fi204\/files\/2025\/11\/Copia-slides-sobre-ropriedades-mecanicas-de-filmes-finos.pdf\">Co\u0301pia slides sobre propriedades meca\u0302nicas de filmes finos<\/a><\/p>\n<p>&nbsp;<\/p>\n<p>&nbsp;<\/p>\n<p>&nbsp;<\/p>\n<p><a href=\"https:\/\/sites.ifi.unicamp.br\/fi204\/files\/2025\/11\/Copia-slides-sobre-propriedades-opticas.pdf\">Co\u0301pia slides sobre propriedades o\u0301pticas de filmes<\/a><\/p>\n<p><a href=\"https:\/\/sites.ifi.unicamp.br\/fi204\/files\/2025\/09\/Copia-slides-da-apresentacao-de-plasmas-de-descarga-uminescente.pdf\">Co\u0301pia slides da apresentac\u0327a\u0303o de plasmas de descarga luminescente<\/a><\/p>\n<p><a href=\"https:\/\/sites.ifi.unicamp.br\/fi204\/files\/2025\/09\/Copia-conjunto-de-slides-de-natureza-do-processo-de-sputtering.pdf\">Co\u0301pia conjunto de slides de natureza do processo de sputtering<\/a><\/p>\n<p><a href=\"https:\/\/sites.ifi.unicamp.br\/fi204\/files\/2025\/08\/Copia-dos-slides-de-Deposicao-de-Filmes-por-Evaporacao-Termica.pdf\">Co\u0301pia dos slides de Deposic\u0327a\u0303o de Filmes por Evaporac\u0327a\u0303o Te\u0301rmica<\/a><\/p>\n<p><a href=\"https:\/\/sites.ifi.unicamp.br\/fi204\/files\/2025\/09\/Copia-dos-slides-de-Natureza-do-Processo-de-Sputtering.pdf\">Co\u0301pia dos slides de Natureza do Processo de Sputtering<\/a><\/p>\n<p><a href=\"https:\/\/sites.ifi.unicamp.br\/fi204\/files\/2025\/09\/Copia-do-conjuto-de-sildes-de-Colisoes-na-Fase-Gasosa.pdf\">Co\u0301pia do conjunto de sildes de Coliso\u0303es na Fase Gasosa<\/a><\/p>\n<p><a href=\"https:\/\/sites.ifi.unicamp.br\/fi204\/files\/2025\/07\/Relacoes-importantes-em-teoria-cinetica-dos-gases.pdf\">Relac\u0327o\u0303es importantes em teoria cine\u0301tica dos gases<\/a><\/p>\n<p><a href=\"https:\/\/sites.ifi.unicamp.br\/fi204\/files\/2025\/07\/Evaporacao-de-uma-fonte-esferica.pdf\">Evaporac\u0327a\u0303o de uma fonte esfe\u0301rica<\/a><\/p>\n<p><a href=\"https:\/\/sites.ifi.unicamp.br\/fi204\/files\/2025\/08\/Exercicios-sobre-Evaporacao-Termica.pdf\">Exerci\u0301cios sobre Evaporac\u0327a\u0303o Termica<\/a><\/p>\n<p><a href=\"https:\/\/sites.ifi.unicamp.br\/fi204\/files\/2025\/08\/Copia-slides-de-Controle-do-Processo-de-Deposicao.pdf\">Co\u0301pia dos slides de Controle do Processo de Deposic\u0327a\u0303o<\/a><\/p>\n<p><a href=\"https:\/\/sites.ifi.unicamp.br\/fi204\/files\/2025\/05\/Chapman-ch-5-RF-Discharges.pdf\">3. Chapman, ch 5, RF Discharges<\/a><\/p>\n<p><a href=\"https:\/\/sites.ifi.unicamp.br\/fi204\/files\/2025\/05\/Vossen-chs-I-1-to-II-5.pdf\">4. Vossen-Kern, chs I-1 to II-5<\/a><\/p>\n<p><a href=\"https:\/\/sites.ifi.unicamp.br\/fi204\/files\/2025\/05\/Chapman-ch-3-Plasmas.pdf\">5. Chapman, ch 3, Plasmas<\/a><\/p>\n<p><a href=\"https:\/\/sites.ifi.unicamp.br\/fi204\/files\/2025\/05\/Copias-slides-de-deposicao-por-evaporacao-termica-3.pdf\">6. Co\u0301pias slides de deposic\u0327a\u0303o por evaporac\u0327a\u0303o te\u0301rmica<\/a><\/p>\n<p><a href=\"https:\/\/sites.ifi.unicamp.br\/fi204\/files\/2025\/05\/Maissel-and-Glang-ch-1-Vacuum-Evaporation.pdf\">7. Maissel and Glang, ch 1, Vacuum Evaporation<\/a><\/p>\n<p><a href=\"https:\/\/sites.ifi.unicamp.br\/fi204\/files\/2025\/05\/Maissel-and-Glang-cap.-3-The-Nature-of-Physical-Sputtering-e-cap.-4-Application-of-Sputtering-to-the-Deposition-of-Thin-Films.pdf\">8. Maissel and Glang, cap. 3, The Nature of Physical Sputtering; e cap. 4, Application of Sputtering to the Deposition of Thin Films<\/a><\/p>\n<p><a href=\"https:\/\/sites.ifi.unicamp.br\/fi204\/files\/2025\/05\/Chapman-ch-6-Sputtering.pdf\">9. Chapman, ch 6, Sputtering<\/a><\/p>\n<p><a href=\"https:\/\/sites.ifi.unicamp.br\/fi204\/files\/2024\/07\/Teoria-cinetica-dos-gases-rarefeitos.pdf\">9. Teoria cin\u00e9tica dos gases rarefeitos<\/a><\/p>\n<p><a href=\"https:\/\/sites.ifi.unicamp.br\/fi204\/files\/2024\/08\/Fonte-esferica.pdf\">10. Fonte esf\u00e9rica<\/a><\/p>\n<p><a href=\"https:\/\/sites.ifi.unicamp.br\/fi204\/files\/2024\/07\/Tabela-de-Pressao-de-Vapor-dos-Elementos.pdf\">11. Tabela de Press\u00e3o de Vapor dos Elementos<\/a><\/p>\n<p><a href=\"https:\/\/sites.ifi.unicamp.br\/fi204\/files\/2024\/07\/Temperatura-de-Materiais-de-Suporte-Usados-na.pdf\">12. Tabela de Temperatura de Materiais de Suporte Usados na<\/a> Evap dos Elem<\/p>\n<p><a href=\"https:\/\/sites.ifi.unicamp.br\/fi204\/files\/2024\/08\/Evaporacao-Direta-de-Compostos-Inorganicos.pdf\">13. Tabela de Evaporac\u0327a\u0303o Direta de Compostos Inorga\u0302nicos<\/a><\/p>\n<p><a href=\"https:\/\/sites.ifi.unicamp.br\/fi204\/files\/2024\/07\/Tabela-para-Evaporacao-com-Duas-Fontes.pdf\">14. Tabela para Evapora\u00e7\u00e3o com Duas Fontes<\/a><\/p>\n<p><a href=\"https:\/\/sites.ifi.unicamp.br\/fi204\/files\/2024\/07\/A-Lei-de-Raoult.pdf\">15. A Lei de Raoult<\/a><\/p>\n<p><a href=\"https:\/\/sites.ifi.unicamp.br\/fi204\/files\/2024\/08\/Copia-slides-de-controle-de-deposicao-I.pdf\">16. Co\u0301pia slides de controle de deposic\u0327a\u0303o I<\/a><\/p>\n<p><a href=\"https:\/\/sites.ifi.unicamp.br\/fi204\/files\/2024\/08\/Fisica-de-Vacuo-Conceitos-Basicos.pdf\">17. Fi\u0301sica de Va\u0301cuo &#8211; Conceitos Ba\u0301sicos<\/a><\/p>\n<p><a href=\"https:\/\/sites.ifi.unicamp.br\/fi204\/files\/2024\/08\/Bombas-de-vacuo.pdf\">18. Bombas de va\u0301cuo<\/a><\/p>\n<p><a href=\"https:\/\/sites.ifi.unicamp.br\/fi204\/files\/2024\/08\/Manometros-de-Vacuo-e-Sensores-de-Fluxo-de-Gas.pdf\">19. Mano\u0302metros de Va\u0301cuo e Sensores de Fluxo de Ga\u0301s<\/a><\/p>\n<p><a href=\"https:\/\/sites.ifi.unicamp.br\/fi204\/files\/2024\/08\/Copia-slides-bombas-de-vacuo.pdf\">20. C\u00f3pia slides bombas de v\u00e1cuo<\/a><\/p>\n<p><a href=\"https:\/\/sites.ifi.unicamp.br\/fi204\/files\/2024\/08\/Copia-slides-manometros-de-vacuo.pdf\">21. C\u00f3pia slides man\u00f4metros de v\u00e1cuo<\/a><\/p>\n<p><a href=\"https:\/\/sites.ifi.unicamp.br\/fi204\/files\/2024\/08\/Copia-slides-de-colisoes.pdf\">22. C\u00f3pia slides de colis\u00f5es<\/a><\/p>\n<p><a href=\"https:\/\/sites.ifi.unicamp.br\/fi204\/files\/2024\/08\/Copia-slides-natureza-do-efeito-de-sputtering.pdf\">23. C\u00f3pia slides natureza do efeito de sputte<\/a><\/p>\n<p><a href=\"https:\/\/sites.ifi.unicamp.br\/fi204\/files\/2024\/08\/Capiitulo-de-optica-Leaver-e-Chapman.pdf\">25. Cap\u00edtulo de \u00f3ptica (Leaver e Chapman)<\/a><\/p>\n<p><a href=\"https:\/\/sites.ifi.unicamp.br\/fi204\/files\/2024\/08\/Tabelas-de-Rendimento-de-Sputtering.docx\">26. Tabelas de Rendimento de Sputtering<\/a><\/p>\n<p><a href=\"https:\/\/sites.ifi.unicamp.br\/fi204\/files\/2024\/09\/Copia-slides-plasmas-de-descarga-luminescente.pdf\">27. Co\u0301pia slides plasmas de descarga luminescente<\/a><\/p>\n<p><a href=\"https:\/\/sites.ifi.unicamp.br\/fi204\/files\/2025\/05\/Chapman-ch-2-Gas-Phase-Collision-Processes.pdf\">28. Chapman, ch 2, Gas Phase Collision Processes<\/a><\/p>\n<p><a href=\"https:\/\/sites.ifi.unicamp.br\/fi204\/files\/2024\/09\/Copia-slides-sputt-reativo.pdf\">29. Co\u0301pia slides sputtering reativo<\/a><\/p>\n<p><a href=\"https:\/\/sites.ifi.unicamp.br\/fi204\/files\/2024\/09\/DC-Glow-Discharges-Cap-4-Chapman.pdf\">30. DC Glow Discharges Cap 4 Chapman<\/a><\/p>\n<p><a href=\"https:\/\/sites.ifi.unicamp.br\/fi204\/files\/2024\/09\/Sputtering-Cap-6-Chapman.pdf\">31. Sputtering Cap 6 Chapman<\/a><\/p>\n<p><a href=\"https:\/\/sites.ifi.unicamp.br\/fi204\/files\/2024\/09\/Copia-slides-dep-com-polarizacao-do-substrato.pdf\">32. Co\u0301pia slides sputtering com polariza\u00e7\u00e3o do substrato<\/a><\/p>\n<p><a href=\"https:\/\/sites.ifi.unicamp.br\/fi204\/files\/2024\/09\/Copia-slides-deposicao-por-PECVD.pdf\">33. Co\u0301pia slides deposic\u0327a\u0303o por PECVD<\/a><\/p>\n<p><a href=\"https:\/\/sites.ifi.unicamp.br\/fi204\/files\/2024\/09\/Copia-slides-sputt-fonte-e-fatores.pdf\">34. Co\u0301pia slides sputtering &#8211; fontes e taxas<\/a><\/p>\n<p><a href=\"https:\/\/sites.ifi.unicamp.br\/fi204\/files\/2024\/09\/Copia-slides-sputt-reativo.pdf\">35. Co\u0301pia slides sputt reativo<\/a><\/p>\n<p><a href=\"https:\/\/sites.ifi.unicamp.br\/fi204\/files\/2024\/09\/Copia-slides-sputt-RF.pdf\">36. Co\u0301pia slides sputt RF<\/a><\/p>\n<p><a href=\"https:\/\/sites.ifi.unicamp.br\/fi204\/files\/2024\/09\/Exercicio-refeito-sobre-celula-de-efusao.pdf\">37. Exerci\u0301cio (refeito) sobre ce\u0301lula de efusa\u0303o<\/a><\/p>\n<p><a href=\"https:\/\/sites.ifi.unicamp.br\/fi204\/files\/2024\/09\/Exercicios-e-solucoes-sobre-vacuo-e-sputtering.pdf\">38. Exerci\u0301cios e soluc\u0327o\u0303es sobre va\u0301cuo e sputtering<\/a><\/p>\n<p><a href=\"https:\/\/sites.ifi.unicamp.br\/fi204\/files\/2024\/09\/Propriedades-eletricas-filmes-metalicos.pdf\">39. Propriedades ele\u0301tricas filmes meta\u0301licos<\/a><\/p>\n<p><a href=\"https:\/\/sites.ifi.unicamp.br\/fi204\/files\/2024\/10\/Propriedades-eletricas-de-metais.pdf\">40. Propriedades ele\u0301tricas de metais<\/a><\/p>\n<p><a href=\"https:\/\/sites.ifi.unicamp.br\/fi204\/files\/2024\/11\/Copia-slides-sobre-propiedades-eletricas.pdf\">41. Co\u0301pia slides sobre propiedades ele\u0301tricas<\/a><\/p>\n<p><a href=\"https:\/\/sites.ifi.unicamp.br\/fi204\/files\/2024\/10\/Problemas-resolvidos-1a-prova-sem-II-2024.pdf\">42. Problemas resolvidos 1a prova sem II 2024<\/a><\/p>\n<p><a href=\"https:\/\/sites.ifi.unicamp.br\/fi204\/files\/2024\/10\/Adsorcao-Difusao-Superficial-e-Crescimento-de-Flmes.pdf\">43. Adsorc\u0327a\u0303o, Difusa\u0303o Superficial e Crescimento de Flmes<\/a><\/p>\n<p><a href=\"https:\/\/sites.ifi.unicamp.br\/fi204\/files\/2024\/11\/SIMS-Friedbacher-Bubert.pdf\">44. SIMS (Friedbacher-Bubert)<\/a><\/p>\n<p><a href=\"https:\/\/sites.ifi.unicamp.br\/fi204\/files\/2024\/11\/Ion-Beam-Etching-Vossen-II.pdf\">45. Ion Beam Etching (Vossen II)<\/a><\/p>\n<p><a href=\"https:\/\/sites.ifi.unicamp.br\/fi204\/files\/2024\/11\/Efeito-Hall-em-semicondutores.pdf\">46. Efeito Hall em semicondutores<\/a><\/p>\n<p><a href=\"https:\/\/sites.ifi.unicamp.br\/fi204\/files\/2024\/11\/Proriedades-Mecanicas-de-Filmes.pdf\">47. Proriedades Meca\u0302nicas de Filmes<\/a><\/p>\n<p><a href=\"https:\/\/sites.ifi.unicamp.br\/fi204\/files\/2024\/11\/Notas-sobre-calculos-em-XPS.pdf\">48. Notas sobre ca\u0301lculos em XPS<\/a><\/p>\n<p><a href=\"https:\/\/sites.ifi.unicamp.br\/fi204\/files\/2024\/11\/Artigo-sobre-secoes-dee-choque-de-XPS-Scofield.pdf\">49. Artigo sobre sec\u0327o\u0303es dee choque de XPS (Scofield)<\/a><\/p>\n<p><a href=\"https:\/\/sites.ifi.unicamp.br\/fi204\/files\/2024\/11\/Handbook-de-XPS.pdf\">50. Handbook de XPS<\/a><\/p>\n<p><a href=\"https:\/\/sites.ifi.unicamp.br\/fi204\/files\/2024\/11\/Notas-de-aula-sobre-RBS.pdf\">51. Notas de aula sobre RBS<\/a><\/p>\n<p><a href=\"https:\/\/sites.ifi.unicamp.br\/fi204\/files\/2024\/11\/RBS-Espectroscopia-de-espalhamento.pdf\">52. RBS &#8211; Espectroscopia de espalhamento<\/a><\/p>\n<p>&nbsp;<\/p>\n<p>&nbsp;<\/p>\n<p>&nbsp;<\/p>\n<p>&nbsp;<\/p>\n<p>&nbsp;<\/p>\n<p>&nbsp;<\/p>\n<p>&nbsp;<\/p>\n<p>&nbsp;<\/p>\n<p>&nbsp;<\/p>\n<p>&nbsp;<\/p>\n<p>&nbsp;<\/p>\n<p>&nbsp;<\/p>\n<p>&nbsp;<\/p>","protected":false},"excerpt":{"rendered":"<p>Co\u0301pia slides sobre adsorc\u0327a\u0303o, difusa\u0303o superficial e crescimento de filmes PARA A SEGUNDA PROVA DE FI204 EM 26:11:2025 Ref 1. Teoria cine\u0301tica dos gases rarefeitos. (Texto interno do IFGW). Ref 2. &#8220;Handbook of Thin Film Technology&#8221;, L I Maissel and R. Glang, cap. 1,\u00a0 McGraw-Hill,\u00a0 (1970). Ref. 3. &#8220;Physical Vapor Deposition of Thin Films&#8221;,\u00a0 J. &hellip; <\/p>\n<p><a class=\"more-link btn\" href=\"https:\/\/sites.ifi.unicamp.br\/fi204\/ensino\/\">Continue lendo<\/a><\/p>\n","protected":false},"author":7,"featured_media":0,"parent":0,"menu_order":2,"comment_status":"closed","ping_status":"closed","template":"","meta":{"footnotes":""},"class_list":["post-86","page","type-page","status-publish","hentry","nodate","item-wrap"],"_links":{"self":[{"href":"https:\/\/sites.ifi.unicamp.br\/fi204\/wp-json\/wp\/v2\/pages\/86","targetHints":{"allow":["GET"]}}],"collection":[{"href":"https:\/\/sites.ifi.unicamp.br\/fi204\/wp-json\/wp\/v2\/pages"}],"about":[{"href":"https:\/\/sites.ifi.unicamp.br\/fi204\/wp-json\/wp\/v2\/types\/page"}],"author":[{"embeddable":true,"href":"https:\/\/sites.ifi.unicamp.br\/fi204\/wp-json\/wp\/v2\/users\/7"}],"replies":[{"embeddable":true,"href":"https:\/\/sites.ifi.unicamp.br\/fi204\/wp-json\/wp\/v2\/comments?post=86"}],"version-history":[{"count":242,"href":"https:\/\/sites.ifi.unicamp.br\/fi204\/wp-json\/wp\/v2\/pages\/86\/revisions"}],"predecessor-version":[{"id":570,"href":"https:\/\/sites.ifi.unicamp.br\/fi204\/wp-json\/wp\/v2\/pages\/86\/revisions\/570"}],"wp:attachment":[{"href":"https:\/\/sites.ifi.unicamp.br\/fi204\/wp-json\/wp\/v2\/media?parent=86"}],"curies":[{"name":"wp","href":"https:\/\/api.w.org\/{rel}","templated":true}]}}