{"id":70,"date":"2014-03-17T13:53:09","date_gmt":"2014-03-17T13:53:09","guid":{"rendered":"https:\/\/sites.ifi.unicamp.br\/modelogrupo\/?page_id=25"},"modified":"2026-03-27T17:56:33","modified_gmt":"2026-03-27T20:56:33","slug":"o-evento","status":"publish","type":"page","link":"https:\/\/sites.ifi.unicamp.br\/fisica-para-curiosos\/","title":{"rendered":"F\u00edsica Para Curiosos"},"content":{"rendered":"<p><span style=\"font-size: 14pt\"><strong>F\u00edsica Para Curiosos<\/strong><\/span> \u00e9 um projeto de extens\u00e3o do Instituto de F\u00edsica Gleb Wataghin com o objetivo de apresentar temas atuais em F\u00edsica para o p\u00fablico em geral. Pretende-se informar e incluir a sociedade local em assuntos de pesquisas desenvolvidas nas universidades por meio de conversas ministradas por especialistas nas \u00e1reas consideradas.<\/p>\n<p>A entrada \u00e9 franca, n\u00e3o perca nossa programa\u00e7\u00e3o! Voltamos em mar\u00e7o de 2026.<\/p>\n<p><img loading=\"lazy\" decoding=\"async\" class=\"wp-image-1656 aligncenter\" src=\"https:\/\/sites.ifi.unicamp.br\/fisica-para-curiosos\/files\/2026\/03\/WhatsApp-Image-2026-03-27-at-17.02.46-424x600.jpeg\" alt=\"\" width=\"764\" height=\"1081\" srcset=\"https:\/\/sites.ifi.unicamp.br\/fisica-para-curiosos\/files\/2026\/03\/WhatsApp-Image-2026-03-27-at-17.02.46-424x600.jpeg 424w, https:\/\/sites.ifi.unicamp.br\/fisica-para-curiosos\/files\/2026\/03\/WhatsApp-Image-2026-03-27-at-17.02.46-768x1086.jpeg 768w, https:\/\/sites.ifi.unicamp.br\/fisica-para-curiosos\/files\/2026\/03\/WhatsApp-Image-2026-03-27-at-17.02.46-1086x1536.jpeg 1086w, https:\/\/sites.ifi.unicamp.br\/fisica-para-curiosos\/files\/2026\/03\/WhatsApp-Image-2026-03-27-at-17.02.46.jpeg 1131w\" sizes=\"auto, (max-width: 764px) 100vw, 764px\" \/><\/p>\n<p>&nbsp;<\/p>\n<p><strong>Local: <\/strong>Presencialmente no Audit\u00f3rio de IFGW.<\/p>\n<p>Localiza\u00e7\u00e3o do Audit\u00f3rio:&nbsp; R. S\u00e9rgio Buarque de Holanda, 777 &#8211; Cidade Universit\u00e1ria, Campinas &#8211; SP.<\/p>\n<p>Os locais ser\u00e3o&nbsp; definidos por ordem de chegada.<\/p>\n<p><strong>Organiza\u00e7\u00e3o:<\/strong> Instituto de F\u00edsica Gleb Wataghin<\/p>\n<p><strong>Participantes: <\/strong>Prof. Patr\u00edcia Camargo Magalh\u00e3es (Coordenadora), Prof. Fl\u00e1via Sobreira (Fundadora), Prof. Ant\u00f4nio Riul, Prof. Diego Muraca (Coordenador de Extens\u00e3o do IFGW).<\/p>\n<p>&nbsp;<\/p>\n<p>&nbsp;<\/p>","protected":false},"excerpt":{"rendered":"<p>F\u00edsica Para Curiosos \u00e9 um projeto de extens\u00e3o do Instituto de F\u00edsica Gleb Wataghin com o objetivo de apresentar temas atuais em F\u00edsica para o p\u00fablico em geral. Pretende-se informar e incluir a sociedade local em assuntos de pesquisas desenvolvidas nas universidades por meio de conversas ministradas por especialistas nas \u00e1reas consideradas. A entrada \u00e9 &hellip; <\/p>\n<p><a class=\"more-link btn\" href=\"https:\/\/sites.ifi.unicamp.br\/fisica-para-curiosos\/\">Continue lendo<\/a><\/p>\n","protected":false},"author":7,"featured_media":0,"parent":0,"menu_order":0,"comment_status":"closed","ping_status":"closed","template":"","meta":{"ngg_post_thumbnail":0,"footnotes":""},"class_list":["post-70","page","type-page","status-publish","hentry","nodate","item-wrap"],"_links":{"self":[{"href":"https:\/\/sites.ifi.unicamp.br\/fisica-para-curiosos\/wp-json\/wp\/v2\/pages\/70","targetHints":{"allow":["GET"]}}],"collection":[{"href":"https:\/\/sites.ifi.unicamp.br\/fisica-para-curiosos\/wp-json\/wp\/v2\/pages"}],"about":[{"href":"https:\/\/sites.ifi.unicamp.br\/fisica-para-curiosos\/wp-json\/wp\/v2\/types\/page"}],"author":[{"embeddable":true,"href":"https:\/\/sites.ifi.unicamp.br\/fisica-para-curiosos\/wp-json\/wp\/v2\/users\/7"}],"replies":[{"embeddable":true,"href":"https:\/\/sites.ifi.unicamp.br\/fisica-para-curiosos\/wp-json\/wp\/v2\/comments?post=70"}],"version-history":[{"count":66,"href":"https:\/\/sites.ifi.unicamp.br\/fisica-para-curiosos\/wp-json\/wp\/v2\/pages\/70\/revisions"}],"predecessor-version":[{"id":1660,"href":"https:\/\/sites.ifi.unicamp.br\/fisica-para-curiosos\/wp-json\/wp\/v2\/pages\/70\/revisions\/1660"}],"wp:attachment":[{"href":"https:\/\/sites.ifi.unicamp.br\/fisica-para-curiosos\/wp-json\/wp\/v2\/media?parent=70"}],"curies":[{"name":"wp","href":"https:\/\/api.w.org\/{rel}","templated":true}]}}

Física Para Curiosos

<p><span style="font-size: 14pt"><strong>Física Para Curiosos</strong></span> é um projeto de extensão do Instituto de Física Gleb Wataghin com o objetivo de apresentar temas atuais em Física para o público em geral. Pretende-se informar e incluir a sociedade local em assuntos de pesquisas desenvolvidas nas universidades por meio de conversas ministradas por especialistas nas áreas consideradas.</p>
<p>A entrada é franca, não perca nossa programação! Voltamos em março de 2026.</p>
<p><img loading="lazy" decoding="async" class="wp-image-1656 aligncenter" src="https://sites.ifi.unicamp.br/fisica-para-curiosos/files/2026/03/WhatsApp-Image-2026-03-27-at-17.02.46-424x600.jpeg" alt="" width="764" height="1081" srcset="https://sites.ifi.unicamp.br/fisica-para-curiosos/files/2026/03/WhatsApp-Image-2026-03-27-at-17.02.46-424x600.jpeg 424w, https://sites.ifi.unicamp.br/fisica-para-curiosos/files/2026/03/WhatsApp-Image-2026-03-27-at-17.02.46-768x1086.jpeg 768w, https://sites.ifi.unicamp.br/fisica-para-curiosos/files/2026/03/WhatsApp-Image-2026-03-27-at-17.02.46-1086x1536.jpeg 1086w, https://sites.ifi.unicamp.br/fisica-para-curiosos/files/2026/03/WhatsApp-Image-2026-03-27-at-17.02.46.jpeg 1131w" sizes="auto, (max-width: 764px) 100vw, 764px" /></p>
<p>&nbsp;</p>
<p><strong>Local: </strong>Presencialmente no Auditório de IFGW.</p>
<p>Localização do Auditório:&nbsp; R. Sérgio Buarque de Holanda, 777 &#8211; Cidade Universitária, Campinas &#8211; SP.</p>
<p>Os locais serão&nbsp; definidos por ordem de chegada.</p>
<p><strong>Organização:</strong> Instituto de Física Gleb Wataghin</p>
<p><strong>Participantes: </strong>Prof. Patrícia Camargo Magalhães (Coordenadora), Prof. Flávia Sobreira (Fundadora), Prof. Antônio Riul, Prof. Diego Muraca (Coordenador de Extensão do IFGW).</p>
<p>&nbsp;</p>
<p>&nbsp;</p>

<p>Física Para Curiosos é um projeto de extensão do Instituto de Física Gleb Wataghin com o objetivo de apresentar temas atuais em Física para o público em geral. Pretende-se informar e incluir a sociedade local em assuntos de pesquisas desenvolvidas nas universidades por meio de conversas ministradas por especialistas nas áreas consideradas. A entrada é &hellip; </p>
<p><a class="more-link btn" href="https://sites.ifi.unicamp.br/fisica-para-curiosos/">Continue lendo</a></p>
