{"id":105,"date":"2023-06-28T16:29:52","date_gmt":"2023-06-28T19:29:52","guid":{"rendered":"https:\/\/sites.ifi.unicamp.br\/gate\/?page_id=105"},"modified":"2025-02-11T11:51:48","modified_gmt":"2025-02-11T14:51:48","slug":"gate-apa","status":"publish","type":"page","link":"https:\/\/sites.ifi.unicamp.br\/gate\/gate-apa\/","title":{"rendered":"GATE\/APA"},"content":{"rendered":"<p><img fetchpriority=\"high\" decoding=\"async\" class=\"alignnone size-full wp-image-461\" src=\"https:\/\/sites.ifi.unicamp.br\/gate\/files\/2025\/02\/logos-wordpress-1.jpg\" alt=\"\" width=\"1920\" height=\"1080\" srcset=\"https:\/\/sites.ifi.unicamp.br\/gate\/files\/2025\/02\/logos-wordpress-1.jpg 1920w, https:\/\/sites.ifi.unicamp.br\/gate\/files\/2025\/02\/logos-wordpress-1-300x169.jpg 300w, https:\/\/sites.ifi.unicamp.br\/gate\/files\/2025\/02\/logos-wordpress-1-1024x576.jpg 1024w, https:\/\/sites.ifi.unicamp.br\/gate\/files\/2025\/02\/logos-wordpress-1-768x432.jpg 768w, https:\/\/sites.ifi.unicamp.br\/gate\/files\/2025\/02\/logos-wordpress-1-1536x864.jpg 1536w, https:\/\/sites.ifi.unicamp.br\/gate\/files\/2025\/02\/logos-wordpress-1-750x422.jpg 750w\" sizes=\"(max-width: 1920px) 100vw, 1920px\" \/><\/p>\n<p>O GATE\/APA oferece apoio de opera\u00e7\u00e3o e manuten\u00e7\u00e3o a instrumenta\u00e7\u00e3o cient\u00edfica utilizada em pesquisa e ensino de gradua\u00e7\u00e3o e p\u00f3s-gradua\u00e7\u00e3o do IFGW.<\/p>\n<p>Contato: gateapa@unicamp.br<\/p>\n<p>Saiba mais sobre os servi\u00e7os que o GATE\/APA oferece:&nbsp;<\/p>\n<ul>\n<li><a href=\"https:\/\/sites.ifi.unicamp.br\/gate\/laboratorios-de-apoio-ao-ensino-e-pesquisa-laep\/\">Laborat\u00f3rios de Apoio ao Ensino e Pesquisa (LAEP)<\/a><\/li>\n<li><a href=\"https:\/\/sites.ifi.unicamp.br\/gate\/residuos-e-meio-ambiente\/\">Res\u00edduos e Meio Ambiente (RMA)<\/a><\/li>\n<li><a href=\"https:\/\/sites.ifi.unicamp.br\/gate\/servico-de-apoio-tecnico-departamental-satd\/\">Servi\u00e7o de Apoio T\u00e9cnico Departamental (SATD)<\/a>&nbsp;<\/li>\n<\/ul>\n<p><\/p>","protected":false},"excerpt":{"rendered":"<p>O GATE\/APA oferece apoio de opera\u00e7\u00e3o e manuten\u00e7\u00e3o a instrumenta\u00e7\u00e3o cient\u00edfica utilizada em pesquisa e ensino de gradua\u00e7\u00e3o e p\u00f3s-gradua\u00e7\u00e3o do IFGW. Contato: gateapa@unicamp.br Saiba mais sobre os servi\u00e7os que o GATE\/APA oferece:&nbsp; Laborat\u00f3rios de Apoio ao Ensino e Pesquisa (LAEP) Res\u00edduos e Meio Ambiente (RMA) Servi\u00e7o de Apoio T\u00e9cnico Departamental (SATD)&nbsp;<\/p>\n","protected":false},"author":127,"featured_media":0,"parent":0,"menu_order":0,"comment_status":"closed","ping_status":"closed","template":"","meta":{"ngg_post_thumbnail":0,"footnotes":""},"class_list":["post-105","page","type-page","status-publish","hentry","nodate","item-wrap"],"_links":{"self":[{"href":"https:\/\/sites.ifi.unicamp.br\/gate\/wp-json\/wp\/v2\/pages\/105","targetHints":{"allow":["GET"]}}],"collection":[{"href":"https:\/\/sites.ifi.unicamp.br\/gate\/wp-json\/wp\/v2\/pages"}],"about":[{"href":"https:\/\/sites.ifi.unicamp.br\/gate\/wp-json\/wp\/v2\/types\/page"}],"author":[{"embeddable":true,"href":"https:\/\/sites.ifi.unicamp.br\/gate\/wp-json\/wp\/v2\/users\/127"}],"replies":[{"embeddable":true,"href":"https:\/\/sites.ifi.unicamp.br\/gate\/wp-json\/wp\/v2\/comments?post=105"}],"version-history":[{"count":11,"href":"https:\/\/sites.ifi.unicamp.br\/gate\/wp-json\/wp\/v2\/pages\/105\/revisions"}],"predecessor-version":[{"id":462,"href":"https:\/\/sites.ifi.unicamp.br\/gate\/wp-json\/wp\/v2\/pages\/105\/revisions\/462"}],"wp:attachment":[{"href":"https:\/\/sites.ifi.unicamp.br\/gate\/wp-json\/wp\/v2\/media?parent=105"}],"curies":[{"name":"wp","href":"https:\/\/api.w.org\/{rel}","templated":true}]}}