{"id":122,"date":"2023-06-28T16:56:31","date_gmt":"2023-06-28T19:56:31","guid":{"rendered":"https:\/\/sites.ifi.unicamp.br\/gate\/?page_id=122"},"modified":"2025-02-11T11:28:39","modified_gmt":"2025-02-11T14:28:39","slug":"eletronica-e-instrumentcao-eit","status":"publish","type":"page","link":"https:\/\/sites.ifi.unicamp.br\/gate\/gate-eit\/eletronica-e-instrumentcao-eit\/","title":{"rendered":"Eletr\u00f4nica e Instrument\u00e7\u00e3o (EIT)"},"content":{"rendered":"<p>&nbsp;A \u00e1rea do Projetos de Eletr\u00f4nica de Instrumenta\u00e7\u00e3o do GATE foi criada para dar apoio ao desenvolvimento de equipamentos com circuitos el\u00e9tricos, eletr\u00f4nicos, mec\u00e2nicos e de telecomunica\u00e7\u00f5es. Podemos auxiliar desde a concep\u00e7\u00e3o dos desenhos at\u00e9 a confec\u00e7\u00e3o de placas simples ou multicamadas.&nbsp;<\/p>\n<p>Os projetos s\u00e3o iniciados mediante a abertura de ordens de servi\u00e7os pelos pesquisadores na Fila &#8220;<a href=\"https:\/\/os.ifi.unicamp.br\/Ticket\/Create.html?Queue=95\">GATE-Projetos<\/a>&#8220;. A partir deste ponto, sua viabilidade \u00e9 avaliada, dando sequ\u00eancia \u00e0 concep\u00e7\u00e3o do desenho, testes com simula\u00e7\u00f5es mec\u00e2nicas e&nbsp;eletr\u00f4nicas&nbsp;para pr\u00e9-aprova\u00e7\u00e3o e acompanhamento da confec\u00e7\u00e3o. Tamb\u00e9m, est\u00e1 dentro do escopo da \u00e1rea de Projetos:<\/p>\n<ul>\n<li>Analisar solicita\u00e7\u00f5es de usu\u00e1rios, quanto \u00e0 viabilidade, prazo de execu\u00e7\u00e3o e custos;<\/li>\n<li style=\"font-weight: 400\">Listar os componentes e materiais necess\u00e1rios para a constru\u00e7\u00e3o dos prot\u00f3tipos;<\/li>\n<li style=\"font-weight: 400\">Realizar ensaios preliminares de equipamentos quanto \u00e0 conformidade a normas de &nbsp;seguran\u00e7a el\u00e9trica.<\/li>\n<li style=\"font-weight: 400\">Follow-up dos prot\u00f3tipos executados pelo GATE\/EIT (poss\u00edveis revis\u00f5es, consertos e propostas de melhoria);<\/li>\n<li style=\"font-weight: 400\">Prestar assessoria aos alunos e estagi\u00e1rios quanto \u00e0 seguran\u00e7a e o funcionamento dos equipamentos de teste;<\/li>\n<li style=\"font-weight: 400\">Documentar os projetos executados;<\/li>\n<\/ul>\n<p><img fetchpriority=\"high\" decoding=\"async\" class=\"alignnone size-full wp-image-294 aligncenter\" src=\"https:\/\/sites.ifi.unicamp.br\/gate\/files\/2023\/06\/EIT-scaled.jpg\" alt=\"\" width=\"2560\" height=\"1440\" srcset=\"https:\/\/sites.ifi.unicamp.br\/gate\/files\/2023\/06\/EIT-scaled.jpg 2560w, https:\/\/sites.ifi.unicamp.br\/gate\/files\/2023\/06\/EIT-300x169.jpg 300w, https:\/\/sites.ifi.unicamp.br\/gate\/files\/2023\/06\/EIT-1024x576.jpg 1024w, https:\/\/sites.ifi.unicamp.br\/gate\/files\/2023\/06\/EIT-768x432.jpg 768w, https:\/\/sites.ifi.unicamp.br\/gate\/files\/2023\/06\/EIT-1536x864.jpg 1536w, https:\/\/sites.ifi.unicamp.br\/gate\/files\/2023\/06\/EIT-2048x1152.jpg 2048w, https:\/\/sites.ifi.unicamp.br\/gate\/files\/2023\/06\/EIT-750x422.jpg 750w\" sizes=\"(max-width: 2560px) 100vw, 2560px\" \/><\/p>\n<table style=\"height: 142px;width: 100%;border-collapse: collapse;background-color: #f5bd07\">\n<tbody>\n<tr style=\"height: 142px\">\n<td style=\"width: 100%;height: 142px\"><span style=\"font-size: 14pt\"><strong>Precisa de um servi\u00e7o de desenvolvimento de instrumenta\u00e7\u00e3o eletr\u00f4nica ou tem alguma d\u00favida? Entre em contanto:&nbsp;<\/strong><\/span><\/p>\n<ul>\n<li>(Usu\u00e1rios IFGW) Sistema de Chamado &#8211; Fila &#8220;GATE-Projetos&#8221; (<a href=\"https:\/\/os.ifi.unicamp.br\/Ticket\/Create.html?Queue=95\">Clique Aqui<\/a>)<\/li>\n<li>(Usu\u00e1rios Externos) e-mail: gateapa@unicamp.br&nbsp;<\/li>\n<\/ul>\n<\/td>\n<\/tr>\n<\/tbody>\n<\/table>\n<p><\/p>","protected":false},"excerpt":{"rendered":"<p>&nbsp;A \u00e1rea do Projetos de Eletr\u00f4nica de Instrumenta\u00e7\u00e3o do GATE foi criada para dar apoio ao desenvolvimento de equipamentos com circuitos el\u00e9tricos, eletr\u00f4nicos, mec\u00e2nicos e de telecomunica\u00e7\u00f5es. Podemos auxiliar desde a concep\u00e7\u00e3o dos desenhos at\u00e9 a confec\u00e7\u00e3o de placas simples ou multicamadas.&nbsp; Os projetos s\u00e3o iniciados mediante a abertura de ordens de servi\u00e7os pelos pesquisadores &hellip; <\/p>\n<p><a class=\"more-link btn\" href=\"https:\/\/sites.ifi.unicamp.br\/gate\/gate-eit\/eletronica-e-instrumentcao-eit\/\">Continue lendo<\/a><\/p>\n","protected":false},"author":127,"featured_media":0,"parent":443,"menu_order":0,"comment_status":"closed","ping_status":"closed","template":"","meta":{"ngg_post_thumbnail":0,"footnotes":""},"class_list":["post-122","page","type-page","status-publish","hentry","nodate","item-wrap"],"_links":{"self":[{"href":"https:\/\/sites.ifi.unicamp.br\/gate\/wp-json\/wp\/v2\/pages\/122","targetHints":{"allow":["GET"]}}],"collection":[{"href":"https:\/\/sites.ifi.unicamp.br\/gate\/wp-json\/wp\/v2\/pages"}],"about":[{"href":"https:\/\/sites.ifi.unicamp.br\/gate\/wp-json\/wp\/v2\/types\/page"}],"author":[{"embeddable":true,"href":"https:\/\/sites.ifi.unicamp.br\/gate\/wp-json\/wp\/v2\/users\/127"}],"replies":[{"embeddable":true,"href":"https:\/\/sites.ifi.unicamp.br\/gate\/wp-json\/wp\/v2\/comments?post=122"}],"version-history":[{"count":15,"href":"https:\/\/sites.ifi.unicamp.br\/gate\/wp-json\/wp\/v2\/pages\/122\/revisions"}],"predecessor-version":[{"id":447,"href":"https:\/\/sites.ifi.unicamp.br\/gate\/wp-json\/wp\/v2\/pages\/122\/revisions\/447"}],"up":[{"embeddable":true,"href":"https:\/\/sites.ifi.unicamp.br\/gate\/wp-json\/wp\/v2\/pages\/443"}],"wp:attachment":[{"href":"https:\/\/sites.ifi.unicamp.br\/gate\/wp-json\/wp\/v2\/media?parent=122"}],"curies":[{"name":"wp","href":"https:\/\/api.w.org\/{rel}","templated":true}]}}