{"id":124,"date":"2023-06-28T16:57:00","date_gmt":"2023-06-28T19:57:00","guid":{"rendered":"https:\/\/sites.ifi.unicamp.br\/gate\/?page_id=124"},"modified":"2025-02-11T11:31:58","modified_gmt":"2025-02-11T14:31:58","slug":"laboratorios-de-apoio-ao-ensino-e-pesquisa-laep","status":"publish","type":"page","link":"https:\/\/sites.ifi.unicamp.br\/gate\/gate-apa\/laboratorios-de-apoio-ao-ensino-e-pesquisa-laep\/","title":{"rendered":"Laborat\u00f3rios de Apoio ao Ensino e Pesquisa (LAEP)"},"content":{"rendered":"<p>Os Laborat\u00f3rios de Apoio ao Ensino e Pesquisa (LAEP) dividem-se em dois conjuntos de salas: Laborat\u00f3rios de Ensino B\u00e1sico (LEB) e Laborat\u00f3rios de Ensino Profissional (LEP).&nbsp;<\/p>\n<p>&nbsp;<\/p>\n<p style=\"text-align: center\"><strong>Laborat\u00f3rios de Ensino B\u00e1sico (LEB)<\/strong><\/p>\n<p>Os Laborat\u00f3rios de Ensino B\u00e1sico (LEB) s\u00e3o formados por cinco laborat\u00f3rios para o ensino de f\u00edsica b\u00e1sica, em mec\u00e2nica newtoniana, eletrost\u00e1tica, eletrodin\u00e2mica, an\u00e1lise de circuitos el\u00e9tricos em DC e AC, e inform\u00e1tica. Possui tamb\u00e9m 4 salas de estudos para metodologia de aprendizagem ativa e uma sala Maker, equipada com impressora 3D de volume \u00fatil de 64 litros de impress\u00e3o.<\/p>\n<p><strong><em>Reservas de Salas do LEB:&nbsp;<\/em><\/strong><\/p>\n<p>A reserva de uso dos laborat\u00f3rios do LEB \u00e9 feita pela secretaria de gradua\u00e7\u00e3o.<\/p>\n<ul>\n<li>Para consultar a disponibilidade das salas do LEB, consulte o sistema de reservas de salas do IFGW (<a href=\"https:\/\/reserva.ifi.unicamp.br\/\">Aqui<\/a>)&nbsp;<\/li>\n<li>&nbsp;Para solicitar um agendamento abra um chamado na Fila &#8220;Gradua\u00e7\u00e3o-Reserva-Salas&#8221; (<a href=\"https:\/\/os.ifi.unicamp.br\/Ticket\/Create.html?Queue=40\">Aqui<\/a>)&nbsp;<\/li>\n<\/ul>\n<p><em><strong>Uso da impressora 3D:&nbsp;<\/strong><\/em><\/p>\n<p>Se voc\u00ea tem interesse em utilizar a impressora 3D do LEB, clique o link a seguir para maiores informa\u00e7\u00f5es:&nbsp; <a href=\"https:\/\/portal.ifi.unicamp.br\/servicos\/equipamentos-de-acesso-controlado-eacs\/impressora-3d\">https:\/\/portal.ifi.unicamp.br\/servicos\/equipamentos-de-acesso-controlado-eacs\/impressora-3d<\/a><\/p>\n<p><img fetchpriority=\"high\" decoding=\"async\" class=\"alignnone size-full wp-image-300\" src=\"https:\/\/sites.ifi.unicamp.br\/gate\/files\/2023\/06\/leb-scaled.jpg\" alt=\"\" width=\"2560\" height=\"1440\" srcset=\"https:\/\/sites.ifi.unicamp.br\/gate\/files\/2023\/06\/leb-scaled.jpg 2560w, https:\/\/sites.ifi.unicamp.br\/gate\/files\/2023\/06\/leb-300x169.jpg 300w, https:\/\/sites.ifi.unicamp.br\/gate\/files\/2023\/06\/leb-1024x576.jpg 1024w, https:\/\/sites.ifi.unicamp.br\/gate\/files\/2023\/06\/leb-768x432.jpg 768w, https:\/\/sites.ifi.unicamp.br\/gate\/files\/2023\/06\/leb-1536x864.jpg 1536w, https:\/\/sites.ifi.unicamp.br\/gate\/files\/2023\/06\/leb-2048x1152.jpg 2048w, https:\/\/sites.ifi.unicamp.br\/gate\/files\/2023\/06\/leb-750x422.jpg 750w\" sizes=\"(max-width: 2560px) 100vw, 2560px\" \/><\/p>\n<p>&nbsp;<\/p>\n<p style=\"text-align: center\"><strong>Laborat\u00f3rios de Ensino Profissional (LEP)<\/strong><\/p>\n<p>Os Laborat\u00f3rios de Ensino Profissional (LEB) s\u00e3o formados por seis laborat\u00f3rios para o ensino de f\u00edsica avan\u00e7ada: Laborat\u00f3rio de Raios X (LF-41), Laborat\u00f3rio de \u00d3tica (LF-42), Laborat\u00f3rio de Criogenia e V\u00e1cuo (LF-43), Laborat\u00f3rio de Eletr\u00f4nica (LF-44), Laborat\u00f3rio de F\u00edsica M\u00e9dica (LF-46) e Laborat\u00f3rio de F\u00edsica Moderna).&nbsp;<\/p>\n<p><strong><em>Reservas de Salas do LEP:&nbsp;<\/em><\/strong><\/p>\n<p>A reserva de uso dos laborat\u00f3rios do LEP \u00e9 feita pela secretaria de gradua\u00e7\u00e3o.<\/p>\n<ul>\n<li>Para consultar a disponibilidade das salas do LEP, consulte o sistema de reservas de salas do IFGW (<a href=\"https:\/\/reserva.ifi.unicamp.br\/\">Aqui<\/a>)&nbsp;<\/li>\n<li>&nbsp;Para solicitar um agendamento abra um chamado na Fila &#8220;Gradua\u00e7\u00e3o-Reserva-Salas&#8221; (<a href=\"https:\/\/os.ifi.unicamp.br\/Ticket\/Create.html?Queue=40\">Aqui<\/a>)&nbsp;<\/li>\n<\/ul>\n<p>&nbsp;<\/p>\n<p><strong><em>Saiba mais sobre os laborat\u00f3rios do LEP:<\/em><\/strong><\/p>\n<ul>\n<li><b>Laborat\u00f3rio de Ensino de Raios X (LF-41)<\/b><\/li>\n<\/ul>\n<p>O laborat\u00f3rio de ensino de raios X disp\u00f5e de um difrat\u00f4metro de raios X de bancada para pequenas amostra da Rigaku modelo Miniflex e tamb\u00e9m um difrat\u00f4metro de raios X e um difrat\u00f4metro de raios X da Rigaku, modelo AS-HFM3.<\/p>\n<p>Localiza\u00e7\u00e3o: Rua Lev Landau, 50. Sala LF-41 (<a href=\"https:\/\/goo.gl\/maps\/GHcqj8rgTgAUFSRD8\" target=\"_blank\" rel=\"noopener\" data-saferedirecturl=\"https:\/\/www.google.com\/url?q=https:\/\/goo.gl\/maps\/GHcqj8rgTgAUFSRD8&amp;source=gmail&amp;ust=1688231545458000&amp;usg=AOvVaw3dHSeJlhccGavuf8kFPcy1\">Link Google Maps)<\/a><\/p>\n<p><img decoding=\"async\" class=\"alignnone size-full wp-image-307\" src=\"https:\/\/sites.ifi.unicamp.br\/gate\/files\/2023\/06\/41-scaled.jpg\" alt=\"\" width=\"2560\" height=\"1440\" srcset=\"https:\/\/sites.ifi.unicamp.br\/gate\/files\/2023\/06\/41-scaled.jpg 2560w, https:\/\/sites.ifi.unicamp.br\/gate\/files\/2023\/06\/41-300x169.jpg 300w, https:\/\/sites.ifi.unicamp.br\/gate\/files\/2023\/06\/41-1024x576.jpg 1024w, https:\/\/sites.ifi.unicamp.br\/gate\/files\/2023\/06\/41-768x432.jpg 768w, https:\/\/sites.ifi.unicamp.br\/gate\/files\/2023\/06\/41-1536x864.jpg 1536w, https:\/\/sites.ifi.unicamp.br\/gate\/files\/2023\/06\/41-2048x1152.jpg 2048w, https:\/\/sites.ifi.unicamp.br\/gate\/files\/2023\/06\/41-750x422.jpg 750w\" sizes=\"(max-width: 2560px) 100vw, 2560px\" \/><\/p>\n<ul>\n<li><b>Laborat\u00f3rio de Ensino de \u00d3ptica (LF-42)<\/b><\/li>\n<\/ul>\n<p>O Laborat\u00f3rio de \u00f3ptica est\u00e1 equipado com lasers de H\u00e9lio Ne\u00f4nio, Lasers de estado s\u00f3lido, l\u00e2mpadas espectrais, interfer\u00f4metros de Michelson Morley, Espectr\u00f4metros, Fotodiodos, fendas calibradas e kits para medida de \u00e2ngulo de brewster.<\/p>\n<p>Link:&nbsp;<a href=\"http:\/\/sites.ifi.unicamp.br\/laboptica\/\" target=\"_blank\" rel=\"noopener\" data-saferedirecturl=\"https:\/\/www.google.com\/url?q=http:\/\/sites.ifi.unicamp.br\/laboptica\/&amp;source=gmail&amp;ust=1688231545458000&amp;usg=AOvVaw1V5NV5YTWK7arOJhnQulQq\">sites.ifi.unicamp.br\/laboptica\/<\/a><\/p>\n<p>Localiza\u00e7\u00e3o: Rua Lev Landau, 50. Sala LF-42 (<a href=\"https:\/\/goo.gl\/maps\/GHcqj8rgTgAUFSRD8\" target=\"_blank\" rel=\"noopener\" data-saferedirecturl=\"https:\/\/www.google.com\/url?q=https:\/\/goo.gl\/maps\/GHcqj8rgTgAUFSRD8&amp;source=gmail&amp;ust=1688231545458000&amp;usg=AOvVaw3dHSeJlhccGavuf8kFPcy1\">Link Google Maps)<\/a><\/p>\n<p><img decoding=\"async\" class=\"alignnone size-full wp-image-309\" src=\"https:\/\/sites.ifi.unicamp.br\/gate\/files\/2023\/06\/42-scaled.jpg\" alt=\"\" width=\"2560\" height=\"1440\" srcset=\"https:\/\/sites.ifi.unicamp.br\/gate\/files\/2023\/06\/42-scaled.jpg 2560w, https:\/\/sites.ifi.unicamp.br\/gate\/files\/2023\/06\/42-300x169.jpg 300w, https:\/\/sites.ifi.unicamp.br\/gate\/files\/2023\/06\/42-1024x576.jpg 1024w, https:\/\/sites.ifi.unicamp.br\/gate\/files\/2023\/06\/42-768x432.jpg 768w, https:\/\/sites.ifi.unicamp.br\/gate\/files\/2023\/06\/42-1536x864.jpg 1536w, https:\/\/sites.ifi.unicamp.br\/gate\/files\/2023\/06\/42-2048x1152.jpg 2048w, https:\/\/sites.ifi.unicamp.br\/gate\/files\/2023\/06\/42-750x422.jpg 750w\" sizes=\"(max-width: 2560px) 100vw, 2560px\" \/><\/p>\n<ul>\n<li><b>Laborat\u00f3rio de Ensino de Criogenia e V\u00e1cuo (LF-43)&nbsp;<\/b><\/li>\n<\/ul>\n<p>O Laborat\u00f3rio de criogenia e v\u00e1cuo est\u00e1 equipado com bombas de v\u00e1cuo mec\u00e2nicas, difusoras de v\u00e1cuo e turbo bombas. Possui kits did\u00e1ticos para ensaios em isola\u00e7\u00e3o t\u00e9rmica, obten\u00e7\u00e3o de superfl\u00faidos, metaliza\u00e7\u00e3o \u00e0 v\u00e1cuo de superf\u00edcies.<\/p>\n<p>Link:&nbsp;<a href=\"http:\/\/sites.ifi.unicamp.br\/labvacrio\/\" target=\"_blank\" rel=\"noopener\" data-saferedirecturl=\"https:\/\/www.google.com\/url?q=http:\/\/sites.ifi.unicamp.br\/labvacrio\/&amp;source=gmail&amp;ust=1688231545458000&amp;usg=AOvVaw2ruBBRQ6tUjHBjFZKkFSCK\">sites.ifi.unicamp.br\/labvacrio\/<\/a><\/p>\n<p>Localiza\u00e7\u00e3o: Rua Lev Landau, 50. Sala LF-43 (<a href=\"https:\/\/goo.gl\/maps\/GHcqj8rgTgAUFSRD8\" target=\"_blank\" rel=\"noopener\" data-saferedirecturl=\"https:\/\/www.google.com\/url?q=https:\/\/goo.gl\/maps\/GHcqj8rgTgAUFSRD8&amp;source=gmail&amp;ust=1688231545458000&amp;usg=AOvVaw3dHSeJlhccGavuf8kFPcy1\">Link Google Maps)<\/a><\/p>\n<p><img loading=\"lazy\" decoding=\"async\" class=\"alignnone size-full wp-image-310\" src=\"https:\/\/sites.ifi.unicamp.br\/gate\/files\/2023\/06\/43-scaled.jpg\" alt=\"\" width=\"2560\" height=\"1440\" srcset=\"https:\/\/sites.ifi.unicamp.br\/gate\/files\/2023\/06\/43-scaled.jpg 2560w, https:\/\/sites.ifi.unicamp.br\/gate\/files\/2023\/06\/43-300x169.jpg 300w, https:\/\/sites.ifi.unicamp.br\/gate\/files\/2023\/06\/43-1024x576.jpg 1024w, https:\/\/sites.ifi.unicamp.br\/gate\/files\/2023\/06\/43-768x432.jpg 768w, https:\/\/sites.ifi.unicamp.br\/gate\/files\/2023\/06\/43-1536x864.jpg 1536w, https:\/\/sites.ifi.unicamp.br\/gate\/files\/2023\/06\/43-2048x1152.jpg 2048w, https:\/\/sites.ifi.unicamp.br\/gate\/files\/2023\/06\/43-750x422.jpg 750w\" sizes=\"(max-width: 2560px) 100vw, 2560px\" \/><\/p>\n<ul>\n<li><b>Laborat\u00f3rio de Ensino de Eletr\u00f4nica (LF-44)&nbsp;<\/b><\/li>\n<\/ul>\n<p>O Laborat\u00f3rio de eletr\u00f4nica est\u00e1 equipado com kits did\u00e1ticos de medi\u00e7\u00e3o de formas de onda em circuitos RL, RC, RLC e circuitos com semicondutores: retificadores, diodos zener, fontes reguladas, transistores operando como chave e amplificadores de pequenos sinais.<\/p>\n<p>Link:&nbsp;<a href=\"http:\/\/sites.ifi.unicamp.br\/labeletro\/\" target=\"_blank\" rel=\"noopener\" data-saferedirecturl=\"https:\/\/www.google.com\/url?q=http:\/\/sites.ifi.unicamp.br\/labeletro\/&amp;source=gmail&amp;ust=1688231545458000&amp;usg=AOvVaw1CRaGfDMSjYUuGJQlgZdRs\">sites.ifi.unicamp.br\/labeletro\/<\/a><\/p>\n<p>Localiza\u00e7\u00e3o: Rua Lev Landau, 50. Sala LF-44 (<a href=\"https:\/\/goo.gl\/maps\/GHcqj8rgTgAUFSRD8\" target=\"_blank\" rel=\"noopener\" data-saferedirecturl=\"https:\/\/www.google.com\/url?q=https:\/\/goo.gl\/maps\/GHcqj8rgTgAUFSRD8&amp;source=gmail&amp;ust=1688231545458000&amp;usg=AOvVaw3dHSeJlhccGavuf8kFPcy1\">Link Google Maps)<\/a><\/p>\n<p><img loading=\"lazy\" decoding=\"async\" class=\"alignnone size-full wp-image-313\" src=\"https:\/\/sites.ifi.unicamp.br\/gate\/files\/2023\/06\/44.png\" alt=\"\" width=\"8399\" height=\"4724\" srcset=\"https:\/\/sites.ifi.unicamp.br\/gate\/files\/2023\/06\/44.png 8399w, https:\/\/sites.ifi.unicamp.br\/gate\/files\/2023\/06\/44-300x169.png 300w, https:\/\/sites.ifi.unicamp.br\/gate\/files\/2023\/06\/44-1024x576.png 1024w, https:\/\/sites.ifi.unicamp.br\/gate\/files\/2023\/06\/44-768x432.png 768w, https:\/\/sites.ifi.unicamp.br\/gate\/files\/2023\/06\/44-1536x864.png 1536w, https:\/\/sites.ifi.unicamp.br\/gate\/files\/2023\/06\/44-2048x1152.png 2048w, https:\/\/sites.ifi.unicamp.br\/gate\/files\/2023\/06\/44-750x422.png 750w\" sizes=\"(max-width: 8399px) 100vw, 8399px\" \/><\/p>\n<ul>\n<li><b>Laborat\u00f3rio de Ensino de F\u00edsica M\u00e9dica (LF-46)&nbsp;<\/b><\/li>\n<\/ul>\n<p>O Laborat\u00f3rio de Ensino em F\u00edsica M\u00e9dica oferece suporte \u00e0 pesquisa e ensino na \u00e1rea de F\u00edsica M\u00e9dica do IFGW. Desde 2012, estamos cadastrados na Comiss\u00e3o Nacional de Energia Nuclear (CNEN) como instala\u00e7\u00e3o radiativa (matricula 15588), tendo licen\u00e7a para utilizar fontes de radia\u00e7\u00e3o em suas atividades. Neste laborat\u00f3rio est\u00e3o dispon\u00edveis diferentes detectores de radia\u00e7\u00e3o ionizante que juntos formam um laborat\u00f3rio avan\u00e7ado para estudos sobre intera\u00e7\u00e3o da radia\u00e7\u00e3o com mat\u00e9ria, caracteriza\u00e7\u00e3o de detectores, espectroscopia, dosimetria e prote\u00e7\u00e3o radiol\u00f3gica.<\/p>\n<p>Link:&nbsp;<a href=\"https:\/\/sites.ifi.unicamp.br\/lfmedica\/\" target=\"_blank\" rel=\"noopener\" data-saferedirecturl=\"https:\/\/www.google.com\/url?q=https:\/\/sites.ifi.unicamp.br\/lfmedica\/&amp;source=gmail&amp;ust=1688231545458000&amp;usg=AOvVaw00w3n13MU9qm2748Hjndhw\">https:\/\/sites.ifi.unicamp.br\/lfmedica\/<\/a><\/p>\n<p>Localiza\u00e7\u00e3o: Rua Lev Landau, 50. Sala LF-46 (<a href=\"https:\/\/goo.gl\/maps\/GHcqj8rgTgAUFSRD8\" target=\"_blank\" rel=\"noopener\" data-saferedirecturl=\"https:\/\/www.google.com\/url?q=https:\/\/goo.gl\/maps\/GHcqj8rgTgAUFSRD8&amp;source=gmail&amp;ust=1688231545458000&amp;usg=AOvVaw3dHSeJlhccGavuf8kFPcy1\">Link Google Maps)&nbsp;<\/a><\/p>\n<p><img loading=\"lazy\" decoding=\"async\" class=\"alignnone size-full wp-image-315\" src=\"https:\/\/sites.ifi.unicamp.br\/gate\/files\/2023\/06\/46-scaled.jpg\" alt=\"\" width=\"2560\" height=\"1440\" srcset=\"https:\/\/sites.ifi.unicamp.br\/gate\/files\/2023\/06\/46-scaled.jpg 2560w, https:\/\/sites.ifi.unicamp.br\/gate\/files\/2023\/06\/46-300x169.jpg 300w, https:\/\/sites.ifi.unicamp.br\/gate\/files\/2023\/06\/46-1024x576.jpg 1024w, https:\/\/sites.ifi.unicamp.br\/gate\/files\/2023\/06\/46-768x432.jpg 768w, https:\/\/sites.ifi.unicamp.br\/gate\/files\/2023\/06\/46-1536x864.jpg 1536w, https:\/\/sites.ifi.unicamp.br\/gate\/files\/2023\/06\/46-2048x1152.jpg 2048w, https:\/\/sites.ifi.unicamp.br\/gate\/files\/2023\/06\/46-750x422.jpg 750w\" sizes=\"(max-width: 2560px) 100vw, 2560px\" \/><\/p>\n<ul>\n<li><b>Laborat\u00f3rio de Ensino de F\u00edsica Moderna (LF-47)&nbsp;<\/b><\/li>\n<\/ul>\n<p>O Laborat\u00f3rio de f\u00edsica moderna est\u00e1 equipado com experimentos de f\u00edsica moderna, como Millikan, efeito fotoel\u00e9trico, Franck-Hertz, emiss\u00e3o termoi\u00f4nica, espectroscopia gama, movimento browniano e espectroscopia at\u00f4mico molecular.<\/p>\n<p>Link:&nbsp;<a href=\"http:\/\/sites.ifi.unicamp.br\/lfmoderna\/\" target=\"_blank\" rel=\"noopener\" data-saferedirecturl=\"https:\/\/www.google.com\/url?q=http:\/\/sites.ifi.unicamp.br\/lfmoderna\/&amp;source=gmail&amp;ust=1688231545458000&amp;usg=AOvVaw2EnLjzcrLF-TPVnwoecPsk\">sites.ifi.unicamp.br\/lfmoderna\/<\/a><\/p>\n<p>Localiza\u00e7\u00e3o: Rua Lev Landau, 50. Sala LF-47 (<a href=\"https:\/\/goo.gl\/maps\/GHcqj8rgTgAUFSRD8\" target=\"_blank\" rel=\"noopener\" data-saferedirecturl=\"https:\/\/www.google.com\/url?q=https:\/\/goo.gl\/maps\/GHcqj8rgTgAUFSRD8&amp;source=gmail&amp;ust=1688231545458000&amp;usg=AOvVaw3dHSeJlhccGavuf8kFPcy1\">Link Google Maps)<\/a><\/p>\n<p><img loading=\"lazy\" decoding=\"async\" class=\"alignnone size-full wp-image-316\" src=\"https:\/\/sites.ifi.unicamp.br\/gate\/files\/2023\/06\/47-scaled.jpg\" alt=\"\" width=\"2560\" height=\"1440\" srcset=\"https:\/\/sites.ifi.unicamp.br\/gate\/files\/2023\/06\/47-scaled.jpg 2560w, https:\/\/sites.ifi.unicamp.br\/gate\/files\/2023\/06\/47-300x169.jpg 300w, https:\/\/sites.ifi.unicamp.br\/gate\/files\/2023\/06\/47-1024x576.jpg 1024w, https:\/\/sites.ifi.unicamp.br\/gate\/files\/2023\/06\/47-768x432.jpg 768w, https:\/\/sites.ifi.unicamp.br\/gate\/files\/2023\/06\/47-1536x864.jpg 1536w, https:\/\/sites.ifi.unicamp.br\/gate\/files\/2023\/06\/47-2048x1152.jpg 2048w, https:\/\/sites.ifi.unicamp.br\/gate\/files\/2023\/06\/47-750x422.jpg 750w\" sizes=\"(max-width: 2560px) 100vw, 2560px\" \/><\/p>\n<p>&nbsp;<\/p>\n<table style=\"width: 100%;border-collapse: collapse;background-color: #f5bd07\">\n<tbody>\n<tr>\n<td style=\"width: 100%\"><span style=\"font-size: 14pt\"><strong>Precisa de um servi\u00e7o dos laborat\u00f3rios de ensino ou tem alguma d\u00favida? Entre em contanto:&nbsp;<\/strong><\/span><\/p>\n<ul>\n<li>(Usu\u00e1rios IFGW) Sistema de Chamado:&nbsp;\n<ul>\n<li>Laborat\u00f3rios de Ensino B\u00e1sico (LEB) Fila &#8220;GATE-LEB-LEI&#8221; (<a href=\"https:\/\/os.ifi.unicamp.br\/Ticket\/Create.html?Queue=96\">Clique Aqui<\/a>);<\/li>\n<li>Laborat\u00f3rios de Ensino Profissional (LEP) Fila &#8220;GATE-LEP&#8221; (<a href=\"https:\/\/os.ifi.unicamp.br\/Ticket\/Create.html?Queue=97\">Clique Aqui<\/a>);<\/li>\n<\/ul>\n<\/li>\n<li>(Usu\u00e1rios Externos) e-mail: gateapa@unicamp.br&nbsp;<\/li>\n<\/ul>\n<\/td>\n<\/tr>\n<\/tbody>\n<\/table>\n<p><\/p>","protected":false},"excerpt":{"rendered":"<p>Os Laborat\u00f3rios de Apoio ao Ensino e Pesquisa (LAEP) dividem-se em dois conjuntos de salas: Laborat\u00f3rios de Ensino B\u00e1sico (LEB) e Laborat\u00f3rios de Ensino Profissional (LEP).&nbsp; &nbsp; Laborat\u00f3rios de Ensino B\u00e1sico (LEB) Os Laborat\u00f3rios de Ensino B\u00e1sico (LEB) s\u00e3o formados por cinco laborat\u00f3rios para o ensino de f\u00edsica b\u00e1sica, em mec\u00e2nica newtoniana, eletrost\u00e1tica, eletrodin\u00e2mica, an\u00e1lise &hellip; <\/p>\n<p><a class=\"more-link btn\" href=\"https:\/\/sites.ifi.unicamp.br\/gate\/gate-apa\/laboratorios-de-apoio-ao-ensino-e-pesquisa-laep\/\">Continue lendo<\/a><\/p>\n","protected":false},"author":127,"featured_media":0,"parent":105,"menu_order":0,"comment_status":"closed","ping_status":"closed","template":"","meta":{"ngg_post_thumbnail":0,"footnotes":""},"class_list":["post-124","page","type-page","status-publish","hentry","nodate","item-wrap"],"_links":{"self":[{"href":"https:\/\/sites.ifi.unicamp.br\/gate\/wp-json\/wp\/v2\/pages\/124","targetHints":{"allow":["GET"]}}],"collection":[{"href":"https:\/\/sites.ifi.unicamp.br\/gate\/wp-json\/wp\/v2\/pages"}],"about":[{"href":"https:\/\/sites.ifi.unicamp.br\/gate\/wp-json\/wp\/v2\/types\/page"}],"author":[{"embeddable":true,"href":"https:\/\/sites.ifi.unicamp.br\/gate\/wp-json\/wp\/v2\/users\/127"}],"replies":[{"embeddable":true,"href":"https:\/\/sites.ifi.unicamp.br\/gate\/wp-json\/wp\/v2\/comments?post=124"}],"version-history":[{"count":19,"href":"https:\/\/sites.ifi.unicamp.br\/gate\/wp-json\/wp\/v2\/pages\/124\/revisions"}],"predecessor-version":[{"id":410,"href":"https:\/\/sites.ifi.unicamp.br\/gate\/wp-json\/wp\/v2\/pages\/124\/revisions\/410"}],"up":[{"embeddable":true,"href":"https:\/\/sites.ifi.unicamp.br\/gate\/wp-json\/wp\/v2\/pages\/105"}],"wp:attachment":[{"href":"https:\/\/sites.ifi.unicamp.br\/gate\/wp-json\/wp\/v2\/media?parent=124"}],"curies":[{"name":"wp","href":"https:\/\/api.w.org\/{rel}","templated":true}]}}