{"id":29,"date":"2011-04-27T20:16:24","date_gmt":"2011-04-27T20:16:24","guid":{"rendered":"https:\/\/sites.ifi.unicamp.br\/gfurco\/"},"modified":"2017-05-18T14:44:44","modified_gmt":"2017-05-18T14:44:44","slug":"research","status":"publish","type":"page","link":"https:\/\/sites.ifi.unicamp.br\/gfurco\/research\/","title":{"rendered":"Pesquisa"},"content":{"rendered":"<p><span style=\"font-size: 10pt\"><strong>T\u00f3picos em pesquisas do&nbsp;GFURCO:<\/strong><\/span><\/p>\n<ul>\n<li><span style=\"font-size: 10pt\">Amplifica\u00e7\u00e3o Param\u00e9trica<\/span><\/li>\n<li><span style=\"font-size: 10pt\">Convers\u00e3o de comprimento de onda baseado em Four Wave Mixing<\/span><\/li>\n<li><span style=\"font-size: 10pt\">Modula\u00e7\u00e3o e troca de sinais \u00f3tpicos<\/span><\/li>\n<li><span style=\"font-size: 10pt\">Caracteriza\u00e7\u00e3o de Fibras \u00d3pticas e Fibras de Cristal Fot\u00f4nico (PCF).<\/span><\/li>\n<li><span style=\"font-size: 10pt\">Nano guias de onda<\/span><\/li>\n<li><span style=\"font-size: 10pt\">Fabrica\u00e7\u00e3o e caracteriza\u00e7\u00e3o de materiais v\u00edtreos de alta n\u00e3o-linearidade baseados em teluritos, bismutos, ni\u00f3bio e chumbo<\/span><\/li>\n<li><span style=\"font-size: 10pt\">Fabrica\u00e7\u00e3o e caracteriza\u00e7\u00e3o de Fibras \u00d3pticas Multi-core para aplica\u00e7\u00f5es em &nbsp;FTTH<\/span><\/li>\n<li><span style=\"font-size: 10pt\">Fabrica\u00e7\u00e3o e caracteriza\u00e7\u00e3o de Fibras Hollow Core<\/span><\/li>\n<li><span style=\"font-size: 10pt\">Gera\u00e7\u00e3o de Supercontinum Generation utilizando&nbsp;PCFs de &nbsp;vidros Teluritos, silica, alcalinos e borosilicatos<\/span><\/li>\n<li><span style=\"font-size: 10pt\">Fabrica\u00e7\u00e3o e caracteriza\u00e7\u00e3o de Fibras de Pol\u00edmeros (POFs)<\/span><\/li>\n<li><span style=\"font-size: 10pt\">Caracteriza\u00e7\u00e3o de PCFs com nano part\u00edculas de PbS e CdSe\/ZnS.<\/span><\/li>\n<li><span style=\"font-size: 10pt\">Espectroscopia coerente 2-D em Nanomateriaks<\/span><\/li>\n<li><span style=\"font-size: 10pt\">Engenharia de heteroestruturas<\/span><\/li>\n<li><span style=\"font-size: 10pt\">Dinamicas de excita\u00e7\u00e3o e multi-excita\u00e7\u00e3o em nanomateriais<\/span><\/li>\n<li><span style=\"font-size: 10pt\">Grafeno sob alta intensidade de excita\u00e7\u00e3o de f\u00f3tons<\/span><\/li>\n<li><span style=\"font-size: 10pt\">Microscopia n\u00e3o-linear<\/span><\/li>\n<li><span style=\"font-size: 13.3333px\">Materiais \u00f3pticos n\u00e3o-lineares<\/span><\/li>\n<\/ul>\n<p><\/p>","protected":false},"excerpt":{"rendered":"<p>T\u00f3picos em pesquisas do&nbsp;GFURCO: Amplifica\u00e7\u00e3o Param\u00e9trica Convers\u00e3o de comprimento de onda baseado em Four Wave Mixing Modula\u00e7\u00e3o e troca de sinais \u00f3tpicos Caracteriza\u00e7\u00e3o de Fibras \u00d3pticas e Fibras de Cristal Fot\u00f4nico (PCF). Nano guias de onda Fabrica\u00e7\u00e3o e caracteriza\u00e7\u00e3o de materiais v\u00edtreos de alta n\u00e3o-linearidade baseados em teluritos, bismutos, ni\u00f3bio e chumbo Fabrica\u00e7\u00e3o e caracteriza\u00e7\u00e3o &hellip; <\/p>\n<p><a class=\"more-link btn\" href=\"https:\/\/sites.ifi.unicamp.br\/gfurco\/research\/\">Continue lendo<\/a><\/p>\n","protected":false},"author":17,"featured_media":0,"parent":0,"menu_order":3,"comment_status":"closed","ping_status":"open","template":"","meta":{"ngg_post_thumbnail":0,"footnotes":""},"class_list":["post-29","page","type-page","status-publish","hentry","nodate","item-wrap"],"_links":{"self":[{"href":"https:\/\/sites.ifi.unicamp.br\/gfurco\/wp-json\/wp\/v2\/pages\/29","targetHints":{"allow":["GET"]}}],"collection":[{"href":"https:\/\/sites.ifi.unicamp.br\/gfurco\/wp-json\/wp\/v2\/pages"}],"about":[{"href":"https:\/\/sites.ifi.unicamp.br\/gfurco\/wp-json\/wp\/v2\/types\/page"}],"author":[{"embeddable":true,"href":"https:\/\/sites.ifi.unicamp.br\/gfurco\/wp-json\/wp\/v2\/users\/17"}],"replies":[{"embeddable":true,"href":"https:\/\/sites.ifi.unicamp.br\/gfurco\/wp-json\/wp\/v2\/comments?post=29"}],"version-history":[{"count":15,"href":"https:\/\/sites.ifi.unicamp.br\/gfurco\/wp-json\/wp\/v2\/pages\/29\/revisions"}],"predecessor-version":[{"id":867,"href":"https:\/\/sites.ifi.unicamp.br\/gfurco\/wp-json\/wp\/v2\/pages\/29\/revisions\/867"}],"wp:attachment":[{"href":"https:\/\/sites.ifi.unicamp.br\/gfurco\/wp-json\/wp\/v2\/media?parent=29"}],"curies":[{"name":"wp","href":"https:\/\/api.w.org\/{rel}","templated":true}]}}