{"id":29,"date":"2014-03-17T13:53:39","date_gmt":"2014-03-17T13:53:39","guid":{"rendered":"https:\/\/sites.ifi.unicamp.br\/modelogrupo\/?page_id=29"},"modified":"2026-02-12T08:48:47","modified_gmt":"2026-02-12T11:48:47","slug":"pesquisa","status":"publish","type":"page","link":"https:\/\/sites.ifi.unicamp.br\/gmfa\/pesquisa\/","title":{"rendered":"Pesquisa"},"content":{"rendered":"<p><span lang=\"pt\">As linhas de investiga\u00e7\u00e3o do grupo centram-se no magnetismo, tanto fundamental quanto aplicado. <\/span><\/p>\n<h3 data-start=\"115\" data-end=\"157\"><span style=\"color: #0000ff\">Nanomagnetismo \/ Hipertermia Magn\u00e9tica<\/span><\/h3>\n<p data-start=\"159\" data-end=\"487\">Nossa pesquisa concentra-se no estudo de fen\u00f4menos magn\u00e9ticos em sistemas nanoestruturados. Investigamos, em especial, as propriedades e o comportamento de nanopart\u00edculas magn\u00e9ticas, com \u00eanfase em aplica\u00e7\u00f5es biom\u00e9dicas como a magneto-hipertermia, al\u00e9m de outras potenciais utiliza\u00e7\u00f5es tecnol\u00f3gicas desses nanomateriais.&nbsp;<\/p>\n<ul>\n<li data-start=\"159\" data-end=\"487\"><strong>Nanoparticulas hybridas, fundamentos e aplica\u00e7\u014des.<\/strong><\/li>\n<li data-start=\"159\" data-end=\"487\"><strong>Nanoparticulas para aplica\u00e7\u00e3o em magneto-hipertermia<\/strong><\/li>\n<li data-start=\"159\" data-end=\"487\"><strong>Aplica\u00e7\u00e3o de nanoparticulas em fluidos viscosos e escoamento.<\/strong><\/li>\n<li data-start=\"159\" data-end=\"487\"><strong>Teoria de Krames e intera\u00e7\u00f5es entre nanoparticulas.&nbsp;<\/strong><\/li>\n<\/ul>\n<p>&nbsp;<\/p>\n<h3><span style=\"color: #0000ff\"><strong>Oxidos magneticos\/Computa\u00e7\u00e3o Neurom\u00f3rfica<\/strong><\/span><\/h3>\n<p data-start=\"175\" data-end=\"478\">Investigamos \u00f3xidos complexos com potencial para aplica\u00e7\u00f5es em computa\u00e7\u00e3o neurom\u00f3rfica. Nosso foco est\u00e1 tanto em materiais na forma <strong data-start=\"307\" data-end=\"315\">bulk<\/strong> quanto em <strong data-start=\"326\" data-end=\"342\">filmes finos<\/strong>, especialmente aqueles que apresentam <strong data-start=\"381\" data-end=\"422\">propriedades magn\u00e9ticas e eletr\u00f4nicas<\/strong> promissoras para integra\u00e7\u00e3o em circuitos neurom\u00f3rficos.<\/p>\n<p data-start=\"480\" data-end=\"713\">Utilizamos t\u00e9cnicas avan\u00e7adas, como <strong data-start=\"516\" data-end=\"540\">resson\u00e2ncia de spins<\/strong> e <strong data-start=\"543\" data-end=\"573\">resson\u00e2ncia ferromagn\u00e9tica<\/strong> dependentes de temperatura e voltagem, complementadas por medidas de <strong data-start=\"643\" data-end=\"659\">magnetiza\u00e7\u00e3o<\/strong>, <strong data-start=\"661\" data-end=\"686\">transporte eletr\u00f4nico<\/strong> e <strong data-start=\"689\" data-end=\"712\">difra\u00e7\u00e3o de raios X<\/strong>.<\/p>\n<p data-start=\"715\" data-end=\"766\">Damos \u00eanfase a materiais que exibem fen\u00f4menos como:<\/p>\n<ul>\n<li data-start=\"715\" data-end=\"766\"><strong data-start=\"769\" data-end=\"791\">Separa\u00e7\u00e3o de fases.<\/strong><\/li>\n<li data-start=\"796\" data-end=\"819\"><strong data-start=\"796\" data-end=\"817\">Fase de Griffiths.<\/strong><\/li>\n<li data-start=\"822\" data-end=\"853\"><strong data-start=\"822\" data-end=\"851\">Transi\u00e7\u00f5es metal-isolante.<\/strong><\/li>\n<li data-start=\"856\" data-end=\"903\"><strong data-start=\"856\" data-end=\"901\">Comuta\u00e7\u00e3o resistiva (resistive switching)<\/strong><\/li>\n<li data-start=\"904\" data-end=\"939\">\n<p data-start=\"906\" data-end=\"939\"><strong data-start=\"906\" data-end=\"937\">Propriedades multiferroicas.<\/strong><\/p>\n<\/li>\n<\/ul>\n<p data-start=\"941\" data-end=\"1182\">Uma das linhas de pesquisa principais envolve o estudo de como diferentes est\u00edmulos \u2014 <strong data-start=\"1027\" data-end=\"1064\">\u00f3pticos, magn\u00e9ticos e eletr\u00f4nicos<\/strong> \u2014 afetam os diversos graus de liberdade desses \u00f3xidos, e como essas intera\u00e7\u00f5es impactam suas propriedades funcionais.<\/p>\n<h3 data-start=\"167\" data-end=\"200\"><span style=\"color: #ff6600\">Equipamentos<\/span><\/h3>\n<h4 data-start=\"167\" data-end=\"200\"><span style=\"font-family: 'book antiqua', palatino, serif\"><strong data-start=\"171\" data-end=\"198\">Difrat\u00f4metro de Raios X<\/strong><\/span><\/h4>\n<p data-start=\"201\" data-end=\"340\">Difrat\u00f4metro Rigaku DMAX, operando em \u00e2ngulos entre 5\u00b0 e 110\u00b0, com capacidade de funcionamento em uma faixa de temperatura de 25 K a 300 K.<\/p>\n<hr data-start=\"342\" data-end=\"345\">\n<h4 data-start=\"347\" data-end=\"399\"><strong data-start=\"351\" data-end=\"397\">EPR (Resson\u00e2ncia Paramagn\u00e9tica Eletr\u00f4nica)<\/strong><\/h4>\n<p data-start=\"400\" data-end=\"682\">Espectr\u00f4metro de banda X (n\u00e3o comercial), operando em frequ\u00eancia de 9,14 GHz, com pot\u00eancia de 2 mW. Campos magn\u00e9ticos variam de 0,5 a 8 kOe, aplicados com taxa de varia\u00e7\u00e3o de 80 Oe\/s. A temperatura \u00e9 controlada com precis\u00e3o de \u00b12 K, variando entre 108 K e 300 K durante as medi\u00e7\u00f5es.<\/p>\n<hr data-start=\"684\" data-end=\"687\">\n<h4 data-start=\"689\" data-end=\"741\"><strong data-start=\"693\" data-end=\"739\">SQUID<\/strong><\/h4>\n<p data-start=\"742\" data-end=\"976\">Sistema SQUID MPMS da Quantum Design, com aplica\u00e7\u00e3o de campos magn\u00e9ticos de at\u00e9 7 T e faixa de temperatura entre 2 K e 325 K. Possui acess\u00f3rio de fibra \u00f3ptica. <em data-start=\"902\" data-end=\"976\">Atualmente fora de opera\u00e7\u00e3o devido a problemas no fornecimento de h\u00e9lio.<\/em><\/p>\n<hr data-start=\"978\" data-end=\"981\">\n<h4 data-start=\"983\" data-end=\"1042\"><strong data-start=\"987\" data-end=\"1040\">PPMS&nbsp;<\/strong><\/h4>\n<p data-start=\"1043\" data-end=\"1392\">Sistema PPMS (Physical Property Measurement System) da Quantum Design, opera com campos magn\u00e9ticos de at\u00e9 9 T e temperaturas de 2 K a 320 K. Permite medi\u00e7\u00f5es calorim\u00e9tricas por t\u00e9cnicas de relaxa\u00e7\u00e3o, medidas de fluxo de calor com sensores Peltier, resistividade pelo m\u00e9todo de quatro pontas, e magnetiza\u00e7\u00e3o DC e AC em frequ\u00eancias de 100 Hz a 10 kHz.<\/p>\n<h4 data-start=\"1399\" data-end=\"1430\"><strong data-start=\"1403\" data-end=\"1428\">Hipertermia Magn\u00e9tica<\/strong><\/h4>\n<p data-start=\"1431\" data-end=\"1595\">Equipamento para medi\u00e7\u00e3o da Taxa de Absor\u00e7\u00e3o Espec\u00edfica (SAR) e realiza\u00e7\u00e3o de experimentos de magneto-hipertermia em diferentes intensidades de campo e frequ\u00eancias.&nbsp; &nbsp;<\/p>\n<p data-start=\"1043\" data-end=\"1392\">&nbsp;<\/p>\n<hr data-start=\"1394\" data-end=\"1397\">\n<h3 data-start=\"960\" data-end=\"997\"><span style=\"color: #ff0000\"><img loading=\"lazy\" decoding=\"async\" class=\"alignnone wp-image-600\" src=\"https:\/\/sites.ifi.unicamp.br\/gmfa\/files\/2025\/06\/FAPESP-300x66.png\" alt=\"\" width=\"177\" height=\"39\" srcset=\"https:\/\/sites.ifi.unicamp.br\/gmfa\/files\/2025\/06\/FAPESP-300x66.png 300w, https:\/\/sites.ifi.unicamp.br\/gmfa\/files\/2025\/06\/FAPESP-1024x224.png 1024w, https:\/\/sites.ifi.unicamp.br\/gmfa\/files\/2025\/06\/FAPESP-768x168.png 768w, https:\/\/sites.ifi.unicamp.br\/gmfa\/files\/2025\/06\/FAPESP-1536x337.png 1536w, https:\/\/sites.ifi.unicamp.br\/gmfa\/files\/2025\/06\/FAPESP-2048x449.png 2048w, https:\/\/sites.ifi.unicamp.br\/gmfa\/files\/2025\/06\/FAPESP-750x164.png 750w, https:\/\/sites.ifi.unicamp.br\/gmfa\/files\/2025\/06\/FAPESP-1170x250.png 1170w\" sizes=\"auto, (max-width: 177px) 100vw, 177px\" \/> <strong data-start=\"967\" data-end=\"995\">&nbsp;<\/strong><\/span><\/h3>\n<h3 data-start=\"960\" data-end=\"997\"><span style=\"color: #ff0000\"><strong data-start=\"967\" data-end=\"995\">CEPID<\/strong><\/span><\/h3>\n<p><strong data-start=\"998\" data-end=\"1010\">Projeto: <\/strong><span style=\"font-size: 12pt\">Centro de Pesquisa e Inova\u00e7\u00e3o de Materiais Inteligentes e Qu\u00e2nticos (CRISQuaM)<\/span><\/p>\n<p><strong data-start=\"1078\" data-end=\"1090\">Per\u00edodo:<\/strong> 01 de julho de 2025 &#8211; 30 de junho de 2030.&nbsp;<\/p>\n<p><strong data-start=\"453\" data-end=\"464\">Fun\u00e7\u00e3o:<\/strong> <strong>Pesquisador Principal<\/strong><\/p>\n<p><strong>Coordenador:<\/strong> Prof. Daniel Ugarte<\/p>\n<p>O Centro tem como objetivo explorar de forma sin\u00e9rgica ci\u00eancias fundamentais e aplicadas para desenvolver novos materiais com alto potencial para o projeto e constru\u00e7\u00e3o de dispositivos e sensores que abordam desafios tecnol\u00f3gicos associados \u00e0 sustentabilidade, mudan\u00e7as clim\u00e1ticas, agricultura de precis\u00e3o, ecologia e sa\u00fade. Para alcan\u00e7ar esses objetivos, a equipe de pesquisa foi constru\u00edda com o conceito de pesquisa interdisciplinar e uma abordagem colaborativa para integrar especialidades de diversos dom\u00ednios cient\u00edficos para identificar e adaptar novos materiais com alto potencial de inova\u00e7\u00e3o. Ao combinar m\u00e9todos originais de s\u00edntese, t\u00e9cnicas avan\u00e7adas de caracteriza\u00e7\u00e3o, abordagens te\u00f3ricas, simula\u00e7\u00f5es computacionais, tecnologias qu\u00e2nticas e design e constru\u00e7\u00e3o de dispositivos inovadores, pretendemos ser pioneiros em avan\u00e7os em novos materiais inteligentes e qu\u00e2nticos, promovendo excel\u00eancia cient\u00edfica e desenvolvimento tecnol\u00f3gico. Esperamos alcan\u00e7ar inova\u00e7\u00e3o disruptiva em instrumenta\u00e7\u00e3o, tanto em hardware quanto em ferramentas baseadas em intelig\u00eancia artificial, tecnologias qu\u00e2nticas, dispositivos biom\u00e9dicos e processamento de sinais, bem como bi\u00f4nica vegetal, explorando intera\u00e7\u00f5es planta-pat\u00f3geno. Al\u00e9m das atividades de pesquisa, planejamos introduzir uma forte a\u00e7\u00e3o na educa\u00e7\u00e3o, difus\u00e3o e divulga\u00e7\u00e3o de informa\u00e7\u00f5es ao p\u00fablico n\u00e3o especializado, pois uma sociedade moderna deve estar ciente dos s\u00e9rios desafios que a humanidade est\u00e1 enfrentando e de como a pesquisa e a tecnologia s\u00e3o essenciais para desenvolver as ferramentas para explorar sabiamente os recursos limitados que nosso planeta pode oferecer. As atividades de inova\u00e7\u00e3o do Centro ser\u00e3o aceleradas desde o in\u00edcio pela parceria com v\u00e1rias empresas que trabalham em tecnologias relacionadas, muitas delas brasileiras. Por fim, todas as atividades do Centro ser\u00e3o gerenciadas respeitando metas de diversidade, equidade e inclus\u00e3o e as melhores pr\u00e1ticas nessa \u00e1rea.&nbsp;<\/p>\n<hr>\n<h3 data-start=\"1966\" data-end=\"2026\"><span style=\"color: #ff0000\"><img loading=\"lazy\" decoding=\"async\" class=\"alignnone wp-image-599\" src=\"https:\/\/sites.ifi.unicamp.br\/gmfa\/files\/2025\/06\/CNPq-300x128.png\" alt=\"\" width=\"204\" height=\"87\" srcset=\"https:\/\/sites.ifi.unicamp.br\/gmfa\/files\/2025\/06\/CNPq-300x128.png 300w, https:\/\/sites.ifi.unicamp.br\/gmfa\/files\/2025\/06\/CNPq-768x328.png 768w, https:\/\/sites.ifi.unicamp.br\/gmfa\/files\/2025\/06\/CNPq-750x320.png 750w, https:\/\/sites.ifi.unicamp.br\/gmfa\/files\/2025\/06\/CNPq.png 1024w\" sizes=\"auto, (max-width: 204px) 100vw, 204px\" \/><\/span><\/h3>\n<h3 data-start=\"285\" data-end=\"324\"><span style=\"color: #ff0000\">&nbsp;<em>Conhecimento Brasil<\/em><\/span><\/h3>\n<p data-start=\"325\" data-end=\"488\"><strong data-start=\"325\" data-end=\"337\">Projeto: <\/strong>Nanodispositivos H\u00edbridos de Nanopart\u00edculas Magn\u00e9ticas Revestidos por S\u00edlica Mesoporosa<br \/>\npara Tratamento de \u00c1gua com Hipertermia<\/p>\n<p data-start=\"325\" data-end=\"488\"><strong data-start=\"382\" data-end=\"394\">Per\u00edodo:<\/strong> &nbsp;01\/08\/2025-31\/08\/2029<\/p>\n<p data-start=\"325\" data-end=\"488\"><strong data-start=\"421\" data-end=\"434\">Programa:<\/strong> Conhecimento Brasil<\/p>\n<p data-start=\"325\" data-end=\"488\"><strong>Coordenadora:<\/strong> <span style=\"text-decoration: underline\">Dra. Maria Eug\u00eania Fortes Brollo<\/span><\/p>\n<p data-start=\"325\" data-end=\"488\"><strong data-start=\"453\" data-end=\"464\">Fun\u00e7\u00e3o:<\/strong> Pesquisador Colaborador<\/p>\n<p data-start=\"490\" data-end=\"953\">O projeto visa o desenvolvimento de nanodispositivos h\u00edbridos compostos por nano- part\u00edculas de \u00f3xido de ferro revestidas com s\u00edlica mesoporosa, com o intuito de criar uma solu\u00e7\u00e3o inovadora para o tratamento de \u00e1gua. Esses nanomateriais combinam as propriedades magn\u00e9ticas das nanopart\u00edculas de \u00f3xido de ferro com a alta \u00e1rea superficial e a versatilidade qu\u00edmica da s\u00edlica mesopo- rosa, oferecendo vantagens \u00fanicas para aplica\u00e7\u00f5es ambientais.<\/p>\n<hr data-start=\"955\" data-end=\"958\">\n<h3 data-start=\"960\" data-end=\"997\"><span style=\"color: #ff0000\"><img loading=\"lazy\" decoding=\"async\" class=\"alignnone wp-image-600\" src=\"https:\/\/sites.ifi.unicamp.br\/gmfa\/files\/2025\/06\/FAPESP-300x66.png\" alt=\"\" width=\"177\" height=\"39\" srcset=\"https:\/\/sites.ifi.unicamp.br\/gmfa\/files\/2025\/06\/FAPESP-300x66.png 300w, https:\/\/sites.ifi.unicamp.br\/gmfa\/files\/2025\/06\/FAPESP-1024x224.png 1024w, https:\/\/sites.ifi.unicamp.br\/gmfa\/files\/2025\/06\/FAPESP-768x168.png 768w, https:\/\/sites.ifi.unicamp.br\/gmfa\/files\/2025\/06\/FAPESP-1536x337.png 1536w, https:\/\/sites.ifi.unicamp.br\/gmfa\/files\/2025\/06\/FAPESP-2048x449.png 2048w, https:\/\/sites.ifi.unicamp.br\/gmfa\/files\/2025\/06\/FAPESP-750x164.png 750w, https:\/\/sites.ifi.unicamp.br\/gmfa\/files\/2025\/06\/FAPESP-1170x250.png 1170w\" sizes=\"auto, (max-width: 177px) 100vw, 177px\" \/> <strong data-start=\"967\" data-end=\"995\">&nbsp;<\/strong><\/span><\/h3>\n<h3 data-start=\"960\" data-end=\"997\"><span style=\"color: #ff0000\"><strong data-start=\"967\" data-end=\"995\">Aux\u00edlio Regular<\/strong><\/span><\/h3>\n<p data-start=\"998\" data-end=\"1154\"><strong data-start=\"998\" data-end=\"1010\">Projeto:<\/strong> <em data-start=\"1011\" data-end=\"1075\">Ferrofluidos para Aplica\u00e7\u00f5es em Escoamento de Fluidos Viscosos<\/em><br data-start=\"1075\" data-end=\"1078\"><strong data-start=\"1078\" data-end=\"1090\">Per\u00edodo:<\/strong> 01\/07\/2023 \u2013 30\/06\/2025<br data-start=\"1114\" data-end=\"1117\"><strong data-start=\"1117\" data-end=\"1128\">Fun\u00e7\u00e3o: Pesquisador Respons\u00e1vel<\/strong><\/p>\n<p data-start=\"1156\" data-end=\"1660\">Este projeto visa aprimorar as propriedades magn\u00e9ticas de ferrofluidos com o intuito de otimizar a convers\u00e3o de energia eletromagn\u00e9tica em calor por meio do efeito de magneto-hipertermia (MH). A aplica\u00e7\u00e3o principal \u00e9 a redu\u00e7\u00e3o da viscosidade de fluidos densos, como o petr\u00f3leo, facilitando seu transporte e extra\u00e7\u00e3o. A t\u00e9cnica baseia-se na utiliza\u00e7\u00e3o de nanopart\u00edculas magn\u00e9ticas (NPs) submetidas a campos magn\u00e9ticos alternados, elevando a temperatura do fluido devido \u00e0 invers\u00e3o de magnetiza\u00e7\u00e3o das NPs.<\/p>\n<p data-start=\"1662\" data-end=\"1959\">A redu\u00e7\u00e3o de viscosidade \u00e9 crucial em diversos setores industriais, como \u00f3leo e g\u00e1s, farmac\u00eautico, qu\u00edmico e aliment\u00edcio. O projeto prop\u00f5e tamb\u00e9m o desenvolvimento de novos m\u00e9todos de s\u00edntese para sistemas coloidais de NPs magn\u00e9ticas, com foco na sua estabilidade e efici\u00eancia em fluidos viscosos.<\/p>\n<hr data-start=\"1961\" data-end=\"1964\">\n<h3 data-start=\"1966\" data-end=\"2026\"><span style=\"color: #ff0000\"><img loading=\"lazy\" decoding=\"async\" class=\"alignnone wp-image-599\" src=\"https:\/\/sites.ifi.unicamp.br\/gmfa\/files\/2025\/06\/CNPq-300x128.png\" alt=\"\" width=\"204\" height=\"87\" srcset=\"https:\/\/sites.ifi.unicamp.br\/gmfa\/files\/2025\/06\/CNPq-300x128.png 300w, https:\/\/sites.ifi.unicamp.br\/gmfa\/files\/2025\/06\/CNPq-768x328.png 768w, https:\/\/sites.ifi.unicamp.br\/gmfa\/files\/2025\/06\/CNPq-750x320.png 750w, https:\/\/sites.ifi.unicamp.br\/gmfa\/files\/2025\/06\/CNPq.png 1024w\" sizes=\"auto, (max-width: 204px) 100vw, 204px\" \/> <strong data-start=\"1973\" data-end=\"2024\">&nbsp;<\/strong><\/span><\/h3>\n<h3 data-start=\"1966\" data-end=\"2026\"><span style=\"color: #ff0000\"><strong data-start=\"1973\" data-end=\"2024\">Bolsa de Produtividade em Pesquisa (PQ2)<\/strong><\/span><\/h3>\n<p data-start=\"2027\" data-end=\"2168\"><strong data-start=\"2027\" data-end=\"2039\">Projeto:<\/strong> <em data-start=\"2040\" data-end=\"2089\">Magneto-hipertermia em Nanopart\u00edculas Agrupadas<\/em><br data-start=\"2089\" data-end=\"2092\"><strong data-start=\"2092\" data-end=\"2104\">Per\u00edodo:<\/strong> 01\/03\/2024 \u2013 28\/02\/2027<br data-start=\"2128\" data-end=\"2131\"><strong data-start=\"2131\" data-end=\"2142\">Fun\u00e7\u00e3o:<\/strong> <strong>Pesquisador Respons\u00e1vel<\/strong><\/p>\n<p data-start=\"2170\" data-end=\"2602\">Este projeto possui grande relev\u00e2ncia cient\u00edfica e tecnol\u00f3gica, ao abordar um tema emergente: o uso de nanopart\u00edculas magn\u00e9ticas agrupadas para gera\u00e7\u00e3o de calor via magneto-hipertermia em sistemas coloidais. Do ponto de vista tecnol\u00f3gico, a proposta tem potencial para gerar solu\u00e7\u00f5es inovadoras aplic\u00e1veis ao transporte eficiente de l\u00edquidos viscosos, com impacto direto na redu\u00e7\u00e3o de custos operacionais em setores como \u00f3leo e g\u00e1s.<\/p>\n<p data-start=\"2604\" data-end=\"2971\">As NPs utilizadas s\u00e3o recuper\u00e1veis e reutiliz\u00e1veis, conferindo sustentabilidade ao processo. Em termos cient\u00edficos, o projeto contribuir\u00e1 para o avan\u00e7o do conhecimento sobre dispers\u00f5es coloidais de NPs magn\u00e9ticas, um campo ainda carente de consenso, especialmente no que diz respeito \u00e0s intera\u00e7\u00f5es dipolares e seus efeitos nas capacidades calorim\u00e9tricas dos sistemas.<\/p>\n<p data-start=\"2604\" data-end=\"2971\">&nbsp;<\/p>\n<p><span style=\"font-size: 12pt\">Nosso grupo trabalha em colabora\u00e7\u00e3o com outros grupos e laborat\u00f3rios do IFGW dentro do projeto tem\u00e1tico <\/span><span style=\"font-size: 12pt\">Laboratorios ou equipamentos dispon\u00edveis podem ser acessados <a href=\"https:\/\/sites.ifi.unicamp.br\/fenomenos-emergentes-sistemas-dimensoes-reduzidas\/infraestrutura\/\">AQUI.<\/a>&nbsp;<\/span><\/p>\n<p><span style=\"font-size: 12pt\">Tamb\u00e9m realizamos varios de nossos experimentos no <a href=\"https:\/\/cnpem.br\/\">CNPEM<\/a> e principalmente no <a href=\"https:\/\/lnnano.cnpem.br\/\">LNNano<\/a>.&nbsp;<br \/>\n<\/span><\/p>","protected":false},"excerpt":{"rendered":"<p>As linhas de investiga\u00e7\u00e3o do grupo centram-se no magnetismo, tanto fundamental quanto aplicado. Nanomagnetismo \/ Hipertermia Magn\u00e9tica Nossa pesquisa concentra-se no estudo de fen\u00f4menos magn\u00e9ticos em sistemas nanoestruturados. Investigamos, em especial, as propriedades e o comportamento de nanopart\u00edculas magn\u00e9ticas, com \u00eanfase em aplica\u00e7\u00f5es biom\u00e9dicas como a magneto-hipertermia, al\u00e9m de outras potenciais utiliza\u00e7\u00f5es tecnol\u00f3gicas desses nanomateriais.&nbsp; &hellip; <\/p>\n<p><a class=\"more-link btn\" href=\"https:\/\/sites.ifi.unicamp.br\/gmfa\/pesquisa\/\">Continue lendo<\/a><\/p>\n","protected":false},"author":174,"featured_media":0,"parent":0,"menu_order":0,"comment_status":"closed","ping_status":"closed","template":"","meta":{"ngg_post_thumbnail":0,"footnotes":""},"class_list":["post-29","page","type-page","status-publish","hentry","nodate","item-wrap"],"_links":{"self":[{"href":"https:\/\/sites.ifi.unicamp.br\/gmfa\/wp-json\/wp\/v2\/pages\/29","targetHints":{"allow":["GET"]}}],"collection":[{"href":"https:\/\/sites.ifi.unicamp.br\/gmfa\/wp-json\/wp\/v2\/pages"}],"about":[{"href":"https:\/\/sites.ifi.unicamp.br\/gmfa\/wp-json\/wp\/v2\/types\/page"}],"author":[{"embeddable":true,"href":"https:\/\/sites.ifi.unicamp.br\/gmfa\/wp-json\/wp\/v2\/users\/174"}],"replies":[{"embeddable":true,"href":"https:\/\/sites.ifi.unicamp.br\/gmfa\/wp-json\/wp\/v2\/comments?post=29"}],"version-history":[{"count":32,"href":"https:\/\/sites.ifi.unicamp.br\/gmfa\/wp-json\/wp\/v2\/pages\/29\/revisions"}],"predecessor-version":[{"id":647,"href":"https:\/\/sites.ifi.unicamp.br\/gmfa\/wp-json\/wp\/v2\/pages\/29\/revisions\/647"}],"wp:attachment":[{"href":"https:\/\/sites.ifi.unicamp.br\/gmfa\/wp-json\/wp\/v2\/media?parent=29"}],"curies":[{"name":"wp","href":"https:\/\/api.w.org\/{rel}","templated":true}]}}