{"id":816,"date":"2017-01-04T15:52:18","date_gmt":"2017-01-04T17:52:18","guid":{"rendered":"https:\/\/sites.ifi.unicamp.br\/lamult\/?page_id=816"},"modified":"2022-07-11T15:16:31","modified_gmt":"2022-07-11T18:16:31","slug":"como-usar","status":"publish","type":"page","link":"https:\/\/sites.ifi.unicamp.br\/lamult\/como-usar\/","title":{"rendered":"Como usar"},"content":{"rendered":"<ul>\n<li><a href=\"https:\/\/sites.ifi.unicamp.br\/lamult\/como-usar-2\/regras-gerais\/\"><span style=\"font-size: 20px\">Regras Gerais<\/span><\/a><\/li>\n<li><a href=\"https:\/\/sites.ifi.unicamp.br\/lamult\/como-usar-2\/regras-para-uso-acervo-lamult\/\"><span style=\"font-size: 20px\">Como usar &#8211; Acervo LAMULT<\/span><\/a><\/li>\n<li><a href=\"https:\/\/sites.ifi.unicamp.br\/lamult\/como-usar\/capelas-quimicas-como-usar\/\"><span style=\"font-size: 20px\">Capelas Qu\u00edmicas<\/span><\/a><\/li>\n<li><span style=\"font-size: 20px\"><a href=\"https:\/\/sites.ifi.unicamp.br\/lamult\/como-usar\/treinamentos\/\">Treinamentos &#8211; equipamentos<\/a><\/span><\/li>\n<\/ul>\n<p>&nbsp;<\/p>\n<ul>\n<li><strong><a href=\"https:\/\/sites.ifi.unicamp.br\/lamult\/como-usar\/tutoriais-gate\/\"><span style=\"font-size: 20px\">TUTORIAIS GATE<\/span><\/a><br \/>\nV\u00eddeos explicativos sobre a opera\u00e7\u00e3o dos equipamentos do LAMULT, com descri\u00e7\u00e3o resumida do m\u00e9todo.<br \/>\n<\/strong><\/li>\n<\/ul>\n","protected":false},"excerpt":{"rendered":"<p>Regras Gerais Como usar &#8211; Acervo LAMULT Capelas Qu\u00edmicas Treinamentos &#8211; equipamentos &nbsp; TUTORIAIS GATE V\u00eddeos explicativos sobre a opera\u00e7\u00e3o dos equipamentos do LAMULT, com descri\u00e7\u00e3o resumida do m\u00e9todo.<\/p>\n","protected":false},"author":44,"featured_media":0,"parent":0,"menu_order":6,"comment_status":"closed","ping_status":"closed","template":"","meta":{"ngg_post_thumbnail":0,"footnotes":""},"class_list":["post-816","page","type-page","status-publish","hentry","nodate","item-wrap"],"_links":{"self":[{"href":"https:\/\/sites.ifi.unicamp.br\/lamult\/wp-json\/wp\/v2\/pages\/816","targetHints":{"allow":["GET"]}}],"collection":[{"href":"https:\/\/sites.ifi.unicamp.br\/lamult\/wp-json\/wp\/v2\/pages"}],"about":[{"href":"https:\/\/sites.ifi.unicamp.br\/lamult\/wp-json\/wp\/v2\/types\/page"}],"author":[{"embeddable":true,"href":"https:\/\/sites.ifi.unicamp.br\/lamult\/wp-json\/wp\/v2\/users\/44"}],"replies":[{"embeddable":true,"href":"https:\/\/sites.ifi.unicamp.br\/lamult\/wp-json\/wp\/v2\/comments?post=816"}],"version-history":[{"count":10,"href":"https:\/\/sites.ifi.unicamp.br\/lamult\/wp-json\/wp\/v2\/pages\/816\/revisions"}],"predecessor-version":[{"id":2036,"href":"https:\/\/sites.ifi.unicamp.br\/lamult\/wp-json\/wp\/v2\/pages\/816\/revisions\/2036"}],"wp:attachment":[{"href":"https:\/\/sites.ifi.unicamp.br\/lamult\/wp-json\/wp\/v2\/media?parent=816"}],"curies":[{"name":"wp","href":"https:\/\/api.w.org\/{rel}","templated":true}]}}