{"id":80,"date":"2014-03-17T13:53:53","date_gmt":"2014-03-17T13:53:53","guid":{"rendered":"https:\/\/sites.ifi.unicamp.br\/modelogrupo\/?page_id=31"},"modified":"2022-09-02T13:06:34","modified_gmt":"2022-09-02T13:06:34","slug":"pessoas","status":"publish","type":"page","link":"https:\/\/sites.ifi.unicamp.br\/lfmedica\/pessoas\/","title":{"rendered":"Apoio T\u00e9cnico"},"content":{"rendered":"<p><\/p>\n<p style=\"text-align: center\"><a href=\"https:\/\/sites.ifi.unicamp.br\/lfmedica\/files\/2014\/10\/DSC_8160.jpg\"><img loading=\"lazy\" decoding=\"async\" class=\"alignnone size-medium wp-image-225\" src=\"https:\/\/sites.ifi.unicamp.br\/lfmedica\/files\/2014\/10\/DSC_8160-198x300.jpg\" alt=\"DSC_8160\" width=\"198\" height=\"300\" srcset=\"https:\/\/sites.ifi.unicamp.br\/lfmedica\/files\/2014\/10\/DSC_8160-198x300.jpg 198w, https:\/\/sites.ifi.unicamp.br\/lfmedica\/files\/2014\/10\/DSC_8160-678x1024.jpg 678w\" sizes=\"auto, (max-width: 198px) 100vw, 198px\" \/><\/a><\/p>\n<p style=\"text-align: center\"><strong>Apoio T\u00e9cnico e Radioprote\u00e7\u00e3o:<\/strong><\/p>\n<p style=\"text-align: center\">Dra. Maria Emilia Seren Takahashi<\/p>\n<p style=\"text-align: center\">Supervisora de Radioprote\u00e7\u00e3o &#8211;&nbsp; FM 0179\/CNEN<\/p>\n<p style=\"text-align: center\">mseren@unicamp.br<\/p>\n<p style=\"text-align: center\"><em> Telefone: +55(19)3521-0275<\/em><\/p>\n<p><\/p>","protected":false},"excerpt":{"rendered":"<p>Apoio T\u00e9cnico e Radioprote\u00e7\u00e3o: Dra. Maria Emilia Seren Takahashi Supervisora de Radioprote\u00e7\u00e3o &#8211;&nbsp; FM 0179\/CNEN mseren@unicamp.br Telefone: +55(19)3521-0275<\/p>\n","protected":false},"author":127,"featured_media":0,"parent":0,"menu_order":0,"comment_status":"open","ping_status":"open","template":"","meta":{"ngg_post_thumbnail":0,"footnotes":""},"class_list":["post-80","page","type-page","status-publish","hentry","nodate","item-wrap"],"_links":{"self":[{"href":"https:\/\/sites.ifi.unicamp.br\/lfmedica\/wp-json\/wp\/v2\/pages\/80","targetHints":{"allow":["GET"]}}],"collection":[{"href":"https:\/\/sites.ifi.unicamp.br\/lfmedica\/wp-json\/wp\/v2\/pages"}],"about":[{"href":"https:\/\/sites.ifi.unicamp.br\/lfmedica\/wp-json\/wp\/v2\/types\/page"}],"author":[{"embeddable":true,"href":"https:\/\/sites.ifi.unicamp.br\/lfmedica\/wp-json\/wp\/v2\/users\/127"}],"replies":[{"embeddable":true,"href":"https:\/\/sites.ifi.unicamp.br\/lfmedica\/wp-json\/wp\/v2\/comments?post=80"}],"version-history":[{"count":14,"href":"https:\/\/sites.ifi.unicamp.br\/lfmedica\/wp-json\/wp\/v2\/pages\/80\/revisions"}],"predecessor-version":[{"id":345,"href":"https:\/\/sites.ifi.unicamp.br\/lfmedica\/wp-json\/wp\/v2\/pages\/80\/revisions\/345"}],"wp:attachment":[{"href":"https:\/\/sites.ifi.unicamp.br\/lfmedica\/wp-json\/wp\/v2\/media?parent=80"}],"curies":[{"name":"wp","href":"https:\/\/api.w.org\/{rel}","templated":true}]}}