{"id":79,"date":"2014-03-17T13:53:39","date_gmt":"2014-03-17T13:53:39","guid":{"rendered":"https:\/\/sites.ifi.unicamp.br\/modelogrupo\/?page_id=29"},"modified":"2023-11-10T17:17:33","modified_gmt":"2023-11-10T17:17:33","slug":"experimentos","status":"publish","type":"page","link":"https:\/\/sites.ifi.unicamp.br\/lief\/experimentos\/","title":{"rendered":"Experimentos"},"content":{"rendered":"<p>O LIEF conta com um acervo com mais de 50 montagens experimentais. A maioria dessas montagens est\u00e3o expostas de forma permanente em nossos laborat\u00f3rios e voc\u00ea pode encontrar uma <a href=\"https:\/\/sites.ifi.unicamp.br\/lief\/?p=176\">lista completa desses experimentos aqui.<\/a><\/p>\n<p>Al\u00e9m dos experimentos expostos, o LIEF com a ajuda de alguns professores, desenvolveu kits experimentais para uso em sala de aula. A&nbsp;maioria desses <a href=\"https:\/\/sites.ifi.unicamp.br\/lief\/?p=168\">kits contemplam as mat\u00e9rias de F\u00edsica B\u00e1sica<\/a>&nbsp;e o empr\u00e9stimo podem ser requerido&nbsp;atrav\u00e9s<a href=\"https:\/\/docs.google.com\/forms\/d\/1PybKzJ0mKv6unpC1jo9Qp8nPI6PcH6Zoj6v4ILDoW5I\/edit\"> desse formul\u00e1rio.<\/a><\/p>","protected":false},"excerpt":{"rendered":"<p>O LIEF conta com um acervo com mais de 50 montagens experimentais. A maioria dessas montagens est\u00e3o expostas de forma permanente em nossos laborat\u00f3rios e voc\u00ea pode encontrar uma lista completa desses experimentos aqui. Al\u00e9m dos experimentos expostos, o LIEF com a ajuda de alguns professores, desenvolveu kits experimentais para uso em sala de aula. &hellip; <\/p>\n<p><a class=\"more-link btn\" href=\"https:\/\/sites.ifi.unicamp.br\/lief\/experimentos\/\">Continue lendo<\/a><\/p>\n","protected":false},"author":19,"featured_media":0,"parent":0,"menu_order":2,"comment_status":"closed","ping_status":"closed","template":"","meta":{"ngg_post_thumbnail":0,"footnotes":""},"class_list":["post-79","page","type-page","status-publish","hentry","nodate","item-wrap"],"_links":{"self":[{"href":"https:\/\/sites.ifi.unicamp.br\/lief\/wp-json\/wp\/v2\/pages\/79","targetHints":{"allow":["GET"]}}],"collection":[{"href":"https:\/\/sites.ifi.unicamp.br\/lief\/wp-json\/wp\/v2\/pages"}],"about":[{"href":"https:\/\/sites.ifi.unicamp.br\/lief\/wp-json\/wp\/v2\/types\/page"}],"author":[{"embeddable":true,"href":"https:\/\/sites.ifi.unicamp.br\/lief\/wp-json\/wp\/v2\/users\/19"}],"replies":[{"embeddable":true,"href":"https:\/\/sites.ifi.unicamp.br\/lief\/wp-json\/wp\/v2\/comments?post=79"}],"version-history":[{"count":8,"href":"https:\/\/sites.ifi.unicamp.br\/lief\/wp-json\/wp\/v2\/pages\/79\/revisions"}],"predecessor-version":[{"id":1642,"href":"https:\/\/sites.ifi.unicamp.br\/lief\/wp-json\/wp\/v2\/pages\/79\/revisions\/1642"}],"wp:attachment":[{"href":"https:\/\/sites.ifi.unicamp.br\/lief\/wp-json\/wp\/v2\/media?parent=79"}],"curies":[{"name":"wp","href":"https:\/\/api.w.org\/{rel}","templated":true}]}}