{"id":896,"date":"2018-01-23T17:25:01","date_gmt":"2018-01-23T17:25:01","guid":{"rendered":"https:\/\/sites.ifi.unicamp.br\/lief\/?page_id=896"},"modified":"2018-03-26T19:12:59","modified_gmt":"2018-03-26T19:12:59","slug":"inducao-eletromagnetica","status":"publish","type":"page","link":"https:\/\/sites.ifi.unicamp.br\/lief\/inducao-eletromagnetica\/","title":{"rendered":"Indu\u00e7\u00e3o Eletromagn\u00e9tica"},"content":{"rendered":"<p><a href=\"https:\/\/sites.ifi.unicamp.br\/lief\/files\/2018\/01\/20170529_175257-1.jpg\"><img fetchpriority=\"high\" decoding=\"async\" class=\"wp-image-894 aligncenter\" src=\"https:\/\/sites.ifi.unicamp.br\/lief\/files\/2018\/01\/20170529_175257-1-1024x768.jpg\" alt=\"\" width=\"431\" height=\"323\" srcset=\"https:\/\/sites.ifi.unicamp.br\/lief\/files\/2018\/01\/20170529_175257-1-1024x768.jpg 1024w, https:\/\/sites.ifi.unicamp.br\/lief\/files\/2018\/01\/20170529_175257-1-300x225.jpg 300w, https:\/\/sites.ifi.unicamp.br\/lief\/files\/2018\/01\/20170529_175257-1-768x576.jpg 768w\" sizes=\"(max-width: 431px) 100vw, 431px\" \/><\/a><\/p>\n<p><b>Objetivo: <\/b><span style=\"font-weight: 400\">Demonstrar o fen\u00f4meno da indu\u00e7\u00e3o eletromagn\u00e9tica.<\/span><\/p>\n<p><b>Descri\u00e7\u00e3o: <\/b><span style=\"font-weight: 400\">A indu\u00e7\u00e3o eletromagn\u00e9tica foi demonstrada por Faraday e diz que quando uma \u00e1rea delimitada por um condutor sofre varia\u00e7\u00e3o no fluxo de indu\u00e7\u00e3o magn\u00e9tica \u00e9 criada uma tens\u00e3o, e se estiver em um circuito el\u00e9trico fechado, cria-se uma corrente induzida. Neste experimento temos um \u00edm\u00e3 que \u00e9 movimentado sobre um metal criando uma indu\u00e7\u00e3o magn\u00e9tica. Ligado a isso temos luzes de LED, que por estarem em circuito el\u00e9trico fechado, sofrem corrente induzida, j\u00e1 que o campo magn\u00e9tico do \u00edm\u00e3 gera corrente el\u00e9trica, o que faz as luzes se acenderem. <\/span><\/p>\n","protected":false},"excerpt":{"rendered":"<p>Objetivo: Demonstrar o fen\u00f4meno da indu\u00e7\u00e3o eletromagn\u00e9tica. Descri\u00e7\u00e3o: A indu\u00e7\u00e3o eletromagn\u00e9tica foi demonstrada por Faraday e diz que quando uma \u00e1rea delimitada por um condutor sofre varia\u00e7\u00e3o no fluxo de indu\u00e7\u00e3o magn\u00e9tica \u00e9 criada uma tens\u00e3o, e se estiver em um circuito el\u00e9trico fechado, cria-se uma corrente induzida. Neste experimento temos um \u00edm\u00e3 que \u00e9 &hellip; <\/p>\n<p><a class=\"more-link btn\" href=\"https:\/\/sites.ifi.unicamp.br\/lief\/inducao-eletromagnetica\/\">Continue lendo<\/a><\/p>\n","protected":false},"author":164,"featured_media":0,"parent":0,"menu_order":0,"comment_status":"closed","ping_status":"closed","template":"","meta":{"ngg_post_thumbnail":0,"footnotes":""},"class_list":["post-896","page","type-page","status-publish","hentry","nodate","item-wrap"],"_links":{"self":[{"href":"https:\/\/sites.ifi.unicamp.br\/lief\/wp-json\/wp\/v2\/pages\/896","targetHints":{"allow":["GET"]}}],"collection":[{"href":"https:\/\/sites.ifi.unicamp.br\/lief\/wp-json\/wp\/v2\/pages"}],"about":[{"href":"https:\/\/sites.ifi.unicamp.br\/lief\/wp-json\/wp\/v2\/types\/page"}],"author":[{"embeddable":true,"href":"https:\/\/sites.ifi.unicamp.br\/lief\/wp-json\/wp\/v2\/users\/164"}],"replies":[{"embeddable":true,"href":"https:\/\/sites.ifi.unicamp.br\/lief\/wp-json\/wp\/v2\/comments?post=896"}],"version-history":[{"count":5,"href":"https:\/\/sites.ifi.unicamp.br\/lief\/wp-json\/wp\/v2\/pages\/896\/revisions"}],"predecessor-version":[{"id":1308,"href":"https:\/\/sites.ifi.unicamp.br\/lief\/wp-json\/wp\/v2\/pages\/896\/revisions\/1308"}],"wp:attachment":[{"href":"https:\/\/sites.ifi.unicamp.br\/lief\/wp-json\/wp\/v2\/media?parent=896"}],"curies":[{"name":"wp","href":"https:\/\/api.w.org\/{rel}","templated":true}]}}