{"id":33,"date":"2014-03-17T13:54:06","date_gmt":"2014-03-17T13:54:06","guid":{"rendered":"https:\/\/sites.ifi.unicamp.br\/modelogrupo\/?page_id=33"},"modified":"2018-09-22T21:06:26","modified_gmt":"2018-09-23T00:06:26","slug":"publicacoes","status":"publish","type":"page","link":"https:\/\/sites.ifi.unicamp.br\/lpf\/publicacoes\/","title":{"rendered":"Publica\u00e7\u00f5es"},"content":{"rendered":"<p><a href=\"https:\/\/sites.ifi.unicamp.br\/lpf\/publicacoes\/artigos-2\/\" target=\"_blank\" rel=\"noopener\">Clique aqui<\/a> para encontrar as 10 publica\u00e7\u00f5es mais citadas de cada professor. Para as demais publica\u00e7\u00f5es&nbsp;<a style=\"background-color: #ffffff\" href=\"https:\/\/sites.ifi.unicamp.br\/lpf\/pessoas\/professores\/\" target=\"_blank\" rel=\"noopener\">clique aqui<\/a>&nbsp;e acesse&nbsp; seus Researcher IDs.<\/p>\n<p><a href=\"https:\/\/sites.ifi.unicamp.br\/lpf\/publicacoes\/seminarios\/\" target=\"_blank\" rel=\"noopener\">Clique aqui<\/a> para obter os PDFs dos Semin\u00e1rios do Grupo<\/p>","protected":false},"excerpt":{"rendered":"<p>Clique aqui para encontrar as 10 publica\u00e7\u00f5es mais citadas de cada professor. Para as demais publica\u00e7\u00f5es&nbsp;clique aqui&nbsp;e acesse&nbsp; seus Researcher IDs. Clique aqui para obter os PDFs dos Semin\u00e1rios do Grupo<\/p>\n","protected":false},"author":7,"featured_media":0,"parent":0,"menu_order":0,"comment_status":"open","ping_status":"open","template":"","meta":{"ngg_post_thumbnail":0,"footnotes":""},"class_list":["post-33","page","type-page","status-publish","hentry","nodate","item-wrap"],"_links":{"self":[{"href":"https:\/\/sites.ifi.unicamp.br\/lpf\/wp-json\/wp\/v2\/pages\/33","targetHints":{"allow":["GET"]}}],"collection":[{"href":"https:\/\/sites.ifi.unicamp.br\/lpf\/wp-json\/wp\/v2\/pages"}],"about":[{"href":"https:\/\/sites.ifi.unicamp.br\/lpf\/wp-json\/wp\/v2\/types\/page"}],"author":[{"embeddable":true,"href":"https:\/\/sites.ifi.unicamp.br\/lpf\/wp-json\/wp\/v2\/users\/7"}],"replies":[{"embeddable":true,"href":"https:\/\/sites.ifi.unicamp.br\/lpf\/wp-json\/wp\/v2\/comments?post=33"}],"version-history":[{"count":12,"href":"https:\/\/sites.ifi.unicamp.br\/lpf\/wp-json\/wp\/v2\/pages\/33\/revisions"}],"predecessor-version":[{"id":331,"href":"https:\/\/sites.ifi.unicamp.br\/lpf\/wp-json\/wp\/v2\/pages\/33\/revisions\/331"}],"wp:attachment":[{"href":"https:\/\/sites.ifi.unicamp.br\/lpf\/wp-json\/wp\/v2\/media?parent=33"}],"curies":[{"name":"wp","href":"https:\/\/api.w.org\/{rel}","templated":true}]}}