{"id":85,"date":"2013-12-06T12:23:58","date_gmt":"2013-12-06T12:23:58","guid":{"rendered":"https:\/\/sites.ifi.unicamp.br\/modelo\/?page_id=26"},"modified":"2014-04-24T18:05:12","modified_gmt":"2014-04-24T18:05:12","slug":"pesquisa","status":"publish","type":"page","link":"https:\/\/sites.ifi.unicamp.br\/mabernal\/pesquisa\/","title":{"rendered":"Pesquisa"},"content":{"rendered":"<p><\/p>\n<div>\n<div><\/div>\n<div><b>2013-atualidade. <\/b><\/div>\n<div><\/div>\n<div>Ainda o processo de quebra do DNA devido ao impacto de uma part\u00edcula carregada energ\u00e9tica n\u00e3o \u00e9 bem conhecido. Por esta raz\u00e3o come\u00e7amos a estudar o processo de intera\u00e7\u00e3o de part\u00edculas carregadas, por enquanto pr\u00f3tons e part\u00edculas alfas, usando t\u00e9cnicas de din\u00e2mica molecular qu\u00e2ntica, em particular a Teoria da Funcional de Densidade Dependente do Tempo (TD-DFT). Desta forma, visamos entender como evolui o DNA depois de ser atingido por uma part\u00edcula carregada.<\/div>\n<div><\/div>\n<div>Se n\u00e3o conseguir ver esta anima\u00e7\u00e3o, clique aqui: <a href=\"https:\/\/sites.ifi.unicamp.br\/mabernal\/files\/2014\/04\/Surface001.mov\">Surface001<\/a><\/div>\n<div><\/div>\n<div><div style=\"width: 640px;\" class=\"wp-video\"><video class=\"wp-video-shortcode\" id=\"video-85-1\" width=\"640\" height=\"480\" preload=\"metadata\" controls=\"controls\"><source type=\"video\/mp4\" src=\"https:\/\/sites.ifi.unicamp.br\/mabernal\/files\/2014\/04\/Surface001.mp4?_=1\" \/><a href=\"https:\/\/sites.ifi.unicamp.br\/mabernal\/files\/2014\/04\/Surface001.mp4\">https:\/\/sites.ifi.unicamp.br\/mabernal\/files\/2014\/04\/Surface001.mp4<\/a><\/video><\/div><\/div>\n<div>\n<dl class=\"wp-caption alignnone\" id=\"attachment_188\" style=\"width: 310px\">\n<dt class=\"wp-caption-dt\"><\/dt>\n<dd class=\"wp-caption-dd\">Proton-DNA interaction. The blue surface represents a given electronic density isosurface. The electron capture process can be observed.<\/dd>\n<\/dl>\n<\/div>\n<div><\/div>\n<div><b>2012 &#8211; Atual<\/b><\/div>\n<\/div>\n<div>\n<div>Desenvolvimento de um sistema computacional para a simula\u00e7\u00e3o da intera\u00e7\u00e3o da radia\u00e7\u00e3o ionizante com o material gen\u00e9tico humano.<\/div>\n<\/div>\n<div>\n<div>\n<p><b><b>\u00a0<\/b><\/b><\/p>\n<div id=\"attachment_184\" style=\"width: 300px\" class=\"wp-caption alignnone\"><a href=\"https:\/\/sites.ifi.unicamp.br\/mabernal\/files\/2013\/12\/AtomicModel-BDNA.jpg\"><img loading=\"lazy\" decoding=\"async\" aria-describedby=\"caption-attachment-184\" class=\"size-medium wp-image-184\" alt=\"Modelo do B-DNA com resolu\u00e7\u00e3o at\u00f4mica.\" src=\"https:\/\/sites.ifi.unicamp.br\/mabernal\/files\/2013\/12\/AtomicModel-BDNA-300x277.jpg\" width=\"300\" height=\"277\" srcset=\"https:\/\/sites.ifi.unicamp.br\/mabernal\/files\/2013\/12\/AtomicModel-BDNA-300x277.jpg 300w, https:\/\/sites.ifi.unicamp.br\/mabernal\/files\/2013\/12\/AtomicModel-BDNA.jpg 902w\" sizes=\"auto, (max-width: 300px) 100vw, 300px\" \/><\/a><p id=\"caption-attachment-184\" class=\"wp-caption-text\">Modelo do B-DNA com resolu\u00e7\u00e3o at\u00f4mica.<\/p><\/div>\n<\/div>\n<\/div>\n<div>\n<div>Descri\u00e7\u00e3o: A intera\u00e7\u00e3o das radia\u00e7\u00f5es ionizantes com os seres vivos produz dano no DNA. Este dano est\u00e1 relacionado com o surgimento do c\u00e2ncer, assim como com seu tratamento mediante a Radioterapia. O ramo da ci\u00eancia que estuda os efeitos biol\u00f3gicos provocados pelas radia\u00e7\u00f5es ionizantes \u00e9 chamado Radiobiologia. H\u00e1 dois m\u00e9todos principais usados nestes estudos, o experimental e o computacional. O primeiro destes est\u00e1 baseado em estudos in vitro com c\u00e9lulas expostas \u00e0 radia\u00e7\u00e3o e o segundo, no desenvolvimento de modelos biof\u00edsicos em conjunto com c\u00f3digos para simular o transporte de radia\u00e7\u00e3o pelo m\u00e9todo Monte Carlo. O m\u00e9todo experimental tem limita\u00e7\u00f5es para reproduzir variadas condi\u00e7\u00f5es de irradia\u00e7\u00e3o, configura\u00e7\u00f5es do DNA, entre outros par\u00e2metros. As simula\u00e7\u00f5es biof\u00edsicas permitem fazer estudos variando muitos par\u00e2metros e discriminar por fatores que s\u00e3o praticamente imposs\u00edveis de discriminar em estudos in vitro. Ambos os m\u00e9todos s\u00e3o complementares. O projeto europeu GEANT4-DNA est\u00e1 trabalhando no desenvolvimento de um pacote para simular o transporte de \u00edons e el\u00e9trons at\u00e9 energias muito baixas (el\u00e9trons at\u00e9 0.025 eV) para ser usado na \u00e1rea da Nanodosimetria em Radiobiologia. N\u00f3s estamos inseridos nesse projeto como colaboradores. O nosso papel \u00e9 desenvolver modelos biof\u00edsicos para validar o sistema GEANT4-DNA.Temos como objetivo desenvolver um modelo geom\u00e9trico do material gen\u00e9tico humano, tendo em conta os seis n\u00edveis de organiza\u00e7\u00e3o deste e das tr\u00eas principais configura\u00e7\u00f5es do DNA (A, B e Z). Um modelo biof\u00edsico atualizado ser\u00e1 criado para simular o processo do gera\u00e7\u00e3o do dano no DNA depois do impacto de uma part\u00edcula ionizante (dano direto) o de uma esp\u00e9cie qu\u00edmica produzida pela radi\u00f3lise da \u00e1gua (dano indireto). Ao final, espera-se ter uma ferramenta computacional para predizer a efetividade biol\u00f3gica de feixes de f\u00f3tons, el\u00e9trons e \u00edons leves, usados na Radioterapia ou no Radiodiagn\u00f3stico.. Situa\u00e7\u00e3o: Em andamento; Natureza: Pesquisa. Alunos envolvidos: Gradua\u00e7\u00e3o: (2) . Integrantes: Mario Antonio Bernal Rodriguez &#8211; Coordenador. Financiador(es): Funda\u00e7\u00e3o de Amparo \u00e0 Pesquisa do Estado de S\u00e3o Paulo &#8211; Aux\u00edlio financeiro.<\/div>\n<\/div>\n<p><a name=\"PP_Nanodosimetria na radiobiologia de feixes de \u00edons r\u00e1pidos empregados em radioterapia de c\u00e2ncer\"><\/a><\/p>\n<div>\n<div><b>2009 &#8211; 2011<\/b><\/div>\n<\/div>\n<div>\n<div>Nanodosimetria na radiobiologia de feixes de \u00edons r\u00e1pidos empregados em radioterapia de c\u00e2ncer<\/div>\n<\/div>\n<div>\n<div><b>\u00a0<\/b><\/div>\n<\/div>\n<div>\n<div>Descri\u00e7\u00e3o: Uso do m\u00e9todo Monte Carlo para simular detalhadamente o transporte de \u00edons e el\u00e9trons em \u00e1gua l\u00edquida. Fazer simula\u00e7\u00f5es para determinar as probabilidades de danos ao DNA feitos pelas radia\u00e7\u00f5es.. Situa\u00e7\u00e3o: Em andamento; Natureza: Pesquisa. Alunos envolvidos: Mestrado acad\u00eamico: (1) . Integrantes: Mario Antonio Bernal Rodriguez &#8211; Integrante \/ Carlos Eduardo de Almeida &#8211; Coordenador \/ Evangelina Souza &#8211; Integrante. Financiador(es): Conselho Nacional de Desenvolvimento Cient\u00edfico e Tecnol\u00f3gico &#8211; Aux\u00edlio financeiro. N\u00famero de produ\u00e7\u00f5es C, T &amp; A: 5<\/div>\n<\/div>\n<p><a name=\"PP_Validation of the Treatment Planning System PLANEX\"><\/a><\/p>\n<div>\n<div><b>2000 &#8211; 2001<\/b><\/div>\n<\/div>\n<div>\n<div>Validation of the Treatment Planning System PLANEX<\/div>\n<\/div>\n<div>\n<div><b>\u00a0<\/b><\/div>\n<\/div>\n<div>\n<div>Descri\u00e7\u00e3o: Valida\u00e7\u00e3o do sistema computadorizado em 2D para o planejamento de tratamentos de teleterapia.. Situa\u00e7\u00e3o: Conclu\u00eddo; Natureza: Pesquisa. Integrantes: Mario Antonio Bernal Rodriguez &#8211; Coordenador. Financiador(es): Agencia Internacional de Energ\u00eda At\u00f3mica &#8211; Aux\u00edlio financeiro.<\/div>\n<\/div>\n<p><a name=\"PP_Dose determination with plane- parallel ionization chambers in therapeutic electron and photon beams.\"><\/a><\/p>\n<div>\n<div><b>1996 &#8211; 2000<\/b><\/div>\n<\/div>\n<div>\n<div>Dose determination with plane- parallel ionization chambers in therapeutic electron and photon beams.<\/div>\n<\/div>\n<div>\n<div><b>\u00a0<\/b><\/div>\n<\/div>\n<div>\n<div>Descri\u00e7\u00e3o: Projeto para avaliar o uso de c\u00e2maras de ioniza\u00e7\u00e3o plano-paralelas em feixes de el\u00e9trons de alta energia, usados no tratamento do c\u00e2ncer.. Situa\u00e7\u00e3o: Conclu\u00eddo; Natureza: Pesquisa. Integrantes: Mario Antonio Bernal Rodriguez &#8211; Integrante \/ Jos\u00e9 Luis Alonso &#8211; Integrante \/ Rodolfo Alfonso &#8211; Integrante \/ Ileana SIlvestre &#8211; Integrante \/ Adri\u00e1n P\u00e9rez &#8211; Integrante \/ Jorge Morales &#8211; Integrante. Financiador(es): Organismo Internacional de Energia At\u00c3\u00b4mica &#8211; Coopera\u00e7\u00e3o.<\/div>\n<\/div>\n<p><\/p>\n<!-- AddThis Advanced Settings generic via filter on the_content --><!-- AddThis Share Buttons generic via filter on the_content -->","protected":false},"excerpt":{"rendered":"<p>2013-atualidade. Ainda o processo de quebra do DNA devido ao impacto de uma part\u00edcula carregada energ\u00e9tica n\u00e3o \u00e9 bem conhecido. Por esta raz\u00e3o come\u00e7amos a estudar o processo de intera\u00e7\u00e3o de part\u00edculas carregadas, por enquanto pr\u00f3tons e part\u00edculas alfas, usando t\u00e9cnicas de din\u00e2mica molecular qu\u00e2ntica, em particular a Teoria da Funcional de Densidade Dependente do &hellip; <\/p>\n<p><a class=\"more-link btn\" href=\"https:\/\/sites.ifi.unicamp.br\/mabernal\/pesquisa\/\">Continue lendo<\/a><!-- AddThis Advanced Settings generic via filter on get_the_excerpt --><!-- AddThis Share Buttons generic via filter on get_the_excerpt --><\/p>\n","protected":false},"author":74,"featured_media":0,"parent":0,"menu_order":1,"comment_status":"closed","ping_status":"closed","template":"","meta":{"ngg_post_thumbnail":0,"footnotes":""},"class_list":["post-85","page","type-page","status-publish","hentry","nodate","item-wrap"],"_links":{"self":[{"href":"https:\/\/sites.ifi.unicamp.br\/mabernal\/wp-json\/wp\/v2\/pages\/85","targetHints":{"allow":["GET"]}}],"collection":[{"href":"https:\/\/sites.ifi.unicamp.br\/mabernal\/wp-json\/wp\/v2\/pages"}],"about":[{"href":"https:\/\/sites.ifi.unicamp.br\/mabernal\/wp-json\/wp\/v2\/types\/page"}],"author":[{"embeddable":true,"href":"https:\/\/sites.ifi.unicamp.br\/mabernal\/wp-json\/wp\/v2\/users\/74"}],"replies":[{"embeddable":true,"href":"https:\/\/sites.ifi.unicamp.br\/mabernal\/wp-json\/wp\/v2\/comments?post=85"}],"version-history":[{"count":9,"href":"https:\/\/sites.ifi.unicamp.br\/mabernal\/wp-json\/wp\/v2\/pages\/85\/revisions"}],"predecessor-version":[{"id":263,"href":"https:\/\/sites.ifi.unicamp.br\/mabernal\/wp-json\/wp\/v2\/pages\/85\/revisions\/263"}],"wp:attachment":[{"href":"https:\/\/sites.ifi.unicamp.br\/mabernal\/wp-json\/wp\/v2\/media?parent=85"}],"curies":[{"name":"wp","href":"https:\/\/api.w.org\/{rel}","templated":true}]}}