{"id":90,"date":"2013-12-09T18:18:14","date_gmt":"2013-12-09T18:18:14","guid":{"rendered":"https:\/\/sites.ifi.unicamp.br\/padrao\/?page_id=63"},"modified":"2013-12-09T18:18:14","modified_gmt":"2013-12-09T18:18:14","slug":"grupo","status":"publish","type":"page","link":"https:\/\/sites.ifi.unicamp.br\/mabernal\/grupo\/","title":{"rendered":"Grupo"},"content":{"rendered":"<p>P\u00e1gina com informa\u00e7\u00f5es sobre o grupo de pesquisa<\/p>\n<!-- AddThis Advanced Settings generic via filter on the_content --><!-- AddThis Share Buttons generic via filter on the_content -->","protected":false},"excerpt":{"rendered":"<p>P\u00e1gina com informa\u00e7\u00f5es sobre o grupo de pesquisa<!-- AddThis Advanced Settings generic via filter on get_the_excerpt --><!-- AddThis Share Buttons generic via filter on get_the_excerpt --><\/p>\n","protected":false},"author":74,"featured_media":0,"parent":0,"menu_order":4,"comment_status":"open","ping_status":"open","template":"","meta":{"ngg_post_thumbnail":0,"footnotes":""},"class_list":["post-90","page","type-page","status-publish","hentry","nodate","item-wrap"],"_links":{"self":[{"href":"https:\/\/sites.ifi.unicamp.br\/mabernal\/wp-json\/wp\/v2\/pages\/90","targetHints":{"allow":["GET"]}}],"collection":[{"href":"https:\/\/sites.ifi.unicamp.br\/mabernal\/wp-json\/wp\/v2\/pages"}],"about":[{"href":"https:\/\/sites.ifi.unicamp.br\/mabernal\/wp-json\/wp\/v2\/types\/page"}],"author":[{"embeddable":true,"href":"https:\/\/sites.ifi.unicamp.br\/mabernal\/wp-json\/wp\/v2\/users\/74"}],"replies":[{"embeddable":true,"href":"https:\/\/sites.ifi.unicamp.br\/mabernal\/wp-json\/wp\/v2\/comments?post=90"}],"version-history":[{"count":0,"href":"https:\/\/sites.ifi.unicamp.br\/mabernal\/wp-json\/wp\/v2\/pages\/90\/revisions"}],"wp:attachment":[{"href":"https:\/\/sites.ifi.unicamp.br\/mabernal\/wp-json\/wp\/v2\/media?parent=90"}],"curies":[{"name":"wp","href":"https:\/\/api.w.org\/{rel}","templated":true}]}}