{"id":834,"date":"2019-03-05T19:42:59","date_gmt":"2019-03-05T21:42:59","guid":{"rendered":"https:\/\/sites.ifi.unicamp.br\/odilon\/?page_id=834"},"modified":"2020-02-21T17:17:14","modified_gmt":"2020-02-21T19:17:14","slug":"collaborations","status":"publish","type":"page","link":"https:\/\/sites.ifi.unicamp.br\/odilon\/people\/collaborations\/","title":{"rendered":"Collaborations"},"content":{"rendered":"<p>Some of collaborators are:<\/p>\n<hr>\n<p><strong>Instituto de F\u00edsica &#8220;Gleb Wataghin&#8221; &#8211; Campinas, Brazil<\/strong><\/p>\n<p>Prof. Fernando Iikawa &#8211; (GPO)<\/p>\n<p>Prof. Christoph Deneke &#8211; (CNPEM &#8211; LNNano)<\/p>\n<p>Profa. M\u00f4nica A. Cotta<\/p>\n<p>Prof. Francisco das Chagas Marques<\/p>\n<hr>\n<p><strong>Paul Drude Institute &#8211; Berlin, Germany<\/strong><\/p>\n<p>Dr. Paulo V. Santos<\/p>\n<hr>\n<p><strong>Instituto de F\u00edsica de Bras\u00edlia &#8211; Bras\u00edlia, Brazil<br \/>\n<\/strong><\/p>\n<p>Prof. Pablo Diniz Batista<\/p>\n<hr>\n<p><strong>Universidade Federal da Fronteira do Sul (UFFS), Realeza, PR<\/strong><strong>, Brazil<br \/>\n<\/strong><\/p>\n<p>Prof. Tobias Heimfarth<\/p>\n<hr>\n<p><strong>Instituto de Qu\u00edmica&nbsp; &#8211; Campinas, Brazil<\/strong><\/p>\n<p>Prof. Fernando Sigoli<\/p>\n<hr>\n<p><strong>Departamento de F\u00edsica &#8211; Universidade Federal de S\u00e3o Carlos&nbsp; &#8211; S\u00e3o Carlos, Brazil<\/strong><\/p>\n<p>Profa. Yara G. Gobato<\/p>\n<p>Prof. Helder V. A. Galeti<\/p>\n<p>&nbsp;<\/p>\n","protected":false},"excerpt":{"rendered":"<p>Some of collaborators are: Instituto de F\u00edsica &#8220;Gleb Wataghin&#8221; &#8211; Campinas, Brazil Prof. Fernando Iikawa &#8211; (GPO) Prof. Christoph Deneke &#8211; (CNPEM &#8211; LNNano) Profa. M\u00f4nica A. Cotta Prof. Francisco das Chagas Marques Paul Drude Institute &#8211; Berlin, Germany Dr. Paulo V. Santos Instituto de F\u00edsica de Bras\u00edlia &#8211; Bras\u00edlia, Brazil Prof. Pablo Diniz Batista &hellip; <\/p>\n<p><a class=\"more-link btn\" href=\"https:\/\/sites.ifi.unicamp.br\/odilon\/people\/collaborations\/\">Continue lendo<\/a><\/p>\n","protected":false},"author":48,"featured_media":0,"parent":109,"menu_order":1,"comment_status":"closed","ping_status":"closed","template":"","meta":{"ngg_post_thumbnail":0,"footnotes":""},"class_list":["post-834","page","type-page","status-publish","hentry","nodate","item-wrap"],"_links":{"self":[{"href":"https:\/\/sites.ifi.unicamp.br\/odilon\/wp-json\/wp\/v2\/pages\/834","targetHints":{"allow":["GET"]}}],"collection":[{"href":"https:\/\/sites.ifi.unicamp.br\/odilon\/wp-json\/wp\/v2\/pages"}],"about":[{"href":"https:\/\/sites.ifi.unicamp.br\/odilon\/wp-json\/wp\/v2\/types\/page"}],"author":[{"embeddable":true,"href":"https:\/\/sites.ifi.unicamp.br\/odilon\/wp-json\/wp\/v2\/users\/48"}],"replies":[{"embeddable":true,"href":"https:\/\/sites.ifi.unicamp.br\/odilon\/wp-json\/wp\/v2\/comments?post=834"}],"version-history":[{"count":11,"href":"https:\/\/sites.ifi.unicamp.br\/odilon\/wp-json\/wp\/v2\/pages\/834\/revisions"}],"predecessor-version":[{"id":939,"href":"https:\/\/sites.ifi.unicamp.br\/odilon\/wp-json\/wp\/v2\/pages\/834\/revisions\/939"}],"up":[{"embeddable":true,"href":"https:\/\/sites.ifi.unicamp.br\/odilon\/wp-json\/wp\/v2\/pages\/109"}],"wp:attachment":[{"href":"https:\/\/sites.ifi.unicamp.br\/odilon\/wp-json\/wp\/v2\/media?parent=834"}],"curies":[{"name":"wp","href":"https:\/\/api.w.org\/{rel}","templated":true}]}}