{"id":846,"date":"2019-03-05T19:53:35","date_gmt":"2019-03-05T21:53:35","guid":{"rendered":"https:\/\/sites.ifi.unicamp.br\/odilon\/?page_id=846"},"modified":"2020-05-08T17:21:53","modified_gmt":"2020-05-08T19:21:53","slug":"f-228","status":"publish","type":"page","link":"https:\/\/sites.ifi.unicamp.br\/odilon\/teaching\/f-228\/","title":{"rendered":"F 228"},"content":{"rendered":"<h3>F\u00edsica Geral II<\/h3>\n<p><a href=\"https:\/\/sites.ifi.unicamp.br\/odilon\/files\/2020\/03\/F228-1S2020-Plano-de-desenvolvimento.pdf\">Plano de desenvolvimento (1<sup>o<\/sup> semestre de 2020)<\/a><\/p>\n<p><a href=\"https:\/\/sites.ifi.unicamp.br\/odilon\/files\/2020\/03\/HOR\u00c1RIOS-de-MONITORIA-1S-2020.pdf\">Hor\u00e1rios de atendimento extra-classe<\/a><\/p>\n<p>&nbsp;<\/p>\n<p><strong>Notas de aula<\/strong><\/p>\n<p><a href=\"https:\/\/sites.ifi.unicamp.br\/odilon\/files\/2020\/05\/Aula01-Gravitacao.pdf\"><strong>Aula 01<\/strong> &#8211; Gravita\u00e7\u00e3o<\/a><\/p>\n<p><a href=\"https:\/\/sites.ifi.unicamp.br\/odilon\/files\/2020\/05\/Aula02-Equilibrio_Elasticidade.pdf\"><strong>Aula 02<\/strong> &#8211; Equil\u00edbrio e Elasticidade<\/a><\/p>\n<p><a href=\"https:\/\/sites.ifi.unicamp.br\/odilon\/files\/2020\/05\/Aula03-Hidrostatica.pdf\"><strong>Aula 03<\/strong> &#8211; Est\u00e1tica de Fluidos<\/a><\/p>\n<p><a href=\"https:\/\/sites.ifi.unicamp.br\/odilon\/files\/2020\/05\/Aula04-Hidrodinamica.pdf\"><strong>Aula 04<\/strong> &#8211; Hidrodin\u00e2mica<\/a><\/p>\n<p><a href=\"https:\/\/sites.ifi.unicamp.br\/odilon\/files\/2020\/05\/Aula05-Oscilacoes.pdf\"><strong>Aula 05<\/strong> &#8211; Oscila\u00e7\u00f5es<\/a><\/p>\n<p><a href=\"https:\/\/sites.ifi.unicamp.br\/odilon\/files\/2020\/05\/Aula06-Ondas-I.pdf\"><strong>Aula 06<\/strong> &#8211; Ondas I<\/a><\/p>\n<p><a href=\"https:\/\/sites.ifi.unicamp.br\/odilon\/files\/2020\/05\/Aula07-Ondas-II.pdf\"><strong>Aula 07<\/strong> &#8211; Ondas II (som)<\/a><\/p>\n<p><a href=\"https:\/\/sites.ifi.unicamp.br\/odilon\/files\/2020\/05\/Aula08-1a-Lei-da-Termodinamica.pdf\"><strong>Aula 08<\/strong> &#8211; 1<sup>a<\/sup> Lei da Termodin\u00e2mica<\/a><\/p>\n<p><a href=\"https:\/\/sites.ifi.unicamp.br\/odilon\/files\/2020\/05\/Aula09-Teoria-cinetica-dos-gases.pdf\"><strong>Aula 09<\/strong> &#8211; Teoria Cin\u00e9tica dos Gases<\/a><\/p>\n<p><a href=\"https:\/\/sites.ifi.unicamp.br\/odilon\/files\/2020\/05\/Aula10-Distribuicao-de-velocidades.pdf\"><strong>Aula 10<\/strong> &#8211; Distribui\u00e7\u00e3o de velocidades<\/a><\/p>\n<p><a href=\"https:\/\/sites.ifi.unicamp.br\/odilon\/files\/2020\/05\/Aula11-2a-Lei-da-Termodinamica.pdf\"><strong>Aula 11<\/strong> &#8211; 2<sup>a<\/sup> Lei da Termodin\u00e2mica e Entropia<\/a><\/p>\n<p><a href=\"https:\/\/sites.ifi.unicamp.br\/odilon\/files\/2020\/05\/Aula12-2a-Lei-da-Termodinamica.pdf\"><strong>Aula 12<\/strong> &#8211; 2<sup>a<\/sup> Lei da Termodin\u00e2mica e Entropia<\/a><\/p>\n","protected":false},"excerpt":{"rendered":"<p>F\u00edsica Geral II Plano de desenvolvimento (1o semestre de 2020) Hor\u00e1rios de atendimento extra-classe &nbsp; Notas de aula Aula 01 &#8211; Gravita\u00e7\u00e3o Aula 02 &#8211; Equil\u00edbrio e Elasticidade Aula 03 &#8211; Est\u00e1tica de Fluidos Aula 04 &#8211; Hidrodin\u00e2mica Aula 05 &#8211; Oscila\u00e7\u00f5es Aula 06 &#8211; Ondas I Aula 07 &#8211; Ondas II (som) Aula 08 &hellip; <\/p>\n<p><a class=\"more-link btn\" href=\"https:\/\/sites.ifi.unicamp.br\/odilon\/teaching\/f-228\/\">Continue lendo<\/a><\/p>\n","protected":false},"author":48,"featured_media":0,"parent":48,"menu_order":2,"comment_status":"closed","ping_status":"closed","template":"","meta":{"ngg_post_thumbnail":0,"footnotes":""},"class_list":["post-846","page","type-page","status-publish","hentry","nodate","item-wrap"],"_links":{"self":[{"href":"https:\/\/sites.ifi.unicamp.br\/odilon\/wp-json\/wp\/v2\/pages\/846","targetHints":{"allow":["GET"]}}],"collection":[{"href":"https:\/\/sites.ifi.unicamp.br\/odilon\/wp-json\/wp\/v2\/pages"}],"about":[{"href":"https:\/\/sites.ifi.unicamp.br\/odilon\/wp-json\/wp\/v2\/types\/page"}],"author":[{"embeddable":true,"href":"https:\/\/sites.ifi.unicamp.br\/odilon\/wp-json\/wp\/v2\/users\/48"}],"replies":[{"embeddable":true,"href":"https:\/\/sites.ifi.unicamp.br\/odilon\/wp-json\/wp\/v2\/comments?post=846"}],"version-history":[{"count":7,"href":"https:\/\/sites.ifi.unicamp.br\/odilon\/wp-json\/wp\/v2\/pages\/846\/revisions"}],"predecessor-version":[{"id":945,"href":"https:\/\/sites.ifi.unicamp.br\/odilon\/wp-json\/wp\/v2\/pages\/846\/revisions\/945"}],"up":[{"embeddable":true,"href":"https:\/\/sites.ifi.unicamp.br\/odilon\/wp-json\/wp\/v2\/pages\/48"}],"wp:attachment":[{"href":"https:\/\/sites.ifi.unicamp.br\/odilon\/wp-json\/wp\/v2\/media?parent=846"}],"curies":[{"name":"wp","href":"https:\/\/api.w.org\/{rel}","templated":true}]}}