{"id":167,"date":"2014-03-24T13:04:34","date_gmt":"2014-03-24T13:04:34","guid":{"rendered":"https:\/\/sites.ifi.unicamp.br\/oteschke\/?page_id=167"},"modified":"2014-03-24T19:34:12","modified_gmt":"2014-03-24T19:34:12","slug":"curso-afm","status":"publish","type":"page","link":"https:\/\/sites.ifi.unicamp.br\/oteschke\/curso-afm\/","title":{"rendered":"Curso AFM (FI-227)"},"content":{"rendered":"<p><a href=\"https:\/\/sites.ifi.unicamp.br\/oteschke\/files\/2014\/03\/Aula0-Introducao.pdf\">Introdu\u00e7\u00e3o<\/a><\/p>\n<p><a href=\"https:\/\/sites.ifi.unicamp.br\/oteschke\/files\/2014\/03\/Aula00-Tip.pdf\">Tip<\/a><\/p>\n<p><a href=\"https:\/\/sites.ifi.unicamp.br\/oteschke\/files\/2014\/03\/Aula00-Noise.pdf\">Noise<\/a><\/p>\n<p><a href=\"https:\/\/sites.ifi.unicamp.br\/oteschke\/files\/2014\/03\/Aula00-Piezo.pdf\">Piezo<\/a><\/p>\n<p><a href=\"https:\/\/sites.ifi.unicamp.br\/oteschke\/files\/2014\/03\/Aula00-NaoContato.pdf\">N\u00e3o Contato<\/a><\/p>\n<p><a href=\"https:\/\/sites.ifi.unicamp.br\/oteschke\/files\/2014\/03\/Aula1-Principios-SPM.pdf\">Princ\u00edpios-SPM<\/a><\/p>\n<p><a href=\"https:\/\/sites.ifi.unicamp.br\/oteschke\/files\/2014\/03\/Aula2-ImagensSemicondutoresSTM.pdf\">Imagens Semicondutores STM<\/a><\/p>\n<p><a href=\"https:\/\/sites.ifi.unicamp.br\/oteschke\/files\/2014\/03\/Aula3-MFM.pdf\">MFM<\/a><\/p>\n<p><a href=\"https:\/\/sites.ifi.unicamp.br\/oteschke\/files\/2014\/03\/Aula4-ForcasRelevantes.pdf\">Forcas Relevantes<\/a><\/p>\n<p><a href=\"https:\/\/sites.ifi.unicamp.br\/oteschke\/files\/2014\/03\/Aula5-ModosAFM-1.pdf\">Modos AFM-1<\/a><\/p>\n<p><a href=\"https:\/\/sites.ifi.unicamp.br\/oteschke\/files\/2014\/03\/Aula6-ModosAFM-2.pdf\">Modos AFM-2<\/a><\/p>\n<p><a href=\"https:\/\/sites.ifi.unicamp.br\/oteschke\/files\/2014\/03\/Aula7-SNOMcantilevar.pdf\">SNOM Cantilever<\/a><\/p>\n<p><a href=\"https:\/\/sites.ifi.unicamp.br\/oteschke\/files\/2014\/03\/Aula8-STM-AFM.pdf\">STM-AFM<\/a><\/p>\n<p><a href=\"https:\/\/sites.ifi.unicamp.br\/oteschke\/files\/2014\/03\/Aula9-Tip-Scanner.pdf\">Tip-Scanner<\/a><\/p>\n<p><a href=\"https:\/\/sites.ifi.unicamp.br\/oteschke\/files\/2014\/03\/Aula10-OperacaoSPM-AFM.pdf\">Operacao SPM-AFM<\/a><\/p>\n<p><a href=\"https:\/\/sites.ifi.unicamp.br\/oteschke\/files\/2014\/03\/Aula11-Cantilever-MedidasExperimentais.pdf\">Cantilever-Medidas Experimentais<\/a><\/p>\n<p><a href=\"https:\/\/sites.ifi.unicamp.br\/oteschke\/files\/2014\/03\/Aula12-ForcasEscalaAtomica.pdf\">Forcas Escala At\u00f5mica<\/a><\/p>\n<p><a href=\"https:\/\/sites.ifi.unicamp.br\/oteschke\/files\/2014\/03\/Aula13-SlidingFriction.pdf\">Sliding Friction<\/a><\/p>\n<p><a href=\"https:\/\/sites.ifi.unicamp.br\/oteschke\/files\/2014\/03\/Aula-14-Ruido.pdf\">Ruido<\/a><\/p>","protected":false},"excerpt":{"rendered":"<p>Introdu\u00e7\u00e3o Tip Noise Piezo N\u00e3o Contato Princ\u00edpios-SPM Imagens Semicondutores STM MFM Forcas Relevantes Modos AFM-1 Modos AFM-2 SNOM Cantilever STM-AFM Tip-Scanner Operacao SPM-AFM Cantilever-Medidas Experimentais Forcas Escala At\u00f5mica Sliding Friction Ruido<\/p>\n","protected":false},"author":117,"featured_media":0,"parent":0,"menu_order":0,"comment_status":"open","ping_status":"open","template":"","meta":{"ngg_post_thumbnail":0,"footnotes":""},"class_list":["post-167","page","type-page","status-publish","hentry","nodate","item-wrap"],"_links":{"self":[{"href":"https:\/\/sites.ifi.unicamp.br\/oteschke\/wp-json\/wp\/v2\/pages\/167","targetHints":{"allow":["GET"]}}],"collection":[{"href":"https:\/\/sites.ifi.unicamp.br\/oteschke\/wp-json\/wp\/v2\/pages"}],"about":[{"href":"https:\/\/sites.ifi.unicamp.br\/oteschke\/wp-json\/wp\/v2\/types\/page"}],"author":[{"embeddable":true,"href":"https:\/\/sites.ifi.unicamp.br\/oteschke\/wp-json\/wp\/v2\/users\/117"}],"replies":[{"embeddable":true,"href":"https:\/\/sites.ifi.unicamp.br\/oteschke\/wp-json\/wp\/v2\/comments?post=167"}],"version-history":[{"count":6,"href":"https:\/\/sites.ifi.unicamp.br\/oteschke\/wp-json\/wp\/v2\/pages\/167\/revisions"}],"predecessor-version":[{"id":172,"href":"https:\/\/sites.ifi.unicamp.br\/oteschke\/wp-json\/wp\/v2\/pages\/167\/revisions\/172"}],"wp:attachment":[{"href":"https:\/\/sites.ifi.unicamp.br\/oteschke\/wp-json\/wp\/v2\/media?parent=167"}],"curies":[{"name":"wp","href":"https:\/\/api.w.org\/{rel}","templated":true}]}}