{"id":85,"date":"2013-12-06T12:23:58","date_gmt":"2013-12-06T12:23:58","guid":{"rendered":"https:\/\/sites.ifi.unicamp.br\/modelo\/?page_id=26"},"modified":"2014-03-12T16:36:19","modified_gmt":"2014-03-12T16:36:19","slug":"pesquisa","status":"publish","type":"page","link":"https:\/\/sites.ifi.unicamp.br\/pagliuso\/pesquisa\/","title":{"rendered":"Pesquisa"},"content":{"rendered":"<p><\/p>\n<div>\n<div><b>2007 &#8211; Atual<\/b><\/div>\n<\/div>\n<div>\n<div>PESQUISA EM NOVOS MATERIAIS ENVOLVENDO CAMPOS MAGNETICOS INTENSOS E BAIXAS TEMPERATURAS<\/div>\n<\/div>\n<div>\n<div><b>\u00a0<\/b><\/div>\n<\/div>\n<div>\n<div>Descri\u00e7\u00e3o: PESQUISA EM NOVOS MATERIAIS ENVOLVENDO CAMPOS MAGNETICOS INTENSOS E BAIXAS TEMPERATURAS..<br \/>\nSitua\u00e7\u00e3o: Em andamento; Natureza: Pesquisa.<\/p>\n<p>Integrantes: Pascoal Jose Giglio Pagliuso &#8211; Integrante \/ NEI FERNANDES DE OLIVEIRA JUNIOR &#8211; Coordenador.<\/p><\/div>\n<\/div>\n<p><a name=\"PP_ESTUDOS DE SISTEMAS FORTEMENTE CORRELACIONADOS EM CONDI\u00c7\u00d5ES EXTREMAS\"><\/a><\/p>\n<div>\n<div><b>2006 &#8211; Atual<\/b><\/div>\n<\/div>\n<div>\n<div>ESTUDOS DE SISTEMAS FORTEMENTE CORRELACIONADOS EM CONDI\u00c7\u00d5ES EXTREMAS<\/div>\n<\/div>\n<div>\n<div><b>\u00a0<\/b><\/div>\n<\/div>\n<div>\n<div>Descri\u00e7\u00e3o: Neste Projeto estamos propondo o estudo das propriedades eletr\u00f4nicas, estruturais, magn\u00e9ticas, de transporte e termodin\u00e2micas de sistemas altamente correlacionados sob condi\u00e7\u00f5es extremas de altos campos magn\u00e9ticos (\u226414 T), altas press\u00f5es (\u226430 kbars) e baixas temperaturas (\u226550 mK) em materiais semicondutores, met\u00e1licos, semimet\u00e1licos, semicondutores magn\u00e9ticos dilu\u00eddos, \u00f3xidos cer\u00e2micos, multiferr\u00f3icos, grafites, etc., envolvendo fundamentalmente as intera\u00e7\u00f5es, el\u00e9tron-el\u00e9tron e entre os el\u00e9trons de condu\u00e7\u00e3o com os elementos de transi\u00e7\u00e3o dos grupos 3d do Ferro e 4f das Terras-Raras. Para este fim experimentos de resistividade, efeito Hall, magnetiza\u00e7\u00e3o, susceptibilidade magnetica dc\/ac, calor especifico, magnetoimped\u00e2ncia, torquimetria, resson\u00e2ncia paramagn\u00e9tica eletr\u00f4nica (EPR), espalhamento Raman, difra\u00e7\u00e3o de p\u00f3, difra\u00e7\u00e3o magn\u00e9tica, e absor\u00e7\u00e3o de raios-X (XANES, EXAFS, XMCD) em amostras na forma poli e monocristalinas, filmes finos, fios, particulas, multicamadas nanoestruturadas e amorfas estar\u00e3o sendo realizados e analizados durante a execu\u00e7\u00e3o deste Projeto..<br \/>\nSitua\u00e7\u00e3o: Em andamento; Natureza: Pesquisa.<br \/>\nAlunos envolvidos: Gradua\u00e7\u00e3o: (2) \/ Mestrado acad\u00eamico: (2) \/ Doutorado: (4) .<\/p>\n<p>Integrantes: Pascoal Jose Giglio Pagliuso &#8211; Coordenador \/ G.E. Barberis &#8211; Integrante \/ M. Knobel &#8211; Integrante \/ O.F.LIMA &#8211; Integrante \/ Y.Kopelevich &#8211; Integrante \/ L M Ferreira &#8211; Integrante \/ C Rettori &#8211; Integrante \/ BITTAR, E &#8211; Integrante.<br \/>\nFinanciador(es): Funda\u00e7\u00e3o de Amparo \u00e0 Pesquisa do Estado de S\u00e3o Paulo &#8211; Aux\u00edlio financeiro.<br \/>\nN\u00famero de produ\u00e7\u00f5es C, T &amp; A: 31 \/ N\u00famero de orienta\u00e7\u00f5es: 1<\/p><\/div>\n<\/div>\n<p><\/p>","protected":false},"excerpt":{"rendered":"<p>2007 &#8211; Atual PESQUISA EM NOVOS MATERIAIS ENVOLVENDO CAMPOS MAGNETICOS INTENSOS E BAIXAS TEMPERATURAS \u00a0 Descri\u00e7\u00e3o: PESQUISA EM NOVOS MATERIAIS ENVOLVENDO CAMPOS MAGNETICOS INTENSOS E BAIXAS TEMPERATURAS.. Situa\u00e7\u00e3o: Em andamento; Natureza: Pesquisa. Integrantes: Pascoal Jose Giglio Pagliuso &#8211; Integrante \/ NEI FERNANDES DE OLIVEIRA JUNIOR &#8211; Coordenador. 2006 &#8211; Atual ESTUDOS DE SISTEMAS FORTEMENTE CORRELACIONADOS &hellip; <\/p>\n<p><a class=\"more-link btn\" href=\"https:\/\/sites.ifi.unicamp.br\/pagliuso\/pesquisa\/\">Continue lendo<\/a><\/p>\n","protected":false},"author":74,"featured_media":0,"parent":0,"menu_order":1,"comment_status":"closed","ping_status":"closed","template":"","meta":{"ngg_post_thumbnail":0,"footnotes":""},"class_list":["post-85","page","type-page","status-publish","hentry","nodate","item-wrap"],"_links":{"self":[{"href":"https:\/\/sites.ifi.unicamp.br\/pagliuso\/wp-json\/wp\/v2\/pages\/85","targetHints":{"allow":["GET"]}}],"collection":[{"href":"https:\/\/sites.ifi.unicamp.br\/pagliuso\/wp-json\/wp\/v2\/pages"}],"about":[{"href":"https:\/\/sites.ifi.unicamp.br\/pagliuso\/wp-json\/wp\/v2\/types\/page"}],"author":[{"embeddable":true,"href":"https:\/\/sites.ifi.unicamp.br\/pagliuso\/wp-json\/wp\/v2\/users\/74"}],"replies":[{"embeddable":true,"href":"https:\/\/sites.ifi.unicamp.br\/pagliuso\/wp-json\/wp\/v2\/comments?post=85"}],"version-history":[{"count":2,"href":"https:\/\/sites.ifi.unicamp.br\/pagliuso\/wp-json\/wp\/v2\/pages\/85\/revisions"}],"predecessor-version":[{"id":144,"href":"https:\/\/sites.ifi.unicamp.br\/pagliuso\/wp-json\/wp\/v2\/pages\/85\/revisions\/144"}],"wp:attachment":[{"href":"https:\/\/sites.ifi.unicamp.br\/pagliuso\/wp-json\/wp\/v2\/media?parent=85"}],"curies":[{"name":"wp","href":"https:\/\/api.w.org\/{rel}","templated":true}]}}