{"id":85,"date":"2013-12-06T12:23:58","date_gmt":"2013-12-06T12:23:58","guid":{"rendered":"https:\/\/sites.ifi.unicamp.br\/modelo\/?page_id=26"},"modified":"2014-02-17T14:31:07","modified_gmt":"2014-02-17T14:31:07","slug":"pesquisa","status":"publish","type":"page","link":"https:\/\/sites.ifi.unicamp.br\/roversi\/pesquisa\/","title":{"rendered":"Pesquisa"},"content":{"rendered":"<p><\/p>\n<div>\n<div><b>2001 &#8211; Atual<\/b><\/div>\n<\/div>\n<div>\n<div>Din\u00e2mica de \u00edons aprisionados interagindo com a radia\u00e7\u00e3o de campos eletromagn\u00e9ticos<\/div>\n<\/div>\n<div>\n<div><b>\u00a0<\/b><\/div>\n<\/div>\n<div>\n<div>Descri\u00e7\u00e3o: Cavidade \u00f3pticas e \u00edons aprisionados t\u00eam sido os sistemas utilizados para o estudo de conceitos b\u00e1sicos envolvendo: Estados n\u00e3o cl\u00e1ssicos da luz e sua intera\u00e7\u00e3o com a mat\u00e9ria; Estudo de emaranhamento qu\u00e2ntico; Perda de coer\u00eancia e dissipa\u00e7\u00e3o ; Reconstru\u00e7\u00e3o de Estados Qu\u00e2nticos da Luz e \u00cdons Aprisionados; Teoria da informa\u00e7\u00e3o qu\u00e2ntica: Computa\u00e7\u00e3o Qu\u00e2ntica Criptografia Qu\u00e2ntica.<br \/>\nSitua\u00e7\u00e3o: Em andamento; Natureza: Pesquisa.<br \/>\nAlunos envolvidos: Doutorado: (3) .Integrantes: Jose Antonio Roversi &#8211; Coordenador.<\/p>\n<\/div>\n<\/div>\n<p><\/p>","protected":false},"excerpt":{"rendered":"<p>2001 &#8211; Atual Din\u00e2mica de \u00edons aprisionados interagindo com a radia\u00e7\u00e3o de campos eletromagn\u00e9ticos \u00a0 Descri\u00e7\u00e3o: Cavidade \u00f3pticas e \u00edons aprisionados t\u00eam sido os sistemas utilizados para o estudo de conceitos b\u00e1sicos envolvendo: Estados n\u00e3o cl\u00e1ssicos da luz e sua intera\u00e7\u00e3o com a mat\u00e9ria; Estudo de emaranhamento qu\u00e2ntico; Perda de coer\u00eancia e dissipa\u00e7\u00e3o ; Reconstru\u00e7\u00e3o &hellip; <\/p>\n<p><a class=\"more-link btn\" href=\"https:\/\/sites.ifi.unicamp.br\/roversi\/pesquisa\/\">Continue lendo<\/a><\/p>\n","protected":false},"author":8,"featured_media":0,"parent":0,"menu_order":1,"comment_status":"closed","ping_status":"closed","template":"","meta":{"ngg_post_thumbnail":0,"footnotes":""},"class_list":["post-85","page","type-page","status-publish","hentry","nodate","item-wrap"],"_links":{"self":[{"href":"https:\/\/sites.ifi.unicamp.br\/roversi\/wp-json\/wp\/v2\/pages\/85","targetHints":{"allow":["GET"]}}],"collection":[{"href":"https:\/\/sites.ifi.unicamp.br\/roversi\/wp-json\/wp\/v2\/pages"}],"about":[{"href":"https:\/\/sites.ifi.unicamp.br\/roversi\/wp-json\/wp\/v2\/types\/page"}],"author":[{"embeddable":true,"href":"https:\/\/sites.ifi.unicamp.br\/roversi\/wp-json\/wp\/v2\/users\/8"}],"replies":[{"embeddable":true,"href":"https:\/\/sites.ifi.unicamp.br\/roversi\/wp-json\/wp\/v2\/comments?post=85"}],"version-history":[{"count":2,"href":"https:\/\/sites.ifi.unicamp.br\/roversi\/wp-json\/wp\/v2\/pages\/85\/revisions"}],"predecessor-version":[{"id":139,"href":"https:\/\/sites.ifi.unicamp.br\/roversi\/wp-json\/wp\/v2\/pages\/85\/revisions\/139"}],"wp:attachment":[{"href":"https:\/\/sites.ifi.unicamp.br\/roversi\/wp-json\/wp\/v2\/media?parent=85"}],"curies":[{"name":"wp","href":"https:\/\/api.w.org\/{rel}","templated":true}]}}