{"id":95,"date":"2014-01-06T16:08:16","date_gmt":"2014-01-06T16:08:16","guid":{"rendered":"https:\/\/sites.ifi.unicamp.br\/modelodocente\/?page_id=77"},"modified":"2014-03-24T12:43:46","modified_gmt":"2014-03-24T12:43:46","slug":"quem-sou","status":"publish","type":"page","link":"https:\/\/sites.ifi.unicamp.br\/soares\/","title":{"rendered":"Dados Pessoais"},"content":{"rendered":"<p><a href=\"https:\/\/sites.ifi.unicamp.br\/soares\/files\/2014\/01\/Image7.jpg\"><img loading=\"lazy\" decoding=\"async\" class=\" wp-image-192 alignleft\" alt=\"Image7\" src=\"https:\/\/sites.ifi.unicamp.br\/soares\/files\/2014\/01\/Image7-195x300.jpg\" width=\"156\" height=\"240\" srcset=\"https:\/\/sites.ifi.unicamp.br\/soares\/files\/2014\/01\/Image7-195x300.jpg 195w, https:\/\/sites.ifi.unicamp.br\/soares\/files\/2014\/01\/Image7-666x1024.jpg 666w, https:\/\/sites.ifi.unicamp.br\/soares\/files\/2014\/01\/Image7.jpg 1001w\" sizes=\"auto, (max-width: 156px) 100vw, 156px\" \/><\/a>Possuo gradua\u00e7\u00e3o pela Universidade Federal do Rio Grande do Sul (1975), mestrado em Engenharia El\u00e9trica pela Universidade Estadual de Campinas (1979) e doutorado em Engenharia El\u00e9trica pela Universidade Estadual de Campinas (1990). Sou membro associado das seguintes sociedades: &#8220;International Society Of Electrochemistry (ISE)&#8221;, The Electrochemical Society (ECS)&#8221;, Sociedade Brasileira de F\u00edsica (SBF), Sociedade brasileira de Quimica (SBQ). Tenho especializa\u00e7\u00e3o em engenharia nuclear pela Comiss\u00e3o Nacional de Energia Nuclear. Construi \/ Projetei lasers de alta potencia para separa\u00e7\u00e3o de is\u00f3topos. Participou de dois projetos Alfa (America latina-Formaci\u00f3n Acad\u00e9mica) com a comunidade europ\u00e9ia, um projeto tem\u00e1tico FAPESP sobre Nanotecnologia (2003). Professor visitante convidado pelo Fritz Haber Institut em Berlin, Alemanha. Atualmente \u00e9 professor associado MS-5 da Universidade Estadual de Campinas trabalhando no laborat\u00f3rio de nanoestruturas e interfaces. Pesquiso a F\u00edsico-Qu\u00edmica de Interfaces, atuando principalmente nos seguintes temas: aplica\u00e7\u00e3o da microbalan\u00e7a de cristal de quartzo (QCM) a sistemas imersos, aplica\u00e7\u00e3o da microscopia de for\u00e7a at\u00f4mica, AFM, f\u00edsica de forma\u00e7\u00e3o de monocamadas e bicamadas auto-organizadas, modelos de membranas biol\u00f3gicas sobre substrato s\u00f3lido, propriedades da \u00e1gua em contato com superf\u00edcies funcionalizadas. Sou especialista na t\u00e9cnica de QCM, tendo projetado, constru\u00eddo e escrito cap\u00edtulos de livros a respeito.<\/p>","protected":false},"excerpt":{"rendered":"<p>Possuo gradua\u00e7\u00e3o pela Universidade Federal do Rio Grande do Sul (1975), mestrado em Engenharia El\u00e9trica pela Universidade Estadual de Campinas (1979) e doutorado em Engenharia El\u00e9trica pela Universidade Estadual de Campinas (1990). Sou membro associado das seguintes sociedades: &#8220;International Society Of Electrochemistry (ISE)&#8221;, The Electrochemical Society (ECS)&#8221;, Sociedade Brasileira de F\u00edsica (SBF), Sociedade brasileira de &hellip; <\/p>\n<p><a class=\"more-link btn\" href=\"https:\/\/sites.ifi.unicamp.br\/soares\/\">Continue lendo<\/a><\/p>\n","protected":false},"author":74,"featured_media":0,"parent":0,"menu_order":0,"comment_status":"open","ping_status":"open","template":"","meta":{"ngg_post_thumbnail":0,"footnotes":""},"class_list":["post-95","page","type-page","status-publish","hentry","nodate","item-wrap"],"_links":{"self":[{"href":"https:\/\/sites.ifi.unicamp.br\/soares\/wp-json\/wp\/v2\/pages\/95","targetHints":{"allow":["GET"]}}],"collection":[{"href":"https:\/\/sites.ifi.unicamp.br\/soares\/wp-json\/wp\/v2\/pages"}],"about":[{"href":"https:\/\/sites.ifi.unicamp.br\/soares\/wp-json\/wp\/v2\/types\/page"}],"author":[{"embeddable":true,"href":"https:\/\/sites.ifi.unicamp.br\/soares\/wp-json\/wp\/v2\/users\/74"}],"replies":[{"embeddable":true,"href":"https:\/\/sites.ifi.unicamp.br\/soares\/wp-json\/wp\/v2\/comments?post=95"}],"version-history":[{"count":9,"href":"https:\/\/sites.ifi.unicamp.br\/soares\/wp-json\/wp\/v2\/pages\/95\/revisions"}],"predecessor-version":[{"id":197,"href":"https:\/\/sites.ifi.unicamp.br\/soares\/wp-json\/wp\/v2\/pages\/95\/revisions\/197"}],"wp:attachment":[{"href":"https:\/\/sites.ifi.unicamp.br\/soares\/wp-json\/wp\/v2\/media?parent=95"}],"curies":[{"name":"wp","href":"https:\/\/api.w.org\/{rel}","templated":true}]}}