{"id":1411,"date":"2016-10-26T16:26:45","date_gmt":"2016-10-26T16:26:45","guid":{"rendered":"https:\/\/sites.ifi.unicamp.br\/veraoifgw\/?page_id=1411"},"modified":"2017-02-14T10:47:11","modified_gmt":"2017-02-14T10:47:11","slug":"2017-2","status":"publish","type":"page","link":"https:\/\/sites.ifi.unicamp.br\/veraoifgw\/evento-programacao\/2017-2\/","title":{"rendered":"2017"},"content":{"rendered":"<p><a href=\"https:\/\/sites.ifi.unicamp.br\/veraoifgw\/files\/2016\/10\/programa\u00e7\u00e3o.png\"><img loading=\"lazy\" decoding=\"async\" class=\"alignnone size-full wp-image-1452\" src=\"https:\/\/sites.ifi.unicamp.br\/veraoifgw\/files\/2016\/10\/programa\u00e7\u00e3o.png\" alt=\"\" width=\"629\" height=\"135\" srcset=\"https:\/\/sites.ifi.unicamp.br\/veraoifgw\/files\/2016\/10\/programa\u00e7\u00e3o.png 629w, https:\/\/sites.ifi.unicamp.br\/veraoifgw\/files\/2016\/10\/programa\u00e7\u00e3o-300x64.png 300w\" sizes=\"auto, (max-width: 629px) 100vw, 629px\" \/><\/a><\/p>\n<p><a href=\"https:\/\/sites.ifi.unicamp.br\/veraoifgw\/files\/2016\/10\/PROGRAMA\u00c7\u00c3O_CURSO-DE-VER\u00c3O-2017_14-02-17.png\"><img loading=\"lazy\" decoding=\"async\" class=\"alignnone size-full wp-image-1487\" src=\"https:\/\/sites.ifi.unicamp.br\/veraoifgw\/files\/2016\/10\/PROGRAMA\u00c7\u00c3O_CURSO-DE-VER\u00c3O-2017_14-02-17.png\" alt=\"\" width=\"617\" height=\"504\" srcset=\"https:\/\/sites.ifi.unicamp.br\/veraoifgw\/files\/2016\/10\/PROGRAMA\u00c7\u00c3O_CURSO-DE-VER\u00c3O-2017_14-02-17.png 617w, https:\/\/sites.ifi.unicamp.br\/veraoifgw\/files\/2016\/10\/PROGRAMA\u00c7\u00c3O_CURSO-DE-VER\u00c3O-2017_14-02-17-300x245.png 300w\" sizes=\"auto, (max-width: 617px) 100vw, 617px\" \/><\/a><\/p>\n<p># Click no nome do palestrante para ver o seu CV.<\/p>\n<p>13\/02\/2017. Segunda-feira<\/p>\n<ul>\n<li>Cerim\u00f4nia de Abertura<\/li>\n<li>Palestra de Abertura: \u201cV\u00f3rtices vetoriais e as desigualdades qu\u00e2nticas na \u00f3tica cl\u00e1ssica\u201d. <a href=\"http:\/\/lattes.cnpq.br\/4078091816661287\">\u2013Prof. Ant\u00f4nio Z. Khoury. Universidade Federal Fluminense.<\/a><\/li>\n<li>Minicurso: \u201cIntrodu\u00e7\u00e3o \u00e0 \u00f3tica (aula 1)\u201d \u2013 <a href=\"http:\/\/lattes.cnpq.br\/8540608010444761\"> Luis Ara\u00fajo. IFGW, UNICAMP.<\/a><\/li>\n<li>Minicurso: \u201cIntrodu\u00e7\u00e3o \u00e0 \u00f3tica (aula 2)\u201d \u2013 <a href=\"http:\/\/lattes.cnpq.br\/8540608010444761\"> Luis Ara\u00fajo. IFGW, UNICAMP.<\/a><\/li>\n<\/ul>\n<p>14\/02\/2017. Ter\u00e7a-feria<\/p>\n<ul>\n<li>Palestra: \u201cTransfer\u00eancia e controle de emaranhamento qu\u00e2ntico em sistemas abertos a altas temperaturas\u201d. &#8211;<a href=\"http:\/\/lattes.cnpq.br\/2126904917825415\"> Jos\u00e9 Roversi. IFGW. UNICAMP.<\/a><\/li>\n<li>Minicurso: \u201cIntrodu\u00e7\u00e3o \u00e0s comunica\u00e7\u00f5es \u00f3pticas\u201d. \u2013 <a href=\"http:\/\/lattes.cnpq.br\/3345521553592169\"> Paulo Dainese. IFGW. UNICAMP.<\/a><\/li>\n<li>Minicurso: \u201cTransi\u00e7\u00f5es \u00f3pticas e t\u00e9cnicas de espectroscopia (Aula 1)\u201d &#8211;<a href=\"http:\/\/lattes.cnpq.br\/5755346260402122\"> Fernando Iikawa. IFGW, UNICAMP.<\/a><\/li>\n<\/ul>\n<p>Visita a laborat\u00f3rio.<\/p>\n<p>&nbsp;<\/p>\n<p>15\/02\/2017 \u2013 Quarta-feira<\/p>\n<ul>\n<li>Palestra: \u201cMedida da &nbsp;Fase topolo&#8217;gica de qudits\u201d \u2013<a href=\"http:\/\/lattes.cnpq.br\/2360257969737352\"> Sebasti\u00e3o P\u00e1dua. UFMG<\/a>.<\/li>\n<li>Minicurso: \u201cIntera\u00e7\u00e3o luz-mat\u00e9ria em estruturas nanofot\u00f4nicas\u201d. \u2013 <a href=\"http:\/\/lattes.cnpq.br\/3345521553592169\"> Paulo Dainese. IFGW. UNICAMP<\/a>.<\/li>\n<li>Minicurso: \u201cNano e heteroestruturas semicondutoras (Aula 2)\u201d . \u2013 <a href=\"http:\/\/lattes.cnpq.br\/3370040949589140\"> Odilon Couto. IFGW, UNICAMP.<\/a><\/li>\n<li>Experi\u00eancia em laborat\u00f3rio.<\/li>\n<\/ul>\n<p>16\/02\/2017. Quinta-feira<\/p>\n<ul>\n<li>Palestra:<\/li>\n<li>Minicurso: \u201cSpintr\u00f4nica em nanoestruturas semicondutoras\u201d- <a href=\"http:\/\/lattes.cnpq.br\/5755346260402122\"> Fernando Iikawa. IFGW, UNICAMP.<\/a><\/li>\n<li>Minicurso: \u201cIntera\u00e7\u00e3o entre f\u00f3tons e f\u00f4nons em microcavidades (aula 1)\u201d \u2013<a href=\"http:\/\/lattes.cnpq.br\/2100652456671568\"> Thiago Alegre. IFGW. UNICAMP.<\/a><\/li>\n<li>Experi\u00eancia em laborat\u00f3rio<\/li>\n<\/ul>\n<p>17\/02\/2017. Sexta-feira<\/p>\n<ul>\n<li>Palestra: \u201cSpintr\u00f4nica: uma vis\u00e3o para a eletr\u00f4nica do futuro baseado em spins\u201d. Prof. &#8211;<a href=\"http:\/\/lattes.cnpq.br\/9873120386254239\">Felix Hernandez. IFUSP. USP.<\/a><\/li>\n<li>Minicurso: \u201cNovas estruturas: dicalcogenetos lamelares de metais de transi\u00e7\u00e3o\u201d . <a href=\"http:\/\/lattes.cnpq.br\/3370040949589140\">\u2013 Prof. Odilon Couto. IFGW, UNICAMP.<\/a><\/li>\n<li>Minicurso: \u201cIntera\u00e7\u00e3o entre f\u00f3tons e f\u00f4nons em microcavidades (aula 2)\u201d \u2013<a href=\"http:\/\/lattes.cnpq.br\/2100652456671568\"> Thiago Alegre. IFGW. UNICAMP.<\/a><\/li>\n<li>Palestra de encerramento. \u201c\u00d3ptica n\u00e3o linear e microestruturas.- <a href=\"http:\/\/lattes.cnpq.br\/9208665857677299\"> Cleber Mendon\u00e7a. IFSC. USP<\/a><\/li>\n<li>Encerramento<\/li>\n<\/ul>\n","protected":false},"excerpt":{"rendered":"<p># Click no nome do palestrante para ver o seu CV. 13\/02\/2017. Segunda-feira Cerim\u00f4nia de Abertura Palestra de Abertura: \u201cV\u00f3rtices vetoriais e as desigualdades qu\u00e2nticas na \u00f3tica cl\u00e1ssica\u201d. \u2013Prof. Ant\u00f4nio Z. Khoury. Universidade Federal Fluminense. Minicurso: \u201cIntrodu\u00e7\u00e3o \u00e0 \u00f3tica (aula 1)\u201d \u2013 Luis Ara\u00fajo. IFGW, UNICAMP. Minicurso: \u201cIntrodu\u00e7\u00e3o \u00e0 \u00f3tica (aula 2)\u201d \u2013 Luis Ara\u00fajo. &hellip; <\/p>\n<p><a class=\"more-link btn\" href=\"https:\/\/sites.ifi.unicamp.br\/veraoifgw\/evento-programacao\/2017-2\/\">Continue lendo<\/a><\/p>\n","protected":false},"author":7,"featured_media":0,"parent":1052,"menu_order":0,"comment_status":"closed","ping_status":"closed","template":"","meta":{"footnotes":""},"class_list":["post-1411","page","type-page","status-publish","hentry","nodate","item-wrap"],"_links":{"self":[{"href":"https:\/\/sites.ifi.unicamp.br\/veraoifgw\/wp-json\/wp\/v2\/pages\/1411","targetHints":{"allow":["GET"]}}],"collection":[{"href":"https:\/\/sites.ifi.unicamp.br\/veraoifgw\/wp-json\/wp\/v2\/pages"}],"about":[{"href":"https:\/\/sites.ifi.unicamp.br\/veraoifgw\/wp-json\/wp\/v2\/types\/page"}],"author":[{"embeddable":true,"href":"https:\/\/sites.ifi.unicamp.br\/veraoifgw\/wp-json\/wp\/v2\/users\/7"}],"replies":[{"embeddable":true,"href":"https:\/\/sites.ifi.unicamp.br\/veraoifgw\/wp-json\/wp\/v2\/comments?post=1411"}],"version-history":[{"count":11,"href":"https:\/\/sites.ifi.unicamp.br\/veraoifgw\/wp-json\/wp\/v2\/pages\/1411\/revisions"}],"predecessor-version":[{"id":1488,"href":"https:\/\/sites.ifi.unicamp.br\/veraoifgw\/wp-json\/wp\/v2\/pages\/1411\/revisions\/1488"}],"up":[{"embeddable":true,"href":"https:\/\/sites.ifi.unicamp.br\/veraoifgw\/wp-json\/wp\/v2\/pages\/1052"}],"wp:attachment":[{"href":"https:\/\/sites.ifi.unicamp.br\/veraoifgw\/wp-json\/wp\/v2\/media?parent=1411"}],"curies":[{"name":"wp","href":"https:\/\/api.w.org\/{rel}","templated":true}]}}