{"id":70,"date":"2012-12-12T11:35:31","date_gmt":"2012-12-12T11:35:31","guid":{"rendered":"https:\/\/sites.ifi.unicamp.br\/veraoifgw\/?page_id=70"},"modified":"2025-10-03T17:47:59","modified_gmt":"2025-10-03T17:47:59","slug":"informacoes-gerais","status":"publish","type":"page","link":"https:\/\/sites.ifi.unicamp.br\/veraoifgw\/","title":{"rendered":"Informa\u00e7\u00f5es Gerais"},"content":{"rendered":"<div class=\"entry-content clearfix\">\n<p><strong>Prepare-se para a Escola de Ver\u00e3o 2026 do Instituto de F\u00edsica da UNICAMP!<\/strong><\/p>\n<p>Se voc\u00ea \u00e9 estudante de F\u00edsica, Matem\u00e1tica, Qu\u00edmica ou Engenharias, esta \u00e9 a sua chance de aprofundar seus conhecimentos e impulsionar sua carreira acad\u00eamica.<\/p>\n<p>O evento presencial, que ocorrer\u00e1 de\u00a0<strong>02 a 06 de fevereiro de 2026<\/strong>, oferecer\u00e1 um mergulho em temas avan\u00e7ados, minicursos com aulas pr\u00e1ticas e palestras com pesquisadores renomados, al\u00e9m de visita aos laboratorios de pesquisa do instituto.<\/p>\n<p><span style=\"font-weight: 400\">Se voc\u00ea tem interesse em dar o pr\u00f3ximo passo e explorar oportunidades na p\u00f3s-gradua\u00e7\u00e3o no Instituto de F\u00edsica Gleb Wataghin (IFGW) da Universidade Estadual de Campinas (UNICAMP), este \u00e9 o momento! Aqui, voc\u00ea vai entender como as pesquisas cient\u00edficas se desenvolvem, ter\u00e1 contato com tecnologias de ponta e, o melhor de tudo, poder\u00e1 descobrir novas \u00e1reas para aprofundar seu conhecimento.<\/span><\/p>\n<p>Conecte-se com futuros colegas, conhe\u00e7a as oportunidades de p\u00f3s-gradua\u00e7\u00e3o no IFGW\/UNICAMP e explore o que h\u00e1 de mais moderno na pesquisa cient\u00edfica.<\/p>\n<p><strong>Inscri\u00e7\u00f5es abertas at\u00e9 09 de setembro de 2025!\u00a0<\/strong>O prazo para solicita\u00e7\u00f5es de aux\u00edlio financeiro encerrou-se em 26\/09\/2025)<\/p>\n<p>&nbsp;<\/p>\n<\/div>\n<p><b>Entre os principais objetivos, destacam-se:<\/b><\/p>\n<ul>\n<li style=\"font-weight: 400\"><b>Apresentar o IFGW<\/b><span style=\"font-weight: 400\"> a estudantes de outras institui\u00e7\u00f5es, por meio de minicursos em t\u00f3picos avan\u00e7ados, palestras e visitas guiadas aos laborat\u00f3rios de pesquisa do instituto.<\/span><\/li>\n<li style=\"font-weight: 400\"><b>Fomentar o interc\u00e2mbio de conhecimentos<\/b><span style=\"font-weight: 400\"> entre estudantes e professores do IFGW e os de outras institui\u00e7\u00f5es, promovendo um ambiente colaborativo e de aprendizado m\u00fatuo.<\/span><\/li>\n<li style=\"font-weight: 400\"><b>Preparar estudantes para a p\u00f3s-gradua\u00e7\u00e3o<\/b><span style=\"font-weight: 400\">, proporcionando a oportunidade de aprender conceitos fundamentais nas \u00e1reas de F\u00edsica investigadas no IFGW, al\u00e9m de destacar a relev\u00e2ncia dessas pesquisas para os avan\u00e7os em ci\u00eancia e tecnologia.<\/span><\/li>\n<\/ul>\n<p><span style=\"font-weight: 400\">Aproveite essa oportunidade de se preparar para o futuro, hoje!<\/span><\/p>\n<div class=\"entry-content clearfix\">\n<h1><b>Custo<\/b><\/h1>\n<p>O valor da taxa de inscri\u00e7\u00e3o \u00e9 de R$ 150,00 (cento e cinquenta reais). Incluso <em>coffee break<\/em>.<\/p>\n<p>Para alunos externos \u00e0 UNICAMP, incluso tamb\u00e9m, <strong>caf\u00e9 da manh\u00e3\u00a0 e almo\u00e7o<\/strong> no Restaurante Universit\u00e1rio.<\/p>\n<h1>Local<\/h1>\n<p>Audit\u00f3rio do Instituto de F\u00edsica Gleb Wataghin &#8211; IFGW\/UNICAMP,\u00a0 Bar\u00e3o Geraldo,\u00a0 Campinas,\u00a0 SP.<\/p>\n<h1><b>Programa\u00e7\u00e3o<\/b><\/h1>\n<p><span style=\"font-family: Arial, sans-serif\"><a href=\"https:\/\/sites.ifi.unicamp.br\/veraoifgw\/evento-programacao\/2026-2\/\" target=\"_blank\" rel=\"noopener\">Clique aqui<\/a> e consulte a programa\u00e7\u00e3o de 2026<\/span><\/p>\n<h1>Inscri\u00e7\u00f5es<\/h1>\n<p><a href=\"https:\/\/sites.ifi.unicamp.br\/veraoifgw\/registration\/\" target=\"_blank\" rel=\"noopener\">Clique aqui<\/a> para informa\u00e7\u00f5es sobre as inscri\u00e7\u00f5es.<\/p>\n<\/div>\n<div>\n<h1>Aux\u00edlio financeiro<\/h1>\n<p><a href=\"https:\/\/sites.ifi.unicamp.br\/veraoifgw\/registration\/\" target=\"_blank\" rel=\"noopener noreferrer\">Clique aqui<\/a> para informa\u00e7\u00f5es.<\/p>\n<p><span style=\"color: inherit;font-family: inherit;font-size: 36px;font-weight: bold\">Certificados<\/span><\/p>\n<\/div>\n<p>Para receber o certificado de participa\u00e7\u00e3o \u00e9 necess\u00e1rio ter no m\u00ednimo <strong>75% de presen\u00e7a no evento\u00a0<\/strong>e preencher o requerimento, cujo link ser\u00e1 informado por e-mail, ap\u00f3s o encerramento.<\/p>\n<p>\u00c9 importante verificar se o nome e e-mail cadastrados foram preenchidos corretamente, pois n\u00e3o ser\u00e1 poss\u00edvel corre\u00e7\u00e3o ap\u00f3s o envio.<\/p>\n<h1>Meio ambiente<\/h1>\n<p>Com o objetivo de reduzir o uso de pl\u00e1stico\/papel e para minimizar os impactos das mudan\u00e7as clim\u00e1ticas no planeta, solicitamos a colabora\u00e7\u00e3o de todos os participantes e pedimos a gentileza de trazerem caderno\/bloco e caneta para poss\u00edveis anota\u00e7\u00f5es.<\/p>\n<p>Tragam tambem suas garrafas de \u00e1gua e canecas para o uso durante os <em>cofee breaks<\/em> e Restaurante Universit\u00e1rio !!!<\/p>\n<h1><b style=\"color: inherit;font-family: inherit\">Redes sociais e portal:<\/b><\/h1>\n<p>Extens\u00e3o\/IFGW no Instagram: <u><a href=\"https:\/\/www.instagram.com\/fisicaunicamp.ext\/\" target=\"_blank\" rel=\"noopener\">https:\/\/www.instagram.com\/fisicaunicamp.ext\/<\/a><br \/>\n<\/u>Extens\u00e3o\/IFGW no Tik Tok:\u00a0 <u><a href=\"https:\/\/www.tiktok.com\/@fisicaunicamp.ext\">https:\/\/www.tiktok.com\/@fisicaunicamp.ext<\/a><br \/>\n<\/u>IFGW no Instagram: <u><a href=\"https:\/\/www.instagram.com\/ifgw.unicamp\/\">https:\/\/www.instagram.com\/ifgw.unicamp\/<\/a><br \/>\n<\/u>IFGW no Facebook: <u><a href=\"https:\/\/www.facebook.com\/FisicaUnicamp\">https:\/\/www.facebook.com\/FisicaUnicamp<\/a><br \/>\n<\/u>IFGW no Youtube: <u><a href=\"https:\/\/www.youtube.com\/c\/ifgwplay\">https:\/\/www.youtube.com\/c\/ifgwplay<\/a><br \/>\n<\/u>Portal IFGW: <u><a href=\"https:\/\/portal.ifi.unicamp.br\">https:\/\/portal.ifi.unicamp.br<\/a><\/u><\/p>\n","protected":false},"excerpt":{"rendered":"<p>Prepare-se para a Escola de Ver\u00e3o 2026 do Instituto de F\u00edsica da UNICAMP! Se voc\u00ea \u00e9 estudante de F\u00edsica, Matem\u00e1tica, Qu\u00edmica ou Engenharias, esta \u00e9 a sua chance de aprofundar seus conhecimentos e impulsionar sua carreira acad\u00eamica. O evento presencial, que ocorrer\u00e1 de\u00a002 a 06 de fevereiro de 2026, oferecer\u00e1 um mergulho em temas avan\u00e7ados, &hellip; <\/p>\n<p><a class=\"more-link btn\" href=\"https:\/\/sites.ifi.unicamp.br\/veraoifgw\/\">Continue lendo<\/a><\/p>\n","protected":false},"author":47,"featured_media":0,"parent":0,"menu_order":1,"comment_status":"closed","ping_status":"closed","template":"","meta":{"footnotes":""},"class_list":["post-70","page","type-page","status-publish","hentry","nodate","item-wrap"],"_links":{"self":[{"href":"https:\/\/sites.ifi.unicamp.br\/veraoifgw\/wp-json\/wp\/v2\/pages\/70","targetHints":{"allow":["GET"]}}],"collection":[{"href":"https:\/\/sites.ifi.unicamp.br\/veraoifgw\/wp-json\/wp\/v2\/pages"}],"about":[{"href":"https:\/\/sites.ifi.unicamp.br\/veraoifgw\/wp-json\/wp\/v2\/types\/page"}],"author":[{"embeddable":true,"href":"https:\/\/sites.ifi.unicamp.br\/veraoifgw\/wp-json\/wp\/v2\/users\/47"}],"replies":[{"embeddable":true,"href":"https:\/\/sites.ifi.unicamp.br\/veraoifgw\/wp-json\/wp\/v2\/comments?post=70"}],"version-history":[{"count":137,"href":"https:\/\/sites.ifi.unicamp.br\/veraoifgw\/wp-json\/wp\/v2\/pages\/70\/revisions"}],"predecessor-version":[{"id":2340,"href":"https:\/\/sites.ifi.unicamp.br\/veraoifgw\/wp-json\/wp\/v2\/pages\/70\/revisions\/2340"}],"wp:attachment":[{"href":"https:\/\/sites.ifi.unicamp.br\/veraoifgw\/wp-json\/wp\/v2\/media?parent=70"}],"curies":[{"name":"wp","href":"https:\/\/api.w.org\/{rel}","templated":true}]}}