{"id":85,"date":"2013-12-06T12:23:58","date_gmt":"2013-12-06T12:23:58","guid":{"rendered":"https:\/\/sites.ifi.unicamp.br\/modelo\/?page_id=26"},"modified":"2014-03-11T19:54:30","modified_gmt":"2014-03-11T19:54:30","slug":"pesquisa","status":"publish","type":"page","link":"https:\/\/sites.ifi.unicamp.br\/vitiello\/pesquisa\/","title":{"rendered":"Pesquisa"},"content":{"rendered":"<p><\/p>\n<div>\n<div><b>2010 &#8211; Atual<\/b><\/div>\n<\/div>\n<div>\n<div>Simula\u00e7\u00e3o em Computadores de Sistemas de Muitas Part\u00edculas Qu\u00e2nticas<\/div>\n<\/div>\n<div>\n<div><b>\u00a0<\/b><\/div>\n<\/div>\n<div>\n<div>Descri\u00e7\u00e3o: Este projeto faz parte de um programa de investiga\u00e7\u00e3o das propriedades dos s\u00f3lidos e l\u00edquidos qu\u00e2nticos. Dentro dele, no momento, estamos realizando as seguintes atividades. Estamos estudando os fen\u00f4menos de desordem no $^4$He. Estendendo o m\u00e9todo da difus\u00e3o de Monte Carlo a fim de poder calcular de modo eficiente algumas propriedades que n\u00e3o comutam com a hamiltoniana do sistema, em particular determinar a energia cin\u00e9tica de \u00e1tomos de h\u00e9lio \u00e0 temperatura T=0 em sua fase supers\u00f3lida rec\u00e9m observada. Desenvolveremos teoria variacional com a finalidade de melhor descrever estas observa\u00e7\u00f5es, assim como investigar o rico diagrama de coexist\u00eancia l\u00edquido-s\u00f3lido dos filmes de h\u00e9lio. Estamos interessados em estudar estados borromianos, inicialmente da mol\u00e9cula de H$_2$. Paralisa\u00e7\u00e3o dos m\u00e9todos de Monte Carlo qu\u00e2ntico. Saliento que as t\u00e9cnicas a serem utilizadas s\u00e3o bastante atuais e possuem um espectro de aplica\u00e7\u00e3o que vai al\u00e9m dos t\u00f3picos aqui abordados. Este projeto envolve colabora\u00e7\u00f5es com professores de Goi\u00e1s e Rio de Janeiro a qual gostar\u00edamos de agregar novos participantes..<br \/>\nSitua\u00e7\u00e3o: Em andamento; Natureza: Pesquisa.<br \/>\nAlunos envolvidos: Gradua\u00e7\u00e3o: (1) \/ Mestrado acad\u00eamico: (3) \/ Doutorado: (1) .<\/p>\n<p>Integrantes: Silvio Antonio Sachetto Vitiello &#8211; Coordenador \/ Sebastian Ujevic &#8211; Integrante \/ Pessoa, Renato &#8211; Integrante.<\/p><\/div>\n<\/div>\n<p><\/p>","protected":false},"excerpt":{"rendered":"<p>2010 &#8211; Atual Simula\u00e7\u00e3o em Computadores de Sistemas de Muitas Part\u00edculas Qu\u00e2nticas \u00a0 Descri\u00e7\u00e3o: Este projeto faz parte de um programa de investiga\u00e7\u00e3o das propriedades dos s\u00f3lidos e l\u00edquidos qu\u00e2nticos. Dentro dele, no momento, estamos realizando as seguintes atividades. Estamos estudando os fen\u00f4menos de desordem no $^4$He. Estendendo o m\u00e9todo da difus\u00e3o de Monte Carlo &hellip; <\/p>\n<p><a class=\"more-link btn\" href=\"https:\/\/sites.ifi.unicamp.br\/vitiello\/pesquisa\/\">Continue lendo<\/a><\/p>\n","protected":false},"author":74,"featured_media":0,"parent":0,"menu_order":1,"comment_status":"closed","ping_status":"closed","template":"","meta":{"ngg_post_thumbnail":0,"footnotes":""},"class_list":["post-85","page","type-page","status-publish","hentry","nodate","item-wrap"],"_links":{"self":[{"href":"https:\/\/sites.ifi.unicamp.br\/vitiello\/wp-json\/wp\/v2\/pages\/85","targetHints":{"allow":["GET"]}}],"collection":[{"href":"https:\/\/sites.ifi.unicamp.br\/vitiello\/wp-json\/wp\/v2\/pages"}],"about":[{"href":"https:\/\/sites.ifi.unicamp.br\/vitiello\/wp-json\/wp\/v2\/types\/page"}],"author":[{"embeddable":true,"href":"https:\/\/sites.ifi.unicamp.br\/vitiello\/wp-json\/wp\/v2\/users\/74"}],"replies":[{"embeddable":true,"href":"https:\/\/sites.ifi.unicamp.br\/vitiello\/wp-json\/wp\/v2\/comments?post=85"}],"version-history":[{"count":2,"href":"https:\/\/sites.ifi.unicamp.br\/vitiello\/wp-json\/wp\/v2\/pages\/85\/revisions"}],"predecessor-version":[{"id":141,"href":"https:\/\/sites.ifi.unicamp.br\/vitiello\/wp-json\/wp\/v2\/pages\/85\/revisions\/141"}],"wp:attachment":[{"href":"https:\/\/sites.ifi.unicamp.br\/vitiello\/wp-json\/wp\/v2\/media?parent=85"}],"curies":[{"name":"wp","href":"https:\/\/api.w.org\/{rel}","templated":true}]}}